{"id":471,"date":"2025-01-29T17:07:52","date_gmt":"2025-01-29T17:07:52","guid":{"rendered":"https:\/\/wp.odu.edu\/spring2017-fr102-template\/?page_id=471"},"modified":"2025-05-01T20:51:06","modified_gmt":"2025-05-01T20:51:06","slug":"about-me","status":"publish","type":"page","link":"https:\/\/sites.wp.odu.edu\/aiyanafrench102\/","title":{"rendered":"About Me"},"content":{"rendered":"<p>Bonjour la classe ! Je m\u2019appelle Aiyana Archer et j\u2019ai 23 ans. J\u2019\u00e9tudie le fran\u00e7ais depuis quelques ann\u00e9es et j\u2019aimerais apprendre \u00e0 parler \u00e0 ma famille. <span class=\"\" data-bm=\"271\">J<\/span><span class=\"\" data-bm=\"272\">\u2019<\/span><span class=\"\" data-bm=\"273\">adore<\/span> <span class=\"\" data-bm=\"275\">le<\/span> <span class=\"\" data-bm=\"277\">fran\u00e7ais<\/span> <span class=\"\" data-bm=\"279\">et<\/span> <span class=\"\" data-bm=\"281\">j<\/span><span class=\"\" data-bm=\"282\">\u2019<\/span><span class=\"\" data-bm=\"283\">aimerais<\/span> <span class=\"\" data-bm=\"285\">bien<\/span> <span class=\"\" data-bm=\"287\">le<\/span> <span class=\" \" data-bm=\"289\">parler<\/span><span class=\" \" data-bm=\"290\">.<\/span><\/p>\n<p><img loading=\"lazy\" decoding=\"async\" class=\"wp-image-629 size-medium aligncenter\" src=\"http:\/\/sites.wp.odu.edu\/aiyanafrench102\/wp-content\/uploads\/sites\/38305\/2025\/05\/Untitled-design-e1746131917208-227x300.png\" alt=\"\" width=\"227\" height=\"300\" srcset=\"https:\/\/sites.wp.odu.edu\/aiyanafrench102\/wp-content\/uploads\/sites\/38305\/2025\/05\/Untitled-design-e1746131917208-227x300.png 227w, https:\/\/sites.wp.odu.edu\/aiyanafrench102\/wp-content\/uploads\/sites\/38305\/2025\/05\/Untitled-design-e1746131917208.png 501w\" sizes=\"(max-width: 227px) 100vw, 227px\" \/><\/p>\n<hr \/>\n","protected":false},"excerpt":{"rendered":"<p>Bonjour la classe ! Je m\u2019appelle Aiyana Archer et j\u2019ai 23 ans. J\u2019\u00e9tudie le fran\u00e7ais depuis quelques ann\u00e9es et j\u2019aimerais apprendre \u00e0 parler \u00e0 ma famille. J\u2019adore le fran\u00e7ais et j\u2019aimerais bien le parler.<\/p>\n","protected":false},"author":30458,"featured_media":0,"parent":0,"menu_order":0,"comment_status":"closed","ping_status":"closed","template":"","meta":{"footnotes":""},"_links":{"self":[{"href":"https:\/\/sites.wp.odu.edu\/aiyanafrench102\/wp-json\/wp\/v2\/pages\/471"}],"collection":[{"href":"https:\/\/sites.wp.odu.edu\/aiyanafrench102\/wp-json\/wp\/v2\/pages"}],"about":[{"href":"https:\/\/sites.wp.odu.edu\/aiyanafrench102\/wp-json\/wp\/v2\/types\/page"}],"author":[{"embeddable":true,"href":"https:\/\/sites.wp.odu.edu\/aiyanafrench102\/wp-json\/wp\/v2\/users\/30458"}],"replies":[{"embeddable":true,"href":"https:\/\/sites.wp.odu.edu\/aiyanafrench102\/wp-json\/wp\/v2\/comments?post=471"}],"version-history":[{"count":5,"href":"https:\/\/sites.wp.odu.edu\/aiyanafrench102\/wp-json\/wp\/v2\/pages\/471\/revisions"}],"predecessor-version":[{"id":633,"href":"https:\/\/sites.wp.odu.edu\/aiyanafrench102\/wp-json\/wp\/v2\/pages\/471\/revisions\/633"}],"wp:attachment":[{"href":"https:\/\/sites.wp.odu.edu\/aiyanafrench102\/wp-json\/wp\/v2\/media?parent=471"}],"curies":[{"name":"wp","href":"https:\/\/api.w.org\/{rel}","templated":true}]}}