{"id":486,"date":"2025-01-29T17:07:52","date_gmt":"2025-01-29T17:07:52","guid":{"rendered":"https:\/\/wp.odu.edu\/spring2017-fr102-template\/?page_id=486"},"modified":"2025-05-01T21:34:38","modified_gmt":"2025-05-01T21:34:38","slug":"profil","status":"publish","type":"page","link":"https:\/\/sites.wp.odu.edu\/aiyanafrench102\/profil\/","title":{"rendered":"Profil"},"content":{"rendered":"<p style=\"text-align: center\"><em>Il est important d&#8217;\u00e9tudier une langue parce que \u00e7a aide le monde \u00e0 communiquer.<\/em><\/p>\n<p style=\"text-align: center\"><em>Il est important de saisir de nouvelles opportunit\u00e9s, et c&#8217;est pourquoi je voulais \u00e9tudier le fran\u00e7ais.<\/em><\/p>\n<p style=\"text-align: center\"><em>Ma famille parle cr\u00e9ole et la famille de mon petit ami parle fran\u00e7ais, donc un jour j&#8217;aimerais enseigner le fran\u00e7ais \u00e0 mes enfants.<\/em><\/p>\n<p style=\"text-align: center\"><em>J\u2019adore voyager et j\u2019aimerais visiter la France<\/em><\/p>\n<p>\u00a0<\/p>\n<p>\u00a0<\/p>\n\n\n<figure class=\"wp-block-image\"><img loading=\"lazy\" decoding=\"async\" width=\"736\" height=\"981\" src=\"http:\/\/sites.wp.odu.edu\/aiyanafrench102\/wp-content\/uploads\/sites\/38305\/2025\/05\/Toulon-France.jpg\" alt=\"\" class=\"wp-image-620\" srcset=\"https:\/\/sites.wp.odu.edu\/aiyanafrench102\/wp-content\/uploads\/sites\/38305\/2025\/05\/Toulon-France.jpg 736w, https:\/\/sites.wp.odu.edu\/aiyanafrench102\/wp-content\/uploads\/sites\/38305\/2025\/05\/Toulon-France-225x300.jpg 225w, https:\/\/sites.wp.odu.edu\/aiyanafrench102\/wp-content\/uploads\/sites\/38305\/2025\/05\/Toulon-France-600x800.jpg 600w\" sizes=\"(max-width: 736px) 100vw, 736px\" \/><\/figure>\n","protected":false},"excerpt":{"rendered":"<p>Il est important d&#8217;\u00e9tudier une langue parce que \u00e7a aide le monde \u00e0 communiquer. Il est important de saisir de nouvelles opportunit\u00e9s, et c&#8217;est pourquoi je voulais \u00e9tudier le fran\u00e7ais. Ma famille parle cr\u00e9ole et la famille de mon petit&#8230; <a class=\"more-link\" href=\"https:\/\/sites.wp.odu.edu\/aiyanafrench102\/profil\/\">Continue Reading &rarr;<\/a><\/p>\n","protected":false},"author":30458,"featured_media":0,"parent":0,"menu_order":0,"comment_status":"closed","ping_status":"closed","template":"","meta":{"footnotes":""},"_links":{"self":[{"href":"https:\/\/sites.wp.odu.edu\/aiyanafrench102\/wp-json\/wp\/v2\/pages\/486"}],"collection":[{"href":"https:\/\/sites.wp.odu.edu\/aiyanafrench102\/wp-json\/wp\/v2\/pages"}],"about":[{"href":"https:\/\/sites.wp.odu.edu\/aiyanafrench102\/wp-json\/wp\/v2\/types\/page"}],"author":[{"embeddable":true,"href":"https:\/\/sites.wp.odu.edu\/aiyanafrench102\/wp-json\/wp\/v2\/users\/30458"}],"replies":[{"embeddable":true,"href":"https:\/\/sites.wp.odu.edu\/aiyanafrench102\/wp-json\/wp\/v2\/comments?post=486"}],"version-history":[{"count":5,"href":"https:\/\/sites.wp.odu.edu\/aiyanafrench102\/wp-json\/wp\/v2\/pages\/486\/revisions"}],"predecessor-version":[{"id":656,"href":"https:\/\/sites.wp.odu.edu\/aiyanafrench102\/wp-json\/wp\/v2\/pages\/486\/revisions\/656"}],"wp:attachment":[{"href":"https:\/\/sites.wp.odu.edu\/aiyanafrench102\/wp-json\/wp\/v2\/media?parent=486"}],"curies":[{"name":"wp","href":"https:\/\/api.w.org\/{rel}","templated":true}]}}