{"id":125,"date":"2019-11-20T11:43:05","date_gmt":"2019-11-20T14:43:05","guid":{"rendered":"https:\/\/sites.wp.odu.edu\/andrewleesig-es\/?page_id=125"},"modified":"2019-11-24T23:12:11","modified_gmt":"2019-11-25T02:12:11","slug":"publicaciones","status":"publish","type":"page","link":"https:\/\/sites.wp.odu.edu\/andrewleesig-es\/publicaciones\/","title":{"rendered":"Publicaciones"},"content":{"rendered":"\n<ul><li><strong>&#8220;Explorando las posibilidades de adaptar la &#8216;composici\u00f3n ecol\u00f3gica&#8217; (ecocomposition) a Am\u00e9rica Latina en el contexto de la ense\u00f1anza de ingl\u00e9s,&#8221;<\/strong> autor principal. Pendiente de publicaci\u00f3n en&nbsp;<em>Utopia y Praxis Latinoamericana<\/em>&nbsp;(2020) (Web of Science).<br><br><\/li><li><strong>\u201cLife trajectories&nbsp;and&nbsp;higher&nbsp;education&nbsp;access for Chilean indigenous students: Mapuche students in STEM&nbsp;and&nbsp;STEM-related fields as participants in academic&nbsp;and&nbsp;indigenous cultures,\u201d<\/strong>&nbsp;co-autor con M. Silva et al. Pendiente de publicaci\u00f3n en&nbsp;<em>Latinos and Education<\/em>&nbsp;(2020) (WOS).<br><br><\/li><li><strong>\u201cThe impact of secondary history teachers\u2019 teaching conceptions on the classroom use of computers,\u201d<\/strong>&nbsp;co-autor con M. Arancibia, A. Badia, y C. Soto. Publicado en&nbsp;<em>Technology, Pedagogy and Education 27.1<\/em>&nbsp;(2018), pp. 101-114 (WOS).<br><br><\/li><li><strong>\u201cLearning to Become a Scientist in Chile,\u201d<\/strong>&nbsp;co-autor con Marta Silva Fern\u00e1ndez. Publicado en&nbsp;<em>The International Journal of Learning in Higher Education 22.4<\/em>&nbsp;(2015), Champaign, IL, USA: Common Ground Publishing, 49-63 (Scopus).<\/li><\/ul>\n\n\n\n<figure class=\"wp-block-image\"><img loading=\"lazy\" decoding=\"async\" width=\"768\" height=\"110\" src=\"https:\/\/sites.wp.odu.edu\/andrewleesig-es\/wp-content\/uploads\/sites\/17045\/2019\/11\/Literary_travel_banner_Old_books-768x110.jpg\" alt=\"\" class=\"wp-image-196\" srcset=\"https:\/\/sites.wp.odu.edu\/andrewleesig-es\/wp-content\/uploads\/sites\/17045\/2019\/11\/Literary_travel_banner_Old_books-768x110.jpg 768w, https:\/\/sites.wp.odu.edu\/andrewleesig-es\/wp-content\/uploads\/sites\/17045\/2019\/11\/Literary_travel_banner_Old_books-768x110-300x43.jpg 300w\" sizes=\"(max-width: 768px) 100vw, 768px\" \/><\/figure>\n","protected":false},"excerpt":{"rendered":"<p>&#8220;Explorando las posibilidades de adaptar la &#8216;composici\u00f3n ecol\u00f3gica&#8217; (ecocomposition) a Am\u00e9rica Latina en el contexto de la ense\u00f1anza de ingl\u00e9s,&#8221; autor principal. Pendiente de publicaci\u00f3n en&nbsp;Utopia y Praxis Latinoamericana&nbsp;(2020) (Web of Science). \u201cLife trajectories&nbsp;and&nbsp;higher&nbsp;education&nbsp;access for Chilean indigenous students: Mapuche students in STEM&nbsp;and&nbsp;STEM-related fields as participants in academic&nbsp;and&nbsp;indigenous cultures,\u201d&nbsp;co-autor con M. Silva et al. Pendiente de [&hellip;]<\/p>\n","protected":false},"author":15568,"featured_media":0,"parent":0,"menu_order":0,"comment_status":"closed","ping_status":"closed","template":"full-width-page.php","meta":{"footnotes":""},"_links":{"self":[{"href":"https:\/\/sites.wp.odu.edu\/andrewleesig-es\/wp-json\/wp\/v2\/pages\/125"}],"collection":[{"href":"https:\/\/sites.wp.odu.edu\/andrewleesig-es\/wp-json\/wp\/v2\/pages"}],"about":[{"href":"https:\/\/sites.wp.odu.edu\/andrewleesig-es\/wp-json\/wp\/v2\/types\/page"}],"author":[{"embeddable":true,"href":"https:\/\/sites.wp.odu.edu\/andrewleesig-es\/wp-json\/wp\/v2\/users\/15568"}],"replies":[{"embeddable":true,"href":"https:\/\/sites.wp.odu.edu\/andrewleesig-es\/wp-json\/wp\/v2\/comments?post=125"}],"version-history":[{"count":5,"href":"https:\/\/sites.wp.odu.edu\/andrewleesig-es\/wp-json\/wp\/v2\/pages\/125\/revisions"}],"predecessor-version":[{"id":197,"href":"https:\/\/sites.wp.odu.edu\/andrewleesig-es\/wp-json\/wp\/v2\/pages\/125\/revisions\/197"}],"wp:attachment":[{"href":"https:\/\/sites.wp.odu.edu\/andrewleesig-es\/wp-json\/wp\/v2\/media?parent=125"}],"curies":[{"name":"wp","href":"https:\/\/api.w.org\/{rel}","templated":true}]}}

<ul><li><strong>&#8220;Explorando las posibilidades de adaptar la &#8216;composición ecológica&#8217; (ecocomposition) a América Latina en el contexto de la enseñanza de inglés,&#8221;</strong> autor principal. Pendiente de publicación en&nbsp;<em>Utopia y Praxis Latinoamericana</em>&nbsp;(2020) (Web of Science).<br><br></li><li><strong>“Life trajectories&nbsp;and&nbsp;higher&nbsp;education&nbsp;access for Chilean indigenous students: Mapuche students in STEM&nbsp;and&nbsp;STEM-related fields as participants in academic&nbsp;and&nbsp;indigenous cultures,”</strong>&nbsp;co-autor con M. Silva et al. Pendiente de publicación en&nbsp;<em>Latinos and Education</em>&nbsp;(2020) (WOS).<br><br></li><li><strong>“The impact of secondary history teachers’ teaching conceptions on the classroom use of computers,”</strong>&nbsp;co-autor con M. Arancibia, A. Badia, y C. Soto. Publicado en&nbsp;<em>Technology, Pedagogy and Education 27.1</em>&nbsp;(2018), pp. 101-114 (WOS).<br><br></li><li><strong>“Learning to Become a Scientist in Chile,”</strong>&nbsp;co-autor con Marta Silva Fernández. Publicado en&nbsp;<em>The International Journal of Learning in Higher Education 22.4</em>&nbsp;(2015), Champaign, IL, USA: Common Ground Publishing, 49-63 (Scopus).</li></ul>



<figure class="wp-block-image"><img loading="lazy" decoding="async" width="768" height="110" src="https://sites.wp.odu.edu/andrewleesig-es/wp-content/uploads/sites/17045/2019/11/Literary_travel_banner_Old_books-768x110.jpg" alt="" class="wp-image-196" srcset="https://sites.wp.odu.edu/andrewleesig-es/wp-content/uploads/sites/17045/2019/11/Literary_travel_banner_Old_books-768x110.jpg 768w, https://sites.wp.odu.edu/andrewleesig-es/wp-content/uploads/sites/17045/2019/11/Literary_travel_banner_Old_books-768x110-300x43.jpg 300w" sizes="(max-width: 768px) 100vw, 768px" /></figure>

<p>&#8220;Explorando las posibilidades de adaptar la &#8216;composición ecológica&#8217; (ecocomposition) a América Latina en el contexto de la enseñanza de inglés,&#8221; autor principal. Pendiente de publicación en&nbsp;Utopia y Praxis Latinoamericana&nbsp;(2020) (Web of Science). “Life trajectories&nbsp;and&nbsp;higher&nbsp;education&nbsp;access for Chilean indigenous students: Mapuche students in STEM&nbsp;and&nbsp;STEM-related fields as participants in academic&nbsp;and&nbsp;indigenous cultures,”&nbsp;co-autor con M. Silva et al. Pendiente de [&hellip;]</p>
