{"id":441,"date":"2022-11-16T17:11:13","date_gmt":"2022-11-16T17:11:13","guid":{"rendered":"https:\/\/sites.wp.odu.edu\/basicspanishdraft2\/?page_id=441"},"modified":"2024-12-14T04:09:42","modified_gmt":"2024-12-14T04:09:42","slug":"activities-2","status":"publish","type":"page","link":"https:\/\/sites.wp.odu.edu\/calebsummers\/activities-2\/","title":{"rendered":"SPAN323"},"content":{"rendered":"\n<p>Diario Seminal 5- Labor<\/p>\n\n\n\n<ul>\n<li>\u00bfLa lectura, clase o experiencia te desaf\u00eda a nivel social, cultural, emocional o teol\u00f3gico? De ser as\u00ed, \u00bfd\u00f3nde y c\u00f3mo? \u00bfPor qu\u00e9 te molesta o llama la atenci\u00f3n? Explica.\n<ul>\n<li>Tengo una perspectiva muy limitada sobre el trabajo porque nunca tuve un \u201cempleo adulto\u201d- solamente trabajos b\u00e1sicos, por ejemplo una conserje o cajera. Soy una estudiante, y por lo tanto no tengo dinero o tiempo. Las discusiones sobre la realidad del trabajo en latinoam\u00e9rica me ayudan a entender el mundo actual, y ampliar mi perspectiva.<\/li>\n<\/ul>\n<\/li>\n\n\n\n<li>\u00bfLa lectura, clase o experiencia ha cambiado tu manera de pensar? \u00bfEntr\u00f3 en conflicto con las creencias que previamente ten\u00edas? \u00bfQu\u00e9 pruebas te brind\u00f3 para que cambiara tu manera de pensar sobre el tema? Explica.\n<ul>\n<li>Antes de esta unidad, no sab\u00eda que la semana laboral es de 50 o 60 horas en algunos pa\u00edses de Latinoam\u00e9rica, especialmente en M\u00e9xico. El gr\u00e1fico de la tarea de \u201cJornada laboral, vacaciones y d\u00edas festivos\u201d es incre\u00edble- dice que en M\u00e9xico, por ejemplo, las mujeres trabajan m\u00e1s de 70 horas semanales, y solamente 20 horas son remuneradas. Esta unidad cambi\u00f3 mi perspectiva sobre la econom\u00eda en otros pa\u00edses.&nbsp;<\/li>\n<\/ul>\n<\/li>\n\n\n\n<li>\u00bfLa lectura, clase o experiencia te deja con alguna pregunta? \u00bfTe hab\u00edas hecho esas preguntas antes o te surgieron despu\u00e9s de terminarla? Explica.\n<ul>\n<li>\u00bfCu\u00e1l es la raz\u00f3n para la diferencia entre las mujeres de M\u00e9xico y el resto de latinoam\u00e9rica para la cantidad de horas de trabajo que no son remuneradas?<\/li>\n<\/ul>\n<\/li>\n\n\n\n<li>\u00bfEl autor, conferenciante o participantes en la experiencia no mencionaron ning\u00fan punto importante? \u00bfPod\u00eda cierto hecho o idea haber cambiado dr\u00e1sticamente el impacto o la conclusi\u00f3n de la lectura, clase o experiencia? Explica.\n<ul>\n<li>No estoy de acuerdo con una parte del asignacion \u201cSeguro de desempleo e indemnizaci\u00f3n\u201d- espec\u00edficamente, creo que es m\u00e1s apropiado usar el salario medio para calcular el costo de vivir. Esto es porque el precio de viviendo (by \u201cviviendo\u201d I mean housing, but the dictionary says this is wrong) es un funci\u00f3n del salario de una persona, y para las personas que ganan el salario m\u00ednimo, no es posible vivir en un apartamento del precio medio. Es m\u00e1s probable que esas personas viven con muchos compa\u00f1eros de cuarto.<\/li>\n<\/ul>\n<\/li>\n\n\n\n<li>\u00bfEn qu\u00e9 manera los puntos o ideas mencionados en la lectura, clase o experiencia encajan con tus experiencias o lecturas pasadas? \u00bfLas ideas se contradicen o se apoyan entre s\u00ed? Explica.\n<ul>\n<li>Los conceptos de la unidad anterior sobre la estructura de la econom\u00eda son importantes para la estructura del mercado laboral y las realidades de trabajo en latinoam\u00e9rica. Por ejemplo, los trabajadores en M\u00e9xico ganan un salario m\u00e1s alto de la mayor\u00eda de pa\u00edses en latinoam\u00e9rica, pero M\u00e9xico tiene una econom\u00eda que incluye muchos trabajos en el sector secundario porque M\u00e9xico tiene petr\u00f3leo y muchos recursos naturales a usar en fabricaci\u00f3n.<\/li>\n<\/ul>\n<\/li>\n<\/ul>\n\n\n\n<p>Un diario sobre las diferencias entre las condici\u00f3nes laborales de los pa\u00edses latinoamericanos y los razones de las diferencias. <\/p>\n\n\n\n<p>Diario seminal 6- Educaci\u00f3n&nbsp;<\/p>\n\n\n\n<p>\u00bfLa lectura, clase o experiencia te desaf\u00eda a nivel social, cultural, emocional o teol\u00f3gico? De ser as\u00ed, \u00bfd\u00f3nde y c\u00f3mo? \u00bfPor qu\u00e9 te molesta o llama la atenci\u00f3n? Explica.<\/p>\n\n\n\n<ul>\n<li>Antes de las lecturas \u201cdiversidad en el sistema escolar\u201d y \u201cuniversidad en Espa\u00f1a\u201d, no sab\u00eda sobre las diferencias entre los sistemas de educaci\u00f3n en otros pa\u00edses. En Espa\u00f1a, la estructura de la escuela es totalmente diferente. En espa\u00f1a, por ejemplo, no hay \u201cElementary, middle school, and high school\u201d. En cambio, Espa\u00f1a tiene escuela primaria (el equivalente de \u201celementary school\u201d y la mayor\u00eda de \u201cmiddle school\u201d), escuela secundaria ( el resto de \u201cmiddle school\u201d y un parte de \u201chigh school\u201d) y el \u201cbachillerato\u201d. En el bachillerato, los estudiantes deciden se van a la universidad o para educaci\u00f3n t\u00e9cnico. En mi opini\u00f3n, es un sistema m\u00e1s efectivo del sistema educativo de los EE.UU.<\/li>\n<\/ul>\n\n\n\n<p>\u00bfLa lectura, clase o experiencia ha cambiado tu manera de pensar? \u00bfEntr\u00f3 en conflicto con las creencias que previamente ten\u00edas? \u00bfQu\u00e9 pruebas te brind\u00f3 para que cambiara tu manera de pensar sobre el tema? Explica.<\/p>\n\n\n\n<ul>\n<li>Las lecturas cambiaron mi opini\u00f3n sobre el sistema de educaci\u00f3n en los EE.UU- espec\u00edficamente, los \u00faltimos dos a\u00f1os del sistema educativo. En este pa\u00eds, es muy com\u00fan que los estudiantes se grad\u00faen y no saben nunca sobre sus futuros- sus trabajos, sus especializaciones en la universidad, etc. El sistema en Espa\u00f1a es mejor del sistema educativo de los EE.UU porque el sistema prepara a los estudiantes a asistir a universidades o tener trabajos t\u00e9cnicos.&nbsp;<\/li>\n<\/ul>\n\n\n\n<p>\u00bfLa lectura, clase o experiencia te deja con alguna pregunta? \u00bfTe hab\u00edas hecho esas preguntas antes o te surgieron despu\u00e9s de terminarla? Explica.<\/p>\n\n\n\n<ul>\n<li>\u00bfLos \u00faltimos a\u00f1os de escuela secundaria- el programa bachillerato- son dif\u00edciles y estresantes o no? Por que?<\/li>\n<\/ul>\n\n\n\n<p>\u00bfEl autor, conferenciante o participantes en la experiencia no mencionaron ning\u00fan punto importante? \u00bfPod\u00eda cierto hecho o idea haber cambiado dr\u00e1sticamente el impacto o la conclusi\u00f3n de la lectura, clase o experiencia? Explica.<\/p>\n\n\n\n<ul>\n<li>Quiero m\u00e1s informaci\u00f3n sobre la situaci\u00f3n social y material para los estudiantes.<\/li>\n<\/ul>\n\n\n\n<p>\u00bfEn qu\u00e9 manera los puntos o ideas mencionados en la lectura, clase o experiencia encajan con tus experiencias o lecturas pasadas? \u00bfLas ideas se contradicen o se apoyan entre s\u00ed? Explica.<\/p>\n\n\n\n<ul>\n<li>Despu\u00e9s de leer las lecturas, entiendo la conexi\u00f3n entre el sistema educativo y la econom\u00eda, especialmente porque Espa\u00f1a tiene muchos trabajos complicados que necesitan los trabajadores para asistir a la universidad.&nbsp;<\/li>\n<\/ul>\n\n\n\n<p>Un diario sobre el sistema de educaci\u00f3n en Espa\u00f1a, las diferencias del sistema de los EE.UU., y las ventajas y desventajas del sistema.<\/p>\n\n\n\n<p>Diario Semanal 7- Literatura<\/p>\n\n\n\n<ul>\n<li>\u00bfLa lectura, clase o experiencia te desaf\u00eda a nivel social, cultural, emocional o teol\u00f3gico? De ser as\u00ed, \u00bfd\u00f3nde y c\u00f3mo? \u00bfPor qu\u00e9 te molesta o llama la atenci\u00f3n? Explica.\n<ul>\n<li>Tengo dificultades con la asignaci\u00f3n de minivideo. La asignaci\u00f3n necesit\u00f3 un video m\u00e1s largo de 3 minutos, pero el poema que yo eleg\u00ed tiene menos de 50 palabras. \u00a1Que horror! Necesit\u00e9 leer el poema muy despacio y tranquilamente, usar m\u00fasica y muchos videos que son relacionados a las im\u00e1genes del poema, y espaciar las l\u00edneas en diapositivas diferentes. Esta unidad cambi\u00f3 mi opini\u00f3n sobre mi voz porque usualmente odio mi voz, pero Sr. Guadano dec\u00eda que mi presentaci\u00f3n e interpretaci\u00f3n del poema era \u201cbien\u201d&nbsp;<\/li>\n<\/ul>\n<\/li>\n\n\n\n<li>\u00bfLa lectura, clase o experiencia ha cambiado tu manera de pensar? \u00bfEntr\u00f3 en conflicto con las creencias que previamente ten\u00edas? \u00bfQu\u00e9 pruebas te brind\u00f3 para que cambiara tu manera de pensar sobre el tema? Explica.\n<ul>\n<li>Antes de esta unidad, no sab\u00eda que algunos escritores que yo conoc\u00ed son poetas tambi\u00e9n.&nbsp;<\/li>\n<\/ul>\n<\/li>\n\n\n\n<li>\u00bfLa lectura, clase o experiencia te deja con alguna pregunta? \u00bfTe hab\u00edas hecho esas preguntas antes o te surgieron despu\u00e9s de terminarla? Explica.\n<ul>\n<li>Me pregunto por qu\u00e9 Latinoam\u00e9rica tiene muchos poetas y escritores que son famosos en el Oeste, y no tiene la misma cantidad de autores de teatro.&nbsp;<\/li>\n<\/ul>\n<\/li>\n\n\n\n<li>\u00bfEl autor, conferenciante o participantes en la experiencia no mencionaron ning\u00fan punto importante? \u00bfPod\u00eda cierto hecho o idea haber cambiado dr\u00e1sticamente el impacto o la conclusi\u00f3n de la lectura, clase o experiencia? Explica.\n<ul>\n<li>Ojala que en el futuro esta unidad va a tener m\u00e1s autores LGBTQ<\/li>\n<\/ul>\n<\/li>\n\n\n\n<li>\u00bfEn qu\u00e9 manera los puntos o ideas mencionados en la lectura, clase o experiencia encajan con tus experiencias o lecturas pasadas? \u00bfLas ideas se contradicen o se apoyan entre s\u00ed? Explica.\n<ul>\n<li>Es obvio que la mezcla de las culturas de latinoam\u00e9rica (que es un producto de la historia de la regi\u00f3n) ayuda a la producci\u00f3n de cantidades enormes de arte \u00fanico y bueno.&nbsp;<\/li>\n<\/ul>\n<\/li>\n<\/ul>\n\n\n\n<p>Un diario sobre literatura latinoamericana, su influencias, y mis experienc\u00edas en el videopresentaci\u00f3n<\/p>\n\n\n\n<p>Minivideopresentaci\u00f3n 1- Poes\u00eda<\/p>\n\n\n\n<figure class=\"wp-block-video\"><video controls src=\"https:\/\/drive.google.com\/file\/d\/1Ku_dVBw4ErQv2WObACc7VohddpILGHXt\/view?usp=sharing\"><\/video><\/figure>\n\n\n\n<p>WordPress backup link:<a href=\"https:\/\/drive.google.com\/file\/d\/1Ku_dVBw4ErQv2WObACc7VohddpILGHXt\/view?usp=sharing\"> https:\/\/drive.google.com\/file\/d\/1Ku_dVBw4ErQv2WObACc7VohddpILGHXt\/view?usp=sharing<\/a><\/p>\n\n\n\n<p>Este video fue un proyecto interesante- una lectura de un poema en Espa\u00f1ol. El proyecto necesit\u00e9 musica, imagenes, y buen ritmo. <\/p>\n\n\n\n<figure class=\"wp-block-video\"><video controls src=\"https:\/\/drive.google.com\/file\/d\/1TKZSn3TKAMqE9cdPfkEFMzMx4Hon2MJ4\/view?usp=sharing\"><\/video><\/figure>\n\n\n\n<p>Backup link in case WordPress messes up: <a href=\"https:\/\/drive.google.com\/file\/d\/1TKZSn3TKAMqE9cdPfkEFMzMx4Hon2MJ4\/view?usp=sharing\">https:\/\/drive.google.com\/file\/d\/1TKZSn3TKAMqE9cdPfkEFMzMx4Hon2MJ4\/view?usp=sharing<\/a><\/p>\n\n\n\n<p>Este es mi autoreflexi\u00f3n final del curso. Hablaba sobre el contento del clase, mis experiencias, y la importanc\u00eda del trabajo en el curso, <\/p>\n\n\n\n<p>Midterm Reflection, Quinn Summers<\/p>\n\n\n\n<p>La identidad, definida como la autopercepci\u00f3n de cada persona en una sociedad, es un producto de la cultura de la sociedad. Pero tambi\u00e9n, en las palabras del m\u00fasico Jorge Drexler, \u201cla identidad es infinitamente densa. Somos de ning\u00fan lado del todo, y todos lados un poco.\u201d Esta es la prueba de identidad- todas las personas son productos de sus culturas, pero sus culturas son productos de todas las culturas del mundo. Por lo tanto, no es posible elegir solamente uno factor que forma la cultura de una comunidad. Es necesario considerar todas los factores que influyen una cultura- la econom\u00eda, la historia, la geograf\u00eda, la lengua, y especialmente la interrelaci\u00f3n de los factores.&nbsp;<\/p>\n\n\n\n<p>La historia es muy importante para la cultura e identidad de las comunidades hispanohablantes. La formaci\u00f3n de la cultura de Latinoam\u00e9rica es principalmente un producto de la colonizaci\u00f3n de las am\u00e9ricas por los espa\u00f1oles en los 1500s junto con la cultura nativas y, luego, inmigrantes del resto del mundo. Al principio, eran solamente las culturas ind\u00edgenas- pero las culturas eran distintas y \u00fanicas, lo mismo que las culturas de Europa. Eran pueblos que practicaban esclavitud menos de 50 kilometros afuera de pueblos pacificos, y es posible que 2 personas que viv\u00edan menos de 10 kilometros de distancia no hablaban la misma lengua. Por lo tanto, la llegada de los europeos a las Am\u00e9ricas caus\u00f3 la formaci\u00f3n de muchas identidades nuevas. Esa formaci\u00f3n causaba muchos efectos para la historia de hispanoam\u00e9rica- por ejemplo, eran leyes que formaron \u201ccastas\u201d- estructuras raciales que afectaban sus oportunidades de educaci\u00f3n, representaci\u00f3n, y especialmente de trabajo. Las consecuencias del sistema casta eran muy graves- en general, los \u201cespa\u00f1oles\u201d (personas de herencia europea solamente) ten\u00edan m\u00e1s recursos y oportunidades, durante y despu\u00e9s del sistema. Hoy en d\u00eda, hay problemas de racismo en todas los pa\u00edses de Latinoam\u00e9rica. A resultado de los problemas, es muy com\u00fan para las personas de herencia mixta identificar solamente una parte de su herencia- un ejemplo de la \u201cautopercepci\u00f3n\u201d de identidad.<\/p>\n\n\n\n<p>La geograf\u00eda de Latinoam\u00e9rica afect\u00f3 la historia y econom\u00eda, y por lo tanto la identidad, de las comunidades hispanohablantes. Un ejemplo directo de la influencia de la geograf\u00eda en la cultura de Latinoam\u00e9rica es la distancia entre los territorios de Latinoam\u00e9rica y Espa\u00f1a. Al principio de los 1800s, un viaje entre Espa\u00f1a y Latinoam\u00e9rica dur\u00f3 m\u00e1s de 6 semanas. A consecuencia de la distancia, era m\u00e1s dif\u00edcil controlar los territorios del imperio espa\u00f1ol. Esto ayud\u00f3 a las revoluciones de los 1800s para tener independencia de Espa\u00f1a. Antes de las revoluciones, muchos grupos que ten\u00edan muy poco en com\u00fan se unieron para luchar contra Espa\u00f1a. Sin embargo, despu\u00e9s de sus guerras, los habitantes de los territorios tuvieron que considerar sus identidades e ideolog\u00edas sin Espa\u00f1a. Personas de lugares diferentes que quer\u00edan la misma tierra y recursos ten\u00edan que luchar para determinar el futuro de sus compa\u00f1eros. Este caus\u00f3 la formaci\u00f3n de los pa\u00edses de latinoam\u00e9rica, y sus conceptos de nacionalismo y \u201cherencia nacional\u201d- un aspecto muy importante para la identidad de los latinoamericanos en el mundo de hoy.&nbsp;<\/p>\n\n\n\n<p>Mientras que todos los pa\u00edses de latinoam\u00e9rica (sin Brasil y Guyana) hablan espa\u00f1ol, hay muchas variaciones de espa\u00f1ol en cada pa\u00eds. Este es una consecuencia del intercambio cultural de las culturas ind\u00edgenas, las culturas de los inmigrantes europeos, y los espa\u00f1oles, y tambi\u00e9n la geograf\u00eda de los pa\u00edses. En Bolivia, por ejemplo, es com\u00fan en pueblos rurales a escuchar una mezcla de Espa\u00f1ol y las lenguas ind\u00edgenas porque muchas personas tienen herencia ind\u00edgena y un fuerte conexi\u00f3n con la historia de su comunidad. En comparaci\u00f3n, Argentina- un pa\u00eds que tiene menos personas ind\u00edgenas y m\u00e1s personas de herencia europea- tiene variaciones de espa\u00f1ol que incluye muchas palabras de origen europeo. Para las personas que hablan la misma lengua, el acento y la variaci\u00f3n de la lengua que una persona dice es el factor m\u00e1s obvio que identifica el origen de una persona. A resultado, es importante para la autopercepci\u00f3n y autoidentificaci\u00f3n de la identidad de una persona o comunidad.&nbsp;<\/p>\n\n\n\n<p>Un factor que es muy importante para determinar la identidad de un grupo hoy en d\u00eda es la forma y estructura de la econom\u00eda de un pa\u00eds. La estructura de la econom\u00eda determina el tipo de trabajo que es m\u00e1s importante para el pa\u00eds, la distribuci\u00f3n de la poblaci\u00f3n (rural o urbano), y la calidad de vida de la mayor\u00eda de las personas en el pa\u00eds. Pa\u00edses m\u00e1s ricos, por ejemplo Chile, tienen culturas diferentes de pa\u00edses m\u00e1s desarrollados, por ejemplo Nicaragua. Chile tiene una econom\u00eda muy avanzada con m\u00e1s personas que trabajan en el sector tercero de la econom\u00eda, mientras que Nicaragua tiene una econom\u00eda agr\u00edcola con trabajadores en el primer sector de la econom\u00eda. Estas diferencias afectan la cultura de los pa\u00edses tambi\u00e9n. En general, las personas de Chile son m\u00e1s cosmopolitas, urbanas y liberal porque Chile tiene m\u00e1s burgueses a consecuencia de la estructura de su econom\u00eda. En comparaci\u00f3n, la econom\u00eda agr\u00edcola de Nicaragua tiene menos personas en la clase media, m\u00e1s personas que viven en granjas o pueblos peque\u00f1os, y una poblaci\u00f3n m\u00e1s religiosa. Esto es solamente un ejemplo de los efectos de la econom\u00eda y trabajo en la cultura e identidad de un pa\u00eds.<\/p>\n\n\n\n<p>El car\u00e1cter de la econom\u00eda, la labor, la historia, la geograf\u00eda, y la lengua de un pa\u00eds o grupo afecta la identidad de sus miembros. Sin embargo, en \u00faltima instancia, la identidad es una decisi\u00f3n de cada persona en una comunidad. Es probable que la identidad sea el concepto m\u00e1s complicado para los humanos, porque la identidad tiene el mayor n\u00famero de factores de todos los aspectos de la raza humana, y est\u00e1 constantemente en flujo. \u201cCu\u00e1nto m\u00e1s uno se acerca a ellas, m\u00e1s compleja es su identidad\u201d- Jorge Drexler<\/p>\n\n\n\n<p>Este es un ejemplo de un ensayo largo que tiene muchos ejemplos de mi trabajo. Especificamente, el ensayo es un ejemplo de la formaci\u00f3n de conexiones complejas y autoevaluaci\u00f3n en Espa\u00f1ol. <\/p>\n\n\n\n<p>English-language reflection:<\/p>\n\n\n\n<p>There are few skills more versatile in the 21st century for journalists than knowing a foreign language. In an era where unlimited free access to information is under threat, and disinformation and fabrication lurk around every corner, even understanding a story told in one&#8217;s language is often difficult. The rise of artificial intelligence has rendered many core functions of the internet almost useless, as never-ending streams of cheap, low-quality news articles, social media posts, and comments flood internet spaces. While this is assuredly a negative development for our country, it has the unintended side effect of resuscitating forms of journalism previously thought outdated or irrelevant. Namely, boots on the ground reporting is now more important than ever, as the one medium that will never be replaced or supplanted by artificial intelligence is face-to-face conversation. This underscores why a course like &#8220;world cultures and contexts&#8221; is so important for me, both as a human being and as a journalist. Spanish isn&#8217;t just a foreign language spoken in nearly every country in the western hemisphere- it&#8217;s also spoken by a significant percentage of my own countrymen, and their share of the national population is only growing as time moves on. As climate change continues to accelerate unabated, natural disasters are worsening everywhere, especially in the tropics, where a significant population of the world&#8217;s Spanish speakers live. Between demographic shifts, population growth, and climate change, immigration between Latin American countries and the United States will only increase, as will the importance and prominence of Spanish-speaking communities. Lies are spread every day about immigrants, accusing them of partaking in complex global conspiracies or of ruining once-sacred American institutions. Nowhere are these lies more prominent and dangerous than online, which is why the information I&#8217;ve learned in this course is so important. I&#8217;m able to engage in face-to-face conversations with native Spanish speakers better than I ever have before, not only because my actual understanding of Spanish has improved considerably, but also because I now have so much more context with which to understand Latin America and the Spanish-speaking world. I&#8217;m far more prepared to substantively speak and write about the community, and the information I&#8217;ve already learned has opened the door to new learning opportunities as well. For instance, I&#8217;m now familiar enough with the international Spanish-language media environment that I can use Spanish-language Associated Press articles as sources, without having to rely on a clunky and often incorrect translator. One of the biggest challenges in investigative reporting is not knowing what questions to ask, and now that I have more or less a holistic understanding of at least the base elements of all factors impacting the Spanish-speaking world (history, geography, lingual diversity, economic factors, educational structures, contemporary culture,) I&#8217;m confident I&#8217;ll be able to report on events in Spanish for the rest of my career. I&#8217;m only a few credits from my Spanish minor. Before this course, I definitely didn&#8217;t feel like that was true, but I&#8217;m now quite confident my understanding of Spanish is formidable enough to tackle most situations I&#8217;ll find myself in.<\/p>\n","protected":false},"excerpt":{"rendered":"<p>Diario Seminal 5- Labor Un diario sobre las diferencias entre las condici\u00f3nes laborales de los pa\u00edses latinoamericanos y los razones de las diferencias. Diario seminal 6- Educaci\u00f3n&nbsp; \u00bfLa lectura, clase o experiencia te desaf\u00eda a nivel social, cultural, emocional o teol\u00f3gico? De ser as\u00ed, \u00bfd\u00f3nde y c\u00f3mo? \u00bfPor qu\u00e9 te molesta o llama la atenci\u00f3n?&#8230; <\/p>\n<div class=\"link-more\"><a href=\"https:\/\/sites.wp.odu.edu\/calebsummers\/activities-2\/\">Read More<\/a><\/div>\n","protected":false},"author":25478,"featured_media":0,"parent":0,"menu_order":0,"comment_status":"closed","ping_status":"closed","template":"","meta":{"footnotes":""},"_links":{"self":[{"href":"https:\/\/sites.wp.odu.edu\/calebsummers\/wp-json\/wp\/v2\/pages\/441"}],"collection":[{"href":"https:\/\/sites.wp.odu.edu\/calebsummers\/wp-json\/wp\/v2\/pages"}],"about":[{"href":"https:\/\/sites.wp.odu.edu\/calebsummers\/wp-json\/wp\/v2\/types\/page"}],"author":[{"embeddable":true,"href":"https:\/\/sites.wp.odu.edu\/calebsummers\/wp-json\/wp\/v2\/users\/25478"}],"replies":[{"embeddable":true,"href":"https:\/\/sites.wp.odu.edu\/calebsummers\/wp-json\/wp\/v2\/comments?post=441"}],"version-history":[{"count":5,"href":"https:\/\/sites.wp.odu.edu\/calebsummers\/wp-json\/wp\/v2\/pages\/441\/revisions"}],"predecessor-version":[{"id":564,"href":"https:\/\/sites.wp.odu.edu\/calebsummers\/wp-json\/wp\/v2\/pages\/441\/revisions\/564"}],"wp:attachment":[{"href":"https:\/\/sites.wp.odu.edu\/calebsummers\/wp-json\/wp\/v2\/media?parent=441"}],"curies":[{"name":"wp","href":"https:\/\/api.w.org\/{rel}","templated":true}]}}