{"id":412,"date":"2024-04-21T18:14:16","date_gmt":"2024-04-21T18:14:16","guid":{"rendered":"https:\/\/sites.wp.odu.edu\/cdeweesspan311\/?page_id=412"},"modified":"2024-04-22T21:03:06","modified_gmt":"2024-04-22T21:03:06","slug":"330-2","status":"publish","type":"page","link":"https:\/\/sites.wp.odu.edu\/cdeweesspan311\/330-2\/","title":{"rendered":"330"},"content":{"rendered":"\n<p class=\"has-text-align-center\">Throughout this semester, we have reviewed several types of literature including plays, poems, and short stories. I have been able to view how writers expressed what was occurring politically through literature, and we have analyzed the issues they faced and how they combatted them. We completed a variety of assignments to asses the literature including discussion boards, artifacts, and debates. For every piece of literature we read, we completed a discussion board with our analysis of the prompt and of the writing. These were the structure for our debates, which we did in pairs during class, and for our artifacts, which are projects based on the readings. I feel as though I have learned a lot about hispanic literature and I can bring this knowledge into my future careers with me. <\/p>\n\n\n\n<p class=\"has-text-align-center\"><strong>Discussion Boards<\/strong><\/p>\n\n\n\n<p class=\"has-text-align-center\">I have included a few examples of the discussions we did in class, along with the prompt for them. These were a great way for me to think in depth about the content and make an educated response with my opinion to the questions we were presented with. I was able to analyze the literature and compare my thoughts and opinions with my classmates.<\/p>\n\n\n\n<p class=\"has-text-align-center\">Las siete partidas<\/p>\n\n\n\n<figure class=\"wp-block-image size-large\"><a href=\"https:\/\/sites.wp.odu.edu\/cdeweesspan311\/wp-content\/uploads\/sites\/31567\/2024\/04\/Screenshot-2024-04-22-at-4.29.49\u202fPM.png\"><img loading=\"lazy\" decoding=\"async\" width=\"1024\" height=\"449\" src=\"https:\/\/sites.wp.odu.edu\/cdeweesspan311\/wp-content\/uploads\/sites\/31567\/2024\/04\/Screenshot-2024-04-22-at-4.29.49\u202fPM-1024x449.png\" alt=\"\" class=\"wp-image-473\" srcset=\"https:\/\/sites.wp.odu.edu\/cdeweesspan311\/wp-content\/uploads\/sites\/31567\/2024\/04\/Screenshot-2024-04-22-at-4.29.49\u202fPM-1024x449.png 1024w, https:\/\/sites.wp.odu.edu\/cdeweesspan311\/wp-content\/uploads\/sites\/31567\/2024\/04\/Screenshot-2024-04-22-at-4.29.49\u202fPM-300x132.png 300w, https:\/\/sites.wp.odu.edu\/cdeweesspan311\/wp-content\/uploads\/sites\/31567\/2024\/04\/Screenshot-2024-04-22-at-4.29.49\u202fPM-768x337.png 768w, https:\/\/sites.wp.odu.edu\/cdeweesspan311\/wp-content\/uploads\/sites\/31567\/2024\/04\/Screenshot-2024-04-22-at-4.29.49\u202fPM-1536x674.png 1536w, https:\/\/sites.wp.odu.edu\/cdeweesspan311\/wp-content\/uploads\/sites\/31567\/2024\/04\/Screenshot-2024-04-22-at-4.29.49\u202fPM-2048x898.png 2048w, https:\/\/sites.wp.odu.edu\/cdeweesspan311\/wp-content\/uploads\/sites\/31567\/2024\/04\/Screenshot-2024-04-22-at-4.29.49\u202fPM-600x263.png 600w\" sizes=\"(max-width: 1024px) 100vw, 1024px\" \/><\/a><\/figure>\n\n\n\n<p class=\"has-text-align-center\">El romanticismo y el &#8220;otro&#8221;<\/p>\n\n\n\n<p class=\"has-text-align-center\">Despu\u00e9s de leer &#8220;Canci\u00f3n del pirata&#8221; de Jos\u00e9 Espronceda y de escuchar las adaptaciones contempor\u00e1neas, explica c\u00f3mo es &#8220;rom\u00e1ntica&#8221; esta representaci\u00f3n del pirata, \u00bfc\u00f3mo se presenta este personaje como marginalizado? \u00bfpor qu\u00e9 es marginalizado? <\/p>\n\n\n\n<figure class=\"wp-block-image size-large\"><a href=\"https:\/\/sites.wp.odu.edu\/cdeweesspan311\/wp-content\/uploads\/sites\/31567\/2024\/04\/Screenshot-2024-04-22-at-4.31.23\u202fPM.png\"><img loading=\"lazy\" decoding=\"async\" width=\"1024\" height=\"350\" src=\"https:\/\/sites.wp.odu.edu\/cdeweesspan311\/wp-content\/uploads\/sites\/31567\/2024\/04\/Screenshot-2024-04-22-at-4.31.23\u202fPM-1024x350.png\" alt=\"\" class=\"wp-image-474\" srcset=\"https:\/\/sites.wp.odu.edu\/cdeweesspan311\/wp-content\/uploads\/sites\/31567\/2024\/04\/Screenshot-2024-04-22-at-4.31.23\u202fPM-1024x350.png 1024w, https:\/\/sites.wp.odu.edu\/cdeweesspan311\/wp-content\/uploads\/sites\/31567\/2024\/04\/Screenshot-2024-04-22-at-4.31.23\u202fPM-300x103.png 300w, https:\/\/sites.wp.odu.edu\/cdeweesspan311\/wp-content\/uploads\/sites\/31567\/2024\/04\/Screenshot-2024-04-22-at-4.31.23\u202fPM-768x263.png 768w, https:\/\/sites.wp.odu.edu\/cdeweesspan311\/wp-content\/uploads\/sites\/31567\/2024\/04\/Screenshot-2024-04-22-at-4.31.23\u202fPM-1536x525.png 1536w, https:\/\/sites.wp.odu.edu\/cdeweesspan311\/wp-content\/uploads\/sites\/31567\/2024\/04\/Screenshot-2024-04-22-at-4.31.23\u202fPM-2048x700.png 2048w, https:\/\/sites.wp.odu.edu\/cdeweesspan311\/wp-content\/uploads\/sites\/31567\/2024\/04\/Screenshot-2024-04-22-at-4.31.23\u202fPM-600x205.png 600w\" sizes=\"(max-width: 1024px) 100vw, 1024px\" \/><\/a><\/figure>\n\n\n\n<p class=\"has-text-align-center\"><strong>Debates<\/strong><\/p>\n\n\n\n<p class=\"has-text-align-center\">We did two debates over the course of the semester consisting of an individual position statement, group position statement, group rebuttal, open discussion forum, and a reflection paper. These were a great way for me to reflect on the readings we had gone over in class and to work with a classmate to formulate ideas as a group. Below are a few parts of the first debate we did in class.<\/p>\n\n\n\n<p class=\"has-text-align-center\">Individual position statement<\/p>\n\n\n<a href=\"https:\/\/sites.wp.odu.edu\/cdeweesspan311\/wp-content\/uploads\/sites\/31567\/2024\/04\/Debate-1-Individual-Position-Statement.pdf\" class=\"pdfemb-viewer\" style=\"\" data-width=\"max\" data-height=\"max\"  data-toolbar=\"bottom\" data-toolbar-fixed=\"off\">Debate-1-Individual-Position-Statement<br\/><\/a>\n<p class=\"wp-block-pdfemb-pdf-embedder-viewer\"><\/p>\n\n\n\n<p class=\"has-text-align-center\">Group position statement<\/p>\n\n\n\n<p class=\"has-text-align-center\">La religi\u00f3n y la cultura son fen\u00f3menos culturales yuxtapuestos que son diversos, pero tambi\u00e9n muy parecidos.&nbsp;Es verdad que la cultura y la religi\u00f3n suelen desarrollarse en \u00e1mbitos distintos ya que hoy en d\u00eda es evidente la separaci\u00f3n de estos componentes culturales. Sin embargo, en la Espa\u00f1a colonial, las maneras de pensar reflejan los objetivos mon\u00e1rquicos como el catolicismo, la expansi\u00f3n territorial y una presencia sociopol\u00edtica en el nuevo mundo. Aunque existe el desacuerdo, la cultura y la religi\u00f3n est\u00e1n vinculadas a grandes rasgos como la ling\u00fc\u00edstica y tambi\u00e9n en aspectos minuciosos como la forma de saludar. En esa \u00e9poca, se formaban las fusiones entre la cultura y la religi\u00f3n como sucedi\u00f3 en el intercambio cultural de los espa\u00f1oles con los ind\u00edgenas.<\/p>\n\n\n\n<p class=\"has-text-align-center\">El trabajo de Bernal Diaz del Castillo ejemplifica c\u00f3mo la cultura indigena era rica en pr\u00e1cticas religiosas, atuendos que incorporaban pedrer\u00eda, formas de interactuar en c\u00edrculos sociales para denotar la estratificaci\u00f3n social. Es decir, el trabajo de Bernal refleja ejemplos de c\u00f3mo el comportamiento de las civilizaciones ind\u00edgenas fusionaban la religi\u00f3n y la cultura con el combate y otras pr\u00e1cticas culturales.&nbsp;En Las Siete Partidas, muchas de las leyes dicen que la gente necesita seguir el cristianismo, y esto muestra c\u00f3mo la religi\u00f3n y la cultura est\u00e1n relacionadas porque la pol\u00edtica es una parte de la cultura. Si la religi\u00f3n existe en la pol\u00edtica, va a existir en la cultura tambi\u00e9n.&nbsp;Tambi\u00e9n, Inca Garcilaso hace hincapi\u00e9 en c\u00f3mo el mestizaje ling\u00fc\u00edstico genera una identidad cultural. Entonces, el lenguaje con contextos religiosos reflejan la cultura.&nbsp;<\/p>\n\n\n\n<p class=\"has-text-align-center\">Abravanel defendi\u00f3 a su comunidad jud\u00eda porque su postura sugiere que la moralidad del judio es la mezcla entre su cultura pacifista y pr\u00e1cticas religiosas. Aqu\u00ed podemos ver como la cultura del judio tiene normas establecidas que van de la mano con la religi\u00f3n, no ser fr\u00edvolos con el dinero y restricciones culinarias.&nbsp;Durante el exilio de los jud\u00edos, los que eleg\u00edan quedarse en el pa\u00eds ten\u00edan que asimilar al cristianismo. Sin embargo, todav\u00eda estaban practicando la religi\u00f3n en casa, y por eso salvaron su cultura desde la pr\u00e1ctica de la religi\u00f3n.&nbsp;Adem\u00e1s, el pluralismo de Espa\u00f1a exist\u00eda entre la religi\u00f3n cat\u00f3lica y el juda\u00edsmo. En el nuevo mundo exist\u00eda, entre los grupos ind\u00edgenas, una cultura diversa con los mayas y el popol vuh y las creencias mexicas de los aztecas.&nbsp;&nbsp;&nbsp;&nbsp;<\/p>\n\n\n\n<p class=\"has-text-align-center\">La religi\u00f3n y la cultura son fen\u00f3menos que la gente en cada pa\u00eds practica diariamente ya que son h\u00e1bitos tradicionales. Tambi\u00e9n la cultura nos habla de lo tradicional. Por eso, es obvio que las dos trabajan a la par para crear una identidad compartida. Por ende, no puede existir la religi\u00f3n sin la cultura ni la cultura sin la religi\u00f3n. El desacuerdo que existe puede ser aclarado porque podemos ver en tiempos coloniales y hoy en d\u00eda que la cultura y la religi\u00f3n est\u00e1n entrelazadas.<\/p>\n\n\n\n<p class=\"has-text-align-center\">Reflection Paper<\/p>\n\n\n<a href=\"https:\/\/sites.wp.odu.edu\/cdeweesspan311\/wp-content\/uploads\/sites\/31567\/2024\/04\/SPAN-330-Reflection-Paper-Debate-1.pdf\" class=\"pdfemb-viewer\" style=\"\" data-width=\"max\" data-height=\"max\"  data-toolbar=\"bottom\" data-toolbar-fixed=\"off\">SPAN-330-Reflection-Paper-Debate-1<br\/><\/a>\n<p class=\"wp-block-pdfemb-pdf-embedder-viewer\"><\/p>\n\n\n\n<p class=\"has-text-align-center\"><strong>Artifact<\/strong><\/p>\n\n\n\n<p class=\"has-text-align-center\">The artifact assignment gave me the opportunity to reflect on all of the literature we had reviewed up until that point, and choose my own way to portray what I have learned. For the first artifact, I chose to write a diary entry from the perspective of one of the characters from Fuenteovejuna. With this diary entry, I tried to encompass all of the main points that were occurring in the play that affected her to demonstrate my understanding of the literature. <\/p>\n\n\n<a href=\"https:\/\/sites.wp.odu.edu\/cdeweesspan311\/wp-content\/uploads\/sites\/31567\/2024\/04\/Artifact-1.pdf\" class=\"pdfemb-viewer\" style=\"\" data-width=\"max\" data-height=\"max\"  data-toolbar=\"bottom\" data-toolbar-fixed=\"off\">Artifact-1<br\/><\/a>\n<p class=\"wp-block-pdfemb-pdf-embedder-viewer\"><\/p>\n","protected":false},"excerpt":{"rendered":"<p>Throughout this semester, we have reviewed several types of literature including plays, poems, and short stories. I have been able to view how writers expressed what was occurring politically through literature, and we have analyzed the issues they faced and how they combatted them. We completed a variety of assignments to asses the literature including&#8230; <\/p>\n<div class=\"link-more\"><a href=\"https:\/\/sites.wp.odu.edu\/cdeweesspan311\/330-2\/\">Read More<\/a><\/div>\n","protected":false},"author":25492,"featured_media":0,"parent":0,"menu_order":0,"comment_status":"closed","ping_status":"closed","template":"","meta":{"footnotes":""},"_links":{"self":[{"href":"https:\/\/sites.wp.odu.edu\/cdeweesspan311\/wp-json\/wp\/v2\/pages\/412"}],"collection":[{"href":"https:\/\/sites.wp.odu.edu\/cdeweesspan311\/wp-json\/wp\/v2\/pages"}],"about":[{"href":"https:\/\/sites.wp.odu.edu\/cdeweesspan311\/wp-json\/wp\/v2\/types\/page"}],"author":[{"embeddable":true,"href":"https:\/\/sites.wp.odu.edu\/cdeweesspan311\/wp-json\/wp\/v2\/users\/25492"}],"replies":[{"embeddable":true,"href":"https:\/\/sites.wp.odu.edu\/cdeweesspan311\/wp-json\/wp\/v2\/comments?post=412"}],"version-history":[{"count":5,"href":"https:\/\/sites.wp.odu.edu\/cdeweesspan311\/wp-json\/wp\/v2\/pages\/412\/revisions"}],"predecessor-version":[{"id":481,"href":"https:\/\/sites.wp.odu.edu\/cdeweesspan311\/wp-json\/wp\/v2\/pages\/412\/revisions\/481"}],"wp:attachment":[{"href":"https:\/\/sites.wp.odu.edu\/cdeweesspan311\/wp-json\/wp\/v2\/media?parent=412"}],"curies":[{"name":"wp","href":"https:\/\/api.w.org\/{rel}","templated":true}]}}

<p class="has-text-align-center">Throughout this semester, we have reviewed several types of literature including plays, poems, and short stories. I have been able to view how writers expressed what was occurring politically through literature, and we have analyzed the issues they faced and how they combatted them. We completed a variety of assignments to asses the literature including discussion boards, artifacts, and debates. For every piece of literature we read, we completed a discussion board with our analysis of the prompt and of the writing. These were the structure for our debates, which we did in pairs during class, and for our artifacts, which are projects based on the readings. I feel as though I have learned a lot about hispanic literature and I can bring this knowledge into my future careers with me. </p>



<p class="has-text-align-center"><strong>Discussion Boards</strong></p>



<p class="has-text-align-center">I have included a few examples of the discussions we did in class, along with the prompt for them. These were a great way for me to think in depth about the content and make an educated response with my opinion to the questions we were presented with. I was able to analyze the literature and compare my thoughts and opinions with my classmates.</p>



<p class="has-text-align-center">Las siete partidas</p>



<figure class="wp-block-image size-large"><a href="https://sites.wp.odu.edu/cdeweesspan311/wp-content/uploads/sites/31567/2024/04/Screenshot-2024-04-22-at-4.29.49 PM.png"><img loading="lazy" decoding="async" width="1024" height="449" src="https://sites.wp.odu.edu/cdeweesspan311/wp-content/uploads/sites/31567/2024/04/Screenshot-2024-04-22-at-4.29.49 PM-1024x449.png" alt="" class="wp-image-473" srcset="https://sites.wp.odu.edu/cdeweesspan311/wp-content/uploads/sites/31567/2024/04/Screenshot-2024-04-22-at-4.29.49 PM-1024x449.png 1024w, https://sites.wp.odu.edu/cdeweesspan311/wp-content/uploads/sites/31567/2024/04/Screenshot-2024-04-22-at-4.29.49 PM-300x132.png 300w, https://sites.wp.odu.edu/cdeweesspan311/wp-content/uploads/sites/31567/2024/04/Screenshot-2024-04-22-at-4.29.49 PM-768x337.png 768w, https://sites.wp.odu.edu/cdeweesspan311/wp-content/uploads/sites/31567/2024/04/Screenshot-2024-04-22-at-4.29.49 PM-1536x674.png 1536w, https://sites.wp.odu.edu/cdeweesspan311/wp-content/uploads/sites/31567/2024/04/Screenshot-2024-04-22-at-4.29.49 PM-2048x898.png 2048w, https://sites.wp.odu.edu/cdeweesspan311/wp-content/uploads/sites/31567/2024/04/Screenshot-2024-04-22-at-4.29.49 PM-600x263.png 600w" sizes="(max-width: 1024px) 100vw, 1024px" /></a></figure>



<p class="has-text-align-center">El romanticismo y el &#8220;otro&#8221;</p>



<p class="has-text-align-center">Después de leer &#8220;Canción del pirata&#8221; de José Espronceda y de escuchar las adaptaciones contemporáneas, explica cómo es &#8220;romántica&#8221; esta representación del pirata, ¿cómo se presenta este personaje como marginalizado? ¿por qué es marginalizado? </p>



<figure class="wp-block-image size-large"><a href="https://sites.wp.odu.edu/cdeweesspan311/wp-content/uploads/sites/31567/2024/04/Screenshot-2024-04-22-at-4.31.23 PM.png"><img loading="lazy" decoding="async" width="1024" height="350" src="https://sites.wp.odu.edu/cdeweesspan311/wp-content/uploads/sites/31567/2024/04/Screenshot-2024-04-22-at-4.31.23 PM-1024x350.png" alt="" class="wp-image-474" srcset="https://sites.wp.odu.edu/cdeweesspan311/wp-content/uploads/sites/31567/2024/04/Screenshot-2024-04-22-at-4.31.23 PM-1024x350.png 1024w, https://sites.wp.odu.edu/cdeweesspan311/wp-content/uploads/sites/31567/2024/04/Screenshot-2024-04-22-at-4.31.23 PM-300x103.png 300w, https://sites.wp.odu.edu/cdeweesspan311/wp-content/uploads/sites/31567/2024/04/Screenshot-2024-04-22-at-4.31.23 PM-768x263.png 768w, https://sites.wp.odu.edu/cdeweesspan311/wp-content/uploads/sites/31567/2024/04/Screenshot-2024-04-22-at-4.31.23 PM-1536x525.png 1536w, https://sites.wp.odu.edu/cdeweesspan311/wp-content/uploads/sites/31567/2024/04/Screenshot-2024-04-22-at-4.31.23 PM-2048x700.png 2048w, https://sites.wp.odu.edu/cdeweesspan311/wp-content/uploads/sites/31567/2024/04/Screenshot-2024-04-22-at-4.31.23 PM-600x205.png 600w" sizes="(max-width: 1024px) 100vw, 1024px" /></a></figure>



<p class="has-text-align-center"><strong>Debates</strong></p>



<p class="has-text-align-center">We did two debates over the course of the semester consisting of an individual position statement, group position statement, group rebuttal, open discussion forum, and a reflection paper. These were a great way for me to reflect on the readings we had gone over in class and to work with a classmate to formulate ideas as a group. Below are a few parts of the first debate we did in class.</p>



<p class="has-text-align-center">Individual position statement</p>


<a href="https://sites.wp.odu.edu/cdeweesspan311/wp-content/uploads/sites/31567/2024/04/Debate-1-Individual-Position-Statement.pdf" class="pdfemb-viewer" style="" data-width="max" data-height="max"  data-toolbar="bottom" data-toolbar-fixed="off">Debate-1-Individual-Position-Statement<br/></a>
<p class="wp-block-pdfemb-pdf-embedder-viewer"></p>



<p class="has-text-align-center">Group position statement</p>



<p class="has-text-align-center">La religión y la cultura son fenómenos culturales yuxtapuestos que son diversos, pero también muy parecidos.&nbsp;Es verdad que la cultura y la religión suelen desarrollarse en ámbitos distintos ya que hoy en día es evidente la separación de estos componentes culturales. Sin embargo, en la España colonial, las maneras de pensar reflejan los objetivos monárquicos como el catolicismo, la expansión territorial y una presencia sociopolítica en el nuevo mundo. Aunque existe el desacuerdo, la cultura y la religión están vinculadas a grandes rasgos como la lingüística y también en aspectos minuciosos como la forma de saludar. En esa época, se formaban las fusiones entre la cultura y la religión como sucedió en el intercambio cultural de los españoles con los indígenas.</p>



<p class="has-text-align-center">El trabajo de Bernal Diaz del Castillo ejemplifica cómo la cultura indigena era rica en prácticas religiosas, atuendos que incorporaban pedrería, formas de interactuar en círculos sociales para denotar la estratificación social. Es decir, el trabajo de Bernal refleja ejemplos de cómo el comportamiento de las civilizaciones indígenas fusionaban la religión y la cultura con el combate y otras prácticas culturales.&nbsp;En Las Siete Partidas, muchas de las leyes dicen que la gente necesita seguir el cristianismo, y esto muestra cómo la religión y la cultura están relacionadas porque la política es una parte de la cultura. Si la religión existe en la política, va a existir en la cultura también.&nbsp;También, Inca Garcilaso hace hincapié en cómo el mestizaje lingüístico genera una identidad cultural. Entonces, el lenguaje con contextos religiosos reflejan la cultura.&nbsp;</p>



<p class="has-text-align-center">Abravanel defendió a su comunidad judía porque su postura sugiere que la moralidad del judio es la mezcla entre su cultura pacifista y prácticas religiosas. Aquí podemos ver como la cultura del judio tiene normas establecidas que van de la mano con la religión, no ser frívolos con el dinero y restricciones culinarias.&nbsp;Durante el exilio de los judíos, los que elegían quedarse en el país tenían que asimilar al cristianismo. Sin embargo, todavía estaban practicando la religión en casa, y por eso salvaron su cultura desde la práctica de la religión.&nbsp;Además, el pluralismo de España existía entre la religión católica y el judaísmo. En el nuevo mundo existía, entre los grupos indígenas, una cultura diversa con los mayas y el popol vuh y las creencias mexicas de los aztecas.&nbsp;&nbsp;&nbsp;&nbsp;</p>



<p class="has-text-align-center">La religión y la cultura son fenómenos que la gente en cada país practica diariamente ya que son hábitos tradicionales. También la cultura nos habla de lo tradicional. Por eso, es obvio que las dos trabajan a la par para crear una identidad compartida. Por ende, no puede existir la religión sin la cultura ni la cultura sin la religión. El desacuerdo que existe puede ser aclarado porque podemos ver en tiempos coloniales y hoy en día que la cultura y la religión están entrelazadas.</p>



<p class="has-text-align-center">Reflection Paper</p>


<a href="https://sites.wp.odu.edu/cdeweesspan311/wp-content/uploads/sites/31567/2024/04/SPAN-330-Reflection-Paper-Debate-1.pdf" class="pdfemb-viewer" style="" data-width="max" data-height="max"  data-toolbar="bottom" data-toolbar-fixed="off">SPAN-330-Reflection-Paper-Debate-1<br/></a>
<p class="wp-block-pdfemb-pdf-embedder-viewer"></p>



<p class="has-text-align-center"><strong>Artifact</strong></p>



<p class="has-text-align-center">The artifact assignment gave me the opportunity to reflect on all of the literature we had reviewed up until that point, and choose my own way to portray what I have learned. For the first artifact, I chose to write a diary entry from the perspective of one of the characters from Fuenteovejuna. With this diary entry, I tried to encompass all of the main points that were occurring in the play that affected her to demonstrate my understanding of the literature. </p>


<a href="https://sites.wp.odu.edu/cdeweesspan311/wp-content/uploads/sites/31567/2024/04/Artifact-1.pdf" class="pdfemb-viewer" style="" data-width="max" data-height="max"  data-toolbar="bottom" data-toolbar-fixed="off">Artifact-1<br/></a>
<p class="wp-block-pdfemb-pdf-embedder-viewer"></p>
