{"id":217,"date":"2023-04-25T02:58:28","date_gmt":"2023-04-25T02:58:28","guid":{"rendered":"https:\/\/sites.wp.odu.edu\/basicspanishdraft\/?page_id=217"},"modified":"2023-04-26T09:04:29","modified_gmt":"2023-04-26T09:04:29","slug":"bio","status":"publish","type":"page","link":"https:\/\/sites.wp.odu.edu\/charityharrellspanish101\/bio\/","title":{"rendered":"About Me"},"content":{"rendered":"\n<p><mark style=\"background-color:#8ed1fc\" class=\"has-inline-color\">My name is Charity and my last name is Harrell. I&#8217;m from Woodbridge, Virginia. I&#8217;m happy. I am intelligent, comical, studious, and adventurous. I am eighteen years old. My birthday is July 2.<br><\/mark><\/p>\n\n\n\n<p><mark style=\"background-color:#8ed1fc\" class=\"has-inline-color\">My major is primary education. I like to read and I don\u2019t like anything. He took Spanish class, writing, biology, and statistics. My favorite course and teacher is in writing class. I like my classes because they are very easy. Many of my classes are small.<\/mark><\/p>\n\n\n\n<p class=\"has-text-align-right\"><mark style=\"background-color:#7bdcb5\" class=\"has-inline-color\">Me llamo Charity y me apellido es Harrell. Soy de Woodbridge, Virginia. Estoy contenta. Soy inteligente, c\u00f3mica, estudiosa, y adventurera. Tengo dieciocho a\u00f1os. Mi cumplea\u00f1os es dos de julio.<\/mark><\/p>\n\n\n\n<p class=\"has-text-align-right\"><mark style=\"background-color:#7bdcb5\" class=\"has-inline-color\"> Mi especializaci\u00f3n es educaci\u00f3n primaria. Me gusta leer y no me gusta nada. Tomo clase de espa\u00f1ol, escritura, biologia, y estadistica. Mi curso preferido y el profesor esta en la clase de escritura. Me gustan mis clases porque son muy faciles. Muchas mis clases son peque\u00f1as. <\/mark><\/p>\n","protected":false},"excerpt":{"rendered":"<p>My name is Charity and my last name is Harrell. I&#8217;m from Woodbridge, Virginia. I&#8217;m happy. I am intelligent, comical, studious, and adventurous. I am eighteen years old. My birthday is July 2. My major is primary education. I like to read and I don\u2019t like anything. He took Spanish class, writing, biology, and statistics&#8230;. <\/p>\n<div class=\"link-more\"><a href=\"https:\/\/sites.wp.odu.edu\/charityharrellspanish101\/bio\/\">Read More<\/a><\/div>\n","protected":false},"author":26618,"featured_media":161,"parent":0,"menu_order":0,"comment_status":"closed","ping_status":"closed","template":"","meta":{"footnotes":""},"_links":{"self":[{"href":"https:\/\/sites.wp.odu.edu\/charityharrellspanish101\/wp-json\/wp\/v2\/pages\/217"}],"collection":[{"href":"https:\/\/sites.wp.odu.edu\/charityharrellspanish101\/wp-json\/wp\/v2\/pages"}],"about":[{"href":"https:\/\/sites.wp.odu.edu\/charityharrellspanish101\/wp-json\/wp\/v2\/types\/page"}],"author":[{"embeddable":true,"href":"https:\/\/sites.wp.odu.edu\/charityharrellspanish101\/wp-json\/wp\/v2\/users\/26618"}],"replies":[{"embeddable":true,"href":"https:\/\/sites.wp.odu.edu\/charityharrellspanish101\/wp-json\/wp\/v2\/comments?post=217"}],"version-history":[{"count":3,"href":"https:\/\/sites.wp.odu.edu\/charityharrellspanish101\/wp-json\/wp\/v2\/pages\/217\/revisions"}],"predecessor-version":[{"id":547,"href":"https:\/\/sites.wp.odu.edu\/charityharrellspanish101\/wp-json\/wp\/v2\/pages\/217\/revisions\/547"}],"wp:featuredmedia":[{"embeddable":true,"href":"https:\/\/sites.wp.odu.edu\/charityharrellspanish101\/wp-json\/wp\/v2\/media\/161"}],"wp:attachment":[{"href":"https:\/\/sites.wp.odu.edu\/charityharrellspanish101\/wp-json\/wp\/v2\/media?parent=217"}],"curies":[{"name":"wp","href":"https:\/\/api.w.org\/{rel}","templated":true}]}}