{"id":173,"date":"2021-03-23T16:45:05","date_gmt":"2021-03-23T16:45:05","guid":{"rendered":"https:\/\/wp.odu.edu\/odupresentationtemplate\/?page_id=2"},"modified":"2021-03-28T22:02:58","modified_gmt":"2021-03-28T22:02:58","slug":"sample-page-2","status":"publish","type":"page","link":"https:\/\/sites.wp.odu.edu\/edmazzantispanish311\/sample-page-2\/","title":{"rendered":"Home"},"content":{"rendered":"\n<p>\u00a1HOLA!  Me llamo Ed Mazzanti.   Soy estudiante de espa\u00f1ol en la universidad de Old Dominion.   Estoy retirado y he decidido aprender espa\u00f1ol porque a mi esposa y yo nos encanta viajar en Espa\u00f1a.  <\/p>\n\n\n\n<p>Mi pasatiempos favoritos son viajar, jugar al f\u00fatbol, y navigar.  Soy abuelo de dos nientos qu\u00e9 tienen siete a\u00f1os y dos a\u00f1os.   Ellos viven en El Paso porque me hijo es soldado all\u00ed en Fort Bliss.  <\/p>\n\n\n\n<p>Tambien yo estaba soldado por vienteytres a\u00f1os.  Despues de mi servicio en el ej\u00e9rcito,  trabajaba por otro vienteytres a\u00f1os como funcionario del ej\u00e9rcito.  <\/p>\n\n\n\n<p>He organizado mi ePortfolio con archivos de:                                                                              1.  Articolos de ES.YAHOO.COM con vocabulario que aprend\u00ed desde los articolos.                                                                                                                                   2.  Cartas de Verbos.  Mi propria gu\u00eda de estudios qu\u00e9 he desarrollado para ayudarme aprender los verbos en espa\u00f1ol.                                                                3.  Monografias de Viajos.  Notas que he desarrollado desde mis viajes en Espa\u00f1a y por otros viajes que mi esposa y yo queremos hacer nel futuro.  <\/p>\n","protected":false},"excerpt":{"rendered":"<p>\u00a1HOLA! Me llamo Ed Mazzanti. Soy estudiante de espa\u00f1ol en la universidad de Old Dominion. Estoy retirado y he decidido aprender espa\u00f1ol porque a mi esposa y yo nos encanta viajar en Espa\u00f1a. Mi pasatiempos favoritos son viajar, jugar al f\u00fatbol, y navigar. Soy abuelo de dos nientos qu\u00e9 tienen siete a\u00f1os y dos a\u00f1os&#8230;. <\/p>\n<div class=\"link-more\"><a href=\"https:\/\/sites.wp.odu.edu\/edmazzantispanish311\/sample-page-2\/\">Read More<\/a><\/div>\n","protected":false},"author":20453,"featured_media":0,"parent":0,"menu_order":0,"comment_status":"closed","ping_status":"open","template":"","meta":{"footnotes":""},"_links":{"self":[{"href":"https:\/\/sites.wp.odu.edu\/edmazzantispanish311\/wp-json\/wp\/v2\/pages\/173"}],"collection":[{"href":"https:\/\/sites.wp.odu.edu\/edmazzantispanish311\/wp-json\/wp\/v2\/pages"}],"about":[{"href":"https:\/\/sites.wp.odu.edu\/edmazzantispanish311\/wp-json\/wp\/v2\/types\/page"}],"author":[{"embeddable":true,"href":"https:\/\/sites.wp.odu.edu\/edmazzantispanish311\/wp-json\/wp\/v2\/users\/20453"}],"replies":[{"embeddable":true,"href":"https:\/\/sites.wp.odu.edu\/edmazzantispanish311\/wp-json\/wp\/v2\/comments?post=173"}],"version-history":[{"count":1,"href":"https:\/\/sites.wp.odu.edu\/edmazzantispanish311\/wp-json\/wp\/v2\/pages\/173\/revisions"}],"predecessor-version":[{"id":479,"href":"https:\/\/sites.wp.odu.edu\/edmazzantispanish311\/wp-json\/wp\/v2\/pages\/173\/revisions\/479"}],"wp:attachment":[{"href":"https:\/\/sites.wp.odu.edu\/edmazzantispanish311\/wp-json\/wp\/v2\/media?parent=173"}],"curies":[{"name":"wp","href":"https:\/\/api.w.org\/{rel}","templated":true}]}}