{"id":217,"date":"2021-03-23T16:45:05","date_gmt":"2021-03-23T16:45:05","guid":{"rendered":"https:\/\/sites.wp.odu.edu\/basicspanishdraft\/?page_id=217"},"modified":"2021-11-24T01:29:16","modified_gmt":"2021-11-24T01:29:16","slug":"bio","status":"publish","type":"page","link":"https:\/\/sites.wp.odu.edu\/edmazzantispanish311\/","title":{"rendered":"About Me"},"content":{"rendered":"\n<p>\u00a1HOLA! Me llamo Ed Mazzanti. Soy estudiante de espa\u00f1ol en la universidad de Old Dominion. Estoy retirado y he decidido aprender espa\u00f1ol porque a mi esposa y yo nos encanta viajar en Espa\u00f1a.  Hemos visitado a muchas cuidades en Espa\u00f1a:  Sevilla, Granada, Jerez de la Frontera, Madrid, Barcelona, Santiago de Compostela, y A Coru\u00f1a.   Tambi\u00e9n hemos visitado algunas m\u00e1s pequenos lugares  como Llanes y los Picos de Europa en las Asturias y Tarifa en Andaluc\u00eda.  <\/p>\n\n\n\n<p>Mis pasatiempos favoritos son viajar, jugar al f\u00fatbol, y navigar. Soy abuelo de dos nientos qu\u00e9 tienen siete a\u00f1os y tres a\u00f1os. Ellos viven en El Paso porque me hijo es soldado all\u00ed en Fort Bliss.<\/p>\n\n\n\n<p>Tambien yo estaba soldado por veintitr\u00e9s a\u00f1os. Despu\u00e9s de mi servicio en el ej\u00e9rcito, trabajaba por otro veintitr\u00e9s a\u00f1os como funcionario del ej\u00e9rcito.  De hecho, la primera vez que viajaba en Espa\u00f1a era en el a\u00f1o 1981 (o 1982) cuando he cenado con el Rey Juan Carlos y su hijo, Felipe.  Yo fui Capit\u00e1n en el ej\u00e9rcito y fui el ayudante del campo para mi Comandante Generale.   Uno de nuestras unit\u00e1s, una batall\u00f3n de paracaidistas he hecho un ejercisio con las fuerzas espanoles cerca de Valencia.   Despu\u00e9s del ejercisio, haya una grande cena nel campo y el Rey y su hijo ven\u00edan para cenar con los l\u00edders de las unitas.   <\/p>\n\n\n\n<p><\/p>\n","protected":false},"excerpt":{"rendered":"<p>\u00a1HOLA! Me llamo Ed Mazzanti. Soy estudiante de espa\u00f1ol en la universidad de Old Dominion. Estoy retirado y he decidido aprender espa\u00f1ol porque a mi esposa y yo nos encanta viajar en Espa\u00f1a. Hemos visitado a muchas cuidades en Espa\u00f1a: Sevilla, Granada, Jerez de la Frontera, Madrid, Barcelona, Santiago de Compostela, y A Coru\u00f1a. Tambi\u00e9n&#8230; <\/p>\n<div class=\"link-more\"><a href=\"https:\/\/sites.wp.odu.edu\/edmazzantispanish311\/\">Read More<\/a><\/div>\n","protected":false},"author":20453,"featured_media":0,"parent":0,"menu_order":0,"comment_status":"closed","ping_status":"closed","template":"","meta":{"footnotes":""},"_links":{"self":[{"href":"https:\/\/sites.wp.odu.edu\/edmazzantispanish311\/wp-json\/wp\/v2\/pages\/217"}],"collection":[{"href":"https:\/\/sites.wp.odu.edu\/edmazzantispanish311\/wp-json\/wp\/v2\/pages"}],"about":[{"href":"https:\/\/sites.wp.odu.edu\/edmazzantispanish311\/wp-json\/wp\/v2\/types\/page"}],"author":[{"embeddable":true,"href":"https:\/\/sites.wp.odu.edu\/edmazzantispanish311\/wp-json\/wp\/v2\/users\/20453"}],"replies":[{"embeddable":true,"href":"https:\/\/sites.wp.odu.edu\/edmazzantispanish311\/wp-json\/wp\/v2\/comments?post=217"}],"version-history":[{"count":5,"href":"https:\/\/sites.wp.odu.edu\/edmazzantispanish311\/wp-json\/wp\/v2\/pages\/217\/revisions"}],"predecessor-version":[{"id":558,"href":"https:\/\/sites.wp.odu.edu\/edmazzantispanish311\/wp-json\/wp\/v2\/pages\/217\/revisions\/558"}],"wp:attachment":[{"href":"https:\/\/sites.wp.odu.edu\/edmazzantispanish311\/wp-json\/wp\/v2\/media?parent=217"}],"curies":[{"name":"wp","href":"https:\/\/api.w.org\/{rel}","templated":true}]}}