{"id":537,"date":"2021-11-23T00:51:16","date_gmt":"2021-11-23T00:51:16","guid":{"rendered":"https:\/\/sites.wp.odu.edu\/edmazzantispanish311\/?page_id=537"},"modified":"2021-11-23T00:51:17","modified_gmt":"2021-11-23T00:51:17","slug":"la-narracion","status":"publish","type":"page","link":"https:\/\/sites.wp.odu.edu\/edmazzantispanish311\/la-narracion\/","title":{"rendered":"La Narraci\u00f3n"},"content":{"rendered":"\n<p>Sevilla no est\u00e1 muy lejos de la casa de Alberto en Jerez de la Frontera.&nbsp; Alberto elij\u00f3 la Universidad de Sevilla porque a \u00e9l le encanta la historia y \u00e9l quiso estudiar donde mucho de la historia de Espa\u00f1a y tambi\u00e9n del Mundo empec\u00e9.&nbsp; Alberto ha caminado por esta terraza muchas veces antes.&nbsp; Hoy, \u00e9l camina con su novia, Carmen, tambi\u00e9n una estudiante de historia en la universidad, pero, ella fue dos a\u00f1os m\u00e1s joven de Alberto y no hab\u00eda querer caminar ahora porque era ansiosa sobre un ensayo que ten\u00eda que escribir para su clase de la historia de Espa\u00f1a, y no pod\u00eda elijar un tema interesante.&nbsp; Pero, Alberto le ha convencido venir.&nbsp; \u00c9l le dijo que una pausa de sus estudios quiz\u00e1s ayudar\u00eda.&nbsp;<\/p>\n\n\n\n<p>La plaza no era muy lejos de la universidad.&nbsp; El camino corto por el arbolado parque de Mar\u00eda Luis era relativamente fresco afuera del sol de la tarde.&nbsp; Era mayo, pero era un d\u00eda caluroso y no era muchas personas en el parque.&nbsp; Cuando llegaron a la Plaza de Espa\u00f1a, tambi\u00e9n no era muchas personas.&nbsp; Sola algunas turistas en carretas de caballo mirando la belleza del viejo estructure con forma semic\u00edrculo que abraza la plaza.&nbsp;<\/p>\n\n\n\n<p>A Alberto le gusta pasar por la terraza del viejo edificio por la belleza, s\u00ed, pero adem\u00e1s porque el representa tanto de la gloria del pa\u00eds.&nbsp; El sol era descendiendo en el otro lado del rio Guadalquivir y las sombras eran cayendo sul piso de cer\u00e1mica amorronada naranja.&nbsp;&nbsp; Cuando paseando por la terraza, Alberto record\u00f3 un otro hijo de Jerez de la Frontera, quien en el a\u00f1o 1929 ha pasado la misma terraza para abrir la Exposici\u00f3n Iberoamericano\u2026la raz\u00f3n por que este muy ornamentado edificio era construido.&nbsp; \u00c9l era perdido en sus pensamientos.&nbsp; Carmen lo pregunt\u00f3: \u201c\u00bfDe qu\u00e9 est\u00e1s pensando?\u201d.&nbsp; Alberto le respondi\u00f3: \u201dEstoy pesando de la primera vez que este edificio era abierto al p\u00fablico por General Miguel Primo de Rivera\u2026..de Jerez de la Frontera.&nbsp; Pero, General Miguel Primo de Rivera no era solamente un general del ej\u00e9rcito.&nbsp; \u00c9l era el l\u00edder del pa\u00eds despu\u00e9s el golpe de estado en el a\u00f1o 1923.\u201d&nbsp; &nbsp;&nbsp;Porque ambos fueron de Jerez, Alberto lo ha estudiado mucho.&nbsp; Alberto puede ver el General caminado tras esta la terraza aquella calurosa tarde de mayo en 1929, vestido de su uniforme tambi\u00e9n muy ornamentado con decoraciones de campa\u00f1as en Cuba, las Filipinas, Marruecos, y tambi\u00e9n en el Rif de norte \u00c1frica donde \u00e9l ha sufrido la herida que aquella tarde de 1929 todav\u00eda le ha sentido.&nbsp; &nbsp;&nbsp;<\/p>\n\n\n\n<p>Alberto continu\u00f3 explicar a Carmen: \u00b7Que maravilloso era la vista desde esta terraza cuando todo el mundo espa\u00f1ol hablando era juntado en esta plaza.&nbsp; Se puede escuchar las palabras del General Primo de Rivera: -`Patria, Religi\u00f3n, Monarqu\u00eda\u00b4-; un poco extra\u00f1o por \u00e9l manej\u00f3 el golpe contra el pobre Re Alfonso XIII, quien aquella misma tarde fue con el General para abrir la Exposici\u00f3n, pero solo despu\u00e9s del discurso del General\u00b7. &nbsp;Da repente, Carmen con una voz fuerte dijo: \u201c\u00a1Eureka!&#8230;..\u00a1Esta ser\u00e1 mi tema para mi ensayo!\u201d Alberto le d\u00e9 una sonrisa grande, diciendo: \u201cComo te he dicho, esta pausa de estudios te ayudar\u00eda\u201d.<sup>1,2<\/sup>&nbsp;&nbsp;<\/p>\n\n\n\n<p>Hechos hist\u00f3ricos desde:<\/p>\n\n\n\n<p><sup>1<\/sup><a href=\"https:\/\/es.wikipedia.org\/wiki\/Miguel_Primo_de_Rivera\">https:\/\/es.wikipedia.org\/wiki\/Miguel_Primo_de_Rivera<\/a><\/p>\n\n\n\n<p><sup>2<\/sup> <a href=\"https:\/\/es.wikipedia.org\/wiki\/Exposici%C3%B3n_Iberoamericana\">https:\/\/es.wikipedia.org\/wiki\/Exposici%C3%B3n_Iberoamericana<\/a><\/p>\n","protected":false},"excerpt":{"rendered":"<p>Sevilla no est\u00e1 muy lejos de la casa de Alberto en Jerez de la Frontera.&nbsp; Alberto elij\u00f3 la Universidad de Sevilla porque a \u00e9l le encanta la historia y \u00e9l quiso estudiar donde mucho de la historia de Espa\u00f1a y tambi\u00e9n del Mundo empec\u00e9.&nbsp; Alberto ha caminado por esta terraza muchas veces antes.&nbsp; Hoy, \u00e9l&#8230; <\/p>\n<div class=\"link-more\"><a href=\"https:\/\/sites.wp.odu.edu\/edmazzantispanish311\/la-narracion\/\">Read More<\/a><\/div>\n","protected":false},"author":20453,"featured_media":0,"parent":0,"menu_order":0,"comment_status":"closed","ping_status":"closed","template":"","meta":{"footnotes":""},"_links":{"self":[{"href":"https:\/\/sites.wp.odu.edu\/edmazzantispanish311\/wp-json\/wp\/v2\/pages\/537"}],"collection":[{"href":"https:\/\/sites.wp.odu.edu\/edmazzantispanish311\/wp-json\/wp\/v2\/pages"}],"about":[{"href":"https:\/\/sites.wp.odu.edu\/edmazzantispanish311\/wp-json\/wp\/v2\/types\/page"}],"author":[{"embeddable":true,"href":"https:\/\/sites.wp.odu.edu\/edmazzantispanish311\/wp-json\/wp\/v2\/users\/20453"}],"replies":[{"embeddable":true,"href":"https:\/\/sites.wp.odu.edu\/edmazzantispanish311\/wp-json\/wp\/v2\/comments?post=537"}],"version-history":[{"count":1,"href":"https:\/\/sites.wp.odu.edu\/edmazzantispanish311\/wp-json\/wp\/v2\/pages\/537\/revisions"}],"predecessor-version":[{"id":539,"href":"https:\/\/sites.wp.odu.edu\/edmazzantispanish311\/wp-json\/wp\/v2\/pages\/537\/revisions\/539"}],"wp:attachment":[{"href":"https:\/\/sites.wp.odu.edu\/edmazzantispanish311\/wp-json\/wp\/v2\/media?parent=537"}],"curies":[{"name":"wp","href":"https:\/\/api.w.org\/{rel}","templated":true}]}}