{"id":122,"date":"2018-11-27T16:20:14","date_gmt":"2018-11-27T16:20:14","guid":{"rendered":"https:\/\/sites.wp.odu.edu\/french101-102\/?page_id=122"},"modified":"2018-11-27T16:20:14","modified_gmt":"2018-11-27T16:20:14","slug":"bio","status":"publish","type":"page","link":"https:\/\/sites.wp.odu.edu\/fr102spring2019\/bio\/","title":{"rendered":"Bio"},"content":{"rendered":"<p>This is where you will provide content about yourself en fran\u00e7ais (vos \u00e9tudes, vos origines, votre \u00e2ge, votre apparence, votre personnalit\u00e9, vos pr\u00e9f\u00e9rences, vos activit\u00e9s, votre famille, votre maison, votre travail, etc.)<\/p>\n","protected":false},"excerpt":{"rendered":"<p>This is where you will provide content about yourself en fran\u00e7ais (vos \u00e9tudes, vos origines, votre \u00e2ge, votre apparence, votre personnalit\u00e9, vos pr\u00e9f\u00e9rences, vos activit\u00e9s, votre famille, votre maison, votre travail, etc.)<\/p>\n","protected":false},"author":974,"featured_media":0,"parent":0,"menu_order":0,"comment_status":"closed","ping_status":"closed","template":"","meta":{"footnotes":""},"_links":{"self":[{"href":"https:\/\/sites.wp.odu.edu\/fr102spring2019\/wp-json\/wp\/v2\/pages\/122"}],"collection":[{"href":"https:\/\/sites.wp.odu.edu\/fr102spring2019\/wp-json\/wp\/v2\/pages"}],"about":[{"href":"https:\/\/sites.wp.odu.edu\/fr102spring2019\/wp-json\/wp\/v2\/types\/page"}],"author":[{"embeddable":true,"href":"https:\/\/sites.wp.odu.edu\/fr102spring2019\/wp-json\/wp\/v2\/users\/974"}],"replies":[{"embeddable":true,"href":"https:\/\/sites.wp.odu.edu\/fr102spring2019\/wp-json\/wp\/v2\/comments?post=122"}],"version-history":[{"count":1,"href":"https:\/\/sites.wp.odu.edu\/fr102spring2019\/wp-json\/wp\/v2\/pages\/122\/revisions"}],"predecessor-version":[{"id":285,"href":"https:\/\/sites.wp.odu.edu\/fr102spring2019\/wp-json\/wp\/v2\/pages\/122\/revisions\/285"}],"wp:attachment":[{"href":"https:\/\/sites.wp.odu.edu\/fr102spring2019\/wp-json\/wp\/v2\/media?parent=122"}],"curies":[{"name":"wp","href":"https:\/\/api.w.org\/{rel}","templated":true}]}}