{"id":107,"date":"2022-11-19T16:35:14","date_gmt":"2022-11-19T16:35:14","guid":{"rendered":"https:\/\/sites.wp.odu.edu\/fre366draft\/?page_id=107"},"modified":"2022-12-15T00:23:45","modified_gmt":"2022-12-15T00:23:45","slug":"rechercher-demploi","status":"publish","type":"page","link":"https:\/\/sites.wp.odu.edu\/fr366\/rechercher-demploi\/","title":{"rendered":"Rechercher d&#8217;emploi"},"content":{"rendered":"\n<p>This is where you will insert several job ads in French that appeal to you. You can do this by taking screenshots and adding as images, hyperlinking to the job ads, copy\/pasting the job description in, or embedding the position description as a PDF.<\/p>\n\n\n\n<p>A tutorial on how to embed a PDF is <a rel=\"noreferrer noopener\" href=\"https:\/\/docs.google.com\/document\/d\/1fxMToBuWauYweALA_oUZL6bxuQZUbw9utrKDhCZWOG4\/edit\" target=\"_blank\">available at this link.<\/a> This tutorial will guide you on <a href=\"https:\/\/docs.google.com\/document\/d\/1StopgIP4U3bAxhHJAFIu1CkVpulcAQjfrEnmov2mmNc\/edit#heading=h.30j0zll\">Embedding Media<\/a> (Images, Audio).<\/p>\n\n\n\n<p class=\"has-x-large-font-size\"><strong><em>Exemple <\/em><\/strong>1<\/p>\n\n\n\n<h1 class=\"wp-block-heading\" id=\"labelPopinDetails\">Professeur \/ professeure d&#8217;anglais de coll\u00e8ge (sud meusien) (H\/F)<\/h1>\n\n\n\n<p>55 &#8211; LIGNY EN BARROIS&nbsp;&#8211;&nbsp;<a target=\"_blank\" rel=\"noreferrer noopener\" href=\"https:\/\/fr.mappy.com\/plan#\/55500%20ligny%20en%20barrois#xtor=CS1-84-[pole-emploi]-[lieu-travail]\">Localiser avec Mappy<\/a><\/p>\n\n\n\n<p>Actualis\u00e9 le 14 octobre 2022\u00a0&#8211; offre n\u00b0\u00a0145SYHF<\/p>\n\n\n\n<p>Enseignant aupr\u00e8s de public scolaire (coll\u00e8ge) vous enseignerez 15 ou 18h (temps plein) par semaine \u00e0 Ligny en Barrois. Vous disposez d&#8217;un dipl\u00f4me dans les domaines suivants : licence \/ master en langue ou d&#8217;une maitrise de l&#8217;anglais de ce niveau. Vous \u00eates motiv\u00e9(e) et vous souhaitez accompagner les jeunes dans leurs apprentissages et la construction de leur personne au sein d&#8217;une \u00e9quipe dynamique.<\/p>\n\n\n\n<p>Type de contrat: Contrat \u00e0 dur\u00e9e d\u00e9termin\u00e9e &#8211; 8 Mois<br>Contrat travail <\/p>\n\n\n\n<p>Dur\u00e9e du travail: 18H Horaires normaux<\/p>\n\n\n\n<p>Salaire: Salaire brut : Mensuel de 1700,00 Euros \u00e0 1800,00 Euros sur 12 mois<\/p>\n\n\n\n<h2 class=\"wp-block-heading\">Profil souhait\u00e9<\/h2>\n\n\n\n<h3 class=\"wp-block-heading\">Exp\u00e9rience<\/h3>\n\n\n\n<ul><li>D\u00e9butant accept\u00e9<\/li><\/ul>\n\n\n\n<h3 class=\"wp-block-heading\">Comp\u00e9tences<\/h3>\n\n\n\n<ul><li>Enseigner une discipline \u00e0 un groupe de personnes<\/li><li>Pr\u00e9parer les cours et \u00e9tablir la progression p\u00e9dagogique<\/li><li>Renseigner les supports d&#8217;\u00e9valuation scolaire et informer les proviseurs, coll\u00e8gues, parents, lors de conseils de classe, rencontres parents\/professeurs, &#8230;<\/li><li>Suivre et conseiller les \u00e9l\u00e8ves dans l&#8217;organisation du travail personnel<\/li><li>Techniques p\u00e9dagogiques<\/li><\/ul>\n\n\n\n<h3 class=\"wp-block-heading\">Savoir-\u00eatre professionnels<\/h3>\n\n\n\n<ul><li>R\u00e9activit\u00e9<\/li><li>Autonomie<\/li><li>Rigueur<\/li><\/ul>\n\n\n\n<h2 class=\"wp-block-heading\">Informations compl\u00e9mentaires<\/h2>\n\n\n\n<ul><li>Qualification :&nbsp;Cadre<\/li><li>Secteur d&#8217;activit\u00e9 :&nbsp;Enseignement secondaire g\u00e9n\u00e9ral<\/li><\/ul>\n\n\n\n<h2 class=\"wp-block-heading\"><\/h2>\n\n\n\n<p class=\"has-x-large-font-size\"><em><strong>Exemple 2<\/strong><\/em><\/p>\n\n\n\n<h1 class=\"wp-block-heading\" id=\"labelPopinDetails\">Serveur \/ Serveuse de restaurant (H\/F)<\/h1>\n\n\n\n<p>78 &#8211; VERSAILLES&nbsp;&#8211;&nbsp;<a target=\"_blank\" rel=\"noreferrer noopener\" href=\"https:\/\/fr.mappy.com\/plan#\/78000%20versailles#xtor=CS1-84-[pole-emploi]-[lieu-travail]\">Localiser avec Mappy<\/a><\/p>\n\n\n\n<p>Publi\u00e9 le 14 octobre 2022\u00a0&#8211; offre n\u00b0\u00a0145SSKH<\/p>\n\n\n\n<p>Vous serez charg\u00e9(e) de la mise en place de la salle, de l&#8217;accueil et du service des clients ainsi que du d\u00e9barrassage. Ponctualit\u00e9 et rigueur sont des qualit\u00e9s attendues.<\/p>\n\n\n\n<p>Type de contrat: Contrat \u00e0 dur\u00e9e ind\u00e9termin\u00e9e<br>Contrat travail<\/p>\n\n\n\n<p>Dur\u00e9e du travail: 39H Horaires normaux<\/p>\n\n\n\n<p>Salaire: Salaire brut : Mensuel de 2200,00 Euros \u00e0 2500,00 Euros sur 12 mois<\/p>\n\n\n\n<h2 class=\"wp-block-heading\">Profil souhait\u00e9<\/h2>\n\n\n\n<h3 class=\"wp-block-heading\">Exp\u00e9rience<\/h3>\n\n\n\n<ul><li>D\u00e9butant accept\u00e9<\/li><\/ul>\n\n\n\n<h3 class=\"wp-block-heading\">Comp\u00e9tences<\/h3>\n\n\n\n<ul><li>Dresser les tables<\/li><li>D\u00e9barrasser une table<\/li><li>Nettoyer une salle de r\u00e9ception<\/li><li>R\u00e9aliser la mise en place de la salle et de l&#8217;office<\/li><\/ul>\n\n\n\n<h3 class=\"wp-block-heading\">Savoir-\u00eatre professionnels<\/h3>\n\n\n\n<ul><li>Capacit\u00e9 d&#8217;adaptation<\/li><li>Autonomie<\/li><li>Rigueur<\/li><\/ul>\n\n\n\n<h2 class=\"wp-block-heading\">Informations compl\u00e9mentaires<\/h2>\n\n\n\n<ul><li>Qualification :&nbsp;Employ\u00e9 qualifi\u00e9<\/li><li>Secteur d&#8217;activit\u00e9 :&nbsp;Restauration traditionnelle<\/li><\/ul>\n\n\n\n<h2 class=\"wp-block-heading\">Entreprise<\/h2>\n\n\n\n<h3 class=\"wp-block-heading\">LE PETIT BOUILLON VERSAILLES<\/h3>\n\n\n\n<p>0 salari\u00e9<\/p>\n\n\n\n<hr class=\"wp-block-separator has-alpha-channel-opacity\" \/>\n\n\n\n<p>NOUS CREONS UN RESTAURANT BOUILLON<\/p>\n\n\n\n<h2 class=\"wp-block-heading\">Partenariat<\/h2>\n\n\n\n<p><img decoding=\"async\" alt=\"JOP\" src=\"https:\/\/www.pole-emploi.fr\/static\/\/img\/operation_nationale\/jop80.png\"><\/p>\n\n\n\n<p><strong>Cette offre fait partie du partenariat &#8220;Jeux Olympiques Paris 2024&#8221;.<\/strong><br>Retrouvez l\u2019ensemble des offres disponibles pour cette&nbsp;<a target=\"_blank\" href=\"https:\/\/candidat.pole-emploi.fr\/offres\/recherche?opn=JOP\" rel=\"noreferrer noopener\">op\u00e9ration de recrutement<\/a>.<\/p>\n","protected":false},"excerpt":{"rendered":"<p>This is where you will insert several job ads in French that appeal to you. You can do this by taking screenshots and adding as images, hyperlinking to the job ads, copy\/pasting the job description in, or embedding the position description as a PDF. A tutorial on how to embed a PDF is available at&#8230; <\/p>\n<div class=\"link-more\"><a href=\"https:\/\/sites.wp.odu.edu\/fr366\/rechercher-demploi\/\">Read More<\/a><\/div>\n","protected":false},"author":17732,"featured_media":0,"parent":0,"menu_order":0,"comment_status":"closed","ping_status":"closed","template":"","meta":{"footnotes":""},"_links":{"self":[{"href":"https:\/\/sites.wp.odu.edu\/fr366\/wp-json\/wp\/v2\/pages\/107"}],"collection":[{"href":"https:\/\/sites.wp.odu.edu\/fr366\/wp-json\/wp\/v2\/pages"}],"about":[{"href":"https:\/\/sites.wp.odu.edu\/fr366\/wp-json\/wp\/v2\/types\/page"}],"author":[{"embeddable":true,"href":"https:\/\/sites.wp.odu.edu\/fr366\/wp-json\/wp\/v2\/users\/17732"}],"replies":[{"embeddable":true,"href":"https:\/\/sites.wp.odu.edu\/fr366\/wp-json\/wp\/v2\/comments?post=107"}],"version-history":[{"count":3,"href":"https:\/\/sites.wp.odu.edu\/fr366\/wp-json\/wp\/v2\/pages\/107\/revisions"}],"predecessor-version":[{"id":278,"href":"https:\/\/sites.wp.odu.edu\/fr366\/wp-json\/wp\/v2\/pages\/107\/revisions\/278"}],"wp:attachment":[{"href":"https:\/\/sites.wp.odu.edu\/fr366\/wp-json\/wp\/v2\/media?parent=107"}],"curies":[{"name":"wp","href":"https:\/\/api.w.org\/{rel}","templated":true}]}}