{"id":471,"date":"2023-01-23T17:08:43","date_gmt":"2023-01-23T17:08:43","guid":{"rendered":"https:\/\/wp.odu.edu\/spring2017-fr102-template\/?page_id=471"},"modified":"2023-04-30T18:31:14","modified_gmt":"2023-04-30T18:31:14","slug":"about-me","status":"publish","type":"page","link":"https:\/\/sites.wp.odu.edu\/freli\/","title":{"rendered":"About Me"},"content":{"rendered":"<p>Bonjour Je m&#8217;appelle Elizjah Eddy. Je suis un \u00e9tudiant \u00e0 Old Dominion Universit\u00e9 dans mon premiere ans. Me sp\u00e9cialit\u00e9 est science de l&#8217;environment. J&#8217;aime \u00e9coute musique souvent. J&#8217;aime jouer jeux aux vid\u00e9os avec mes amis. J&#8217;aime cuisiner Mexicaine, Nippon, et tous nourriture.<\/p>\n<p><img loading=\"lazy\" decoding=\"async\" class=\"aligncenter wp-image-145\" src=\"https:\/\/sites.wp.odu.edu\/freli\/wp-content\/uploads\/sites\/3116\/2016\/12\/P7050849-300x225.jpg\" alt=\"\" width=\"439\" height=\"329\" srcset=\"https:\/\/sites.wp.odu.edu\/freli\/wp-content\/uploads\/sites\/32236\/2016\/12\/P7050849-300x225.jpg 300w, https:\/\/sites.wp.odu.edu\/freli\/wp-content\/uploads\/sites\/32236\/2016\/12\/P7050849-768x576.jpg 768w, https:\/\/sites.wp.odu.edu\/freli\/wp-content\/uploads\/sites\/32236\/2016\/12\/P7050849-1024x768.jpg 1024w\" sizes=\"(max-width: 439px) 100vw, 439px\" \/><\/p>\n<hr \/>\n<p>To start, view these quick <a href=\"https:\/\/www.odu.edu\/success\/programs\/eportfolios\/tutorials#tab89=2\">WordPress<\/a> tutorials! For more help, make an appointment with <a href=\"https:\/\/www.odu.edu\/success\/programs\/eportfolios\">The Center for High Impact Practice&#8217;s ePortfolio Team<\/a>.<\/p>\n<p><strong>Be sure to remove the instructional language when you have completed updating content on this page.<\/strong><\/p>\n","protected":false},"excerpt":{"rendered":"<p>Bonjour Je m&#8217;appelle Elizjah Eddy. Je suis un \u00e9tudiant \u00e0 Old Dominion Universit\u00e9 dans mon premiere ans. Me sp\u00e9cialit\u00e9 est science de l&#8217;environment. J&#8217;aime \u00e9coute musique souvent. J&#8217;aime jouer jeux aux vid\u00e9os avec mes amis. J&#8217;aime cuisiner Mexicaine, Nippon, et&#8230; <a class=\"more-link\" href=\"https:\/\/sites.wp.odu.edu\/freli\/\">Continue Reading &rarr;<\/a><\/p>\n","protected":false},"author":26007,"featured_media":0,"parent":0,"menu_order":0,"comment_status":"closed","ping_status":"closed","template":"","meta":{"footnotes":""},"_links":{"self":[{"href":"https:\/\/sites.wp.odu.edu\/freli\/wp-json\/wp\/v2\/pages\/471"}],"collection":[{"href":"https:\/\/sites.wp.odu.edu\/freli\/wp-json\/wp\/v2\/pages"}],"about":[{"href":"https:\/\/sites.wp.odu.edu\/freli\/wp-json\/wp\/v2\/types\/page"}],"author":[{"embeddable":true,"href":"https:\/\/sites.wp.odu.edu\/freli\/wp-json\/wp\/v2\/users\/26007"}],"replies":[{"embeddable":true,"href":"https:\/\/sites.wp.odu.edu\/freli\/wp-json\/wp\/v2\/comments?post=471"}],"version-history":[{"count":4,"href":"https:\/\/sites.wp.odu.edu\/freli\/wp-json\/wp\/v2\/pages\/471\/revisions"}],"predecessor-version":[{"id":612,"href":"https:\/\/sites.wp.odu.edu\/freli\/wp-json\/wp\/v2\/pages\/471\/revisions\/612"}],"wp:attachment":[{"href":"https:\/\/sites.wp.odu.edu\/freli\/wp-json\/wp\/v2\/media?parent=471"}],"curies":[{"name":"wp","href":"https:\/\/api.w.org\/{rel}","templated":true}]}}