{"id":474,"date":"2023-01-23T17:08:43","date_gmt":"2023-01-23T17:08:43","guid":{"rendered":"https:\/\/wp.odu.edu\/spring2017-fr102-template\/?page_id=474"},"modified":"2023-05-01T12:40:00","modified_gmt":"2023-05-01T12:40:00","slug":"bio","status":"publish","type":"page","link":"https:\/\/sites.wp.odu.edu\/freli\/bio\/","title":{"rendered":"Bio"},"content":{"rendered":"<p>Bonjour Je m&#8217;appelle Elizjah Eddy. Je suis un \u00e9tudiant \u00e0 Old Dominion Universit\u00e9 dans mon premiere ans. Me sp\u00e9cialit\u00e9 est science de l&#8217;environment. J&#8217;aime \u00e9coute musique souvent. J&#8217;aime jouer jeux aux vid\u00e9os avec mes amis. J&#8217;aime cuisiner Mexicaine, Nippon, et tous nourriture. Je suis Carib\u00e9en et j&#8217;ai dix-huit ans. Je suis dr\u00f4le, calm, et intelligent. J&#8217;habite dans un\u00a0r\u00e9sidence universitaire et je travail \u00e0 Texas Roadhouse en tant que cuisinier \u00e0 la cha\u00eene. Je pr\u00e9f\u00e8re jouer d&#8217;\u00e9checs et faire de la musculation.<\/p>\n","protected":false},"excerpt":{"rendered":"<p>Bonjour Je m&#8217;appelle Elizjah Eddy. Je suis un \u00e9tudiant \u00e0 Old Dominion Universit\u00e9 dans mon premiere ans. Me sp\u00e9cialit\u00e9 est science de l&#8217;environment. J&#8217;aime \u00e9coute musique souvent. J&#8217;aime jouer jeux aux vid\u00e9os avec mes amis. J&#8217;aime cuisiner Mexicaine, Nippon, et&#8230; <a class=\"more-link\" href=\"https:\/\/sites.wp.odu.edu\/freli\/bio\/\">Continue Reading &rarr;<\/a><\/p>\n","protected":false},"author":26007,"featured_media":0,"parent":0,"menu_order":0,"comment_status":"closed","ping_status":"closed","template":"","meta":{"footnotes":""},"_links":{"self":[{"href":"https:\/\/sites.wp.odu.edu\/freli\/wp-json\/wp\/v2\/pages\/474"}],"collection":[{"href":"https:\/\/sites.wp.odu.edu\/freli\/wp-json\/wp\/v2\/pages"}],"about":[{"href":"https:\/\/sites.wp.odu.edu\/freli\/wp-json\/wp\/v2\/types\/page"}],"author":[{"embeddable":true,"href":"https:\/\/sites.wp.odu.edu\/freli\/wp-json\/wp\/v2\/users\/26007"}],"replies":[{"embeddable":true,"href":"https:\/\/sites.wp.odu.edu\/freli\/wp-json\/wp\/v2\/comments?post=474"}],"version-history":[{"count":4,"href":"https:\/\/sites.wp.odu.edu\/freli\/wp-json\/wp\/v2\/pages\/474\/revisions"}],"predecessor-version":[{"id":637,"href":"https:\/\/sites.wp.odu.edu\/freli\/wp-json\/wp\/v2\/pages\/474\/revisions\/637"}],"wp:attachment":[{"href":"https:\/\/sites.wp.odu.edu\/freli\/wp-json\/wp\/v2\/media?parent=474"}],"curies":[{"name":"wp","href":"https:\/\/api.w.org\/{rel}","templated":true}]}}