{"id":474,"date":"2023-01-23T17:08:23","date_gmt":"2023-01-23T17:08:23","guid":{"rendered":"https:\/\/wp.odu.edu\/spring2017-fr102-template\/?page_id=474"},"modified":"2023-05-01T05:44:54","modified_gmt":"2023-05-01T05:44:54","slug":"bio","status":"publish","type":"page","link":"https:\/\/sites.wp.odu.edu\/french102seg\/bio\/","title":{"rendered":"Bio"},"content":{"rendered":"<div class=\"wp-block-image\">\n<figure class=\"aligncenter size-full\"><img loading=\"lazy\" decoding=\"async\" width=\"320\" height=\"297\" src=\"http:\/\/sites.wp.odu.edu\/french102seg\/wp-content\/uploads\/sites\/32233\/2023\/04\/View-recent-photos.png\" alt=\"\" class=\"wp-image-705\" srcset=\"https:\/\/sites.wp.odu.edu\/french102seg\/wp-content\/uploads\/sites\/32233\/2023\/04\/View-recent-photos.png 320w, https:\/\/sites.wp.odu.edu\/french102seg\/wp-content\/uploads\/sites\/32233\/2023\/04\/View-recent-photos-300x278.png 300w, https:\/\/sites.wp.odu.edu\/french102seg\/wp-content\/uploads\/sites\/32233\/2023\/04\/View-recent-photos-103x96.png 103w\" sizes=\"(max-width: 320px) 100vw, 320px\" \/><figcaption class=\"wp-element-caption\"><em>Nous aimons l&#8217;ecole.<\/em><\/figcaption><\/figure><\/div>\n\n\n<p><\/p>\n\n\n<p>Shane Green est un \u00e9tudiant \u00e0 Old Dominion University. Il est une personne importante en le d\u00e9partement de th\u00e9\u00e2tre. Il voudrait enseigner anglais&#8230; devenir un prof d\u2019anglais. Il a int\u00e9resse en cin\u00e9ma et l\u2019\u00e9criture aussi.<\/p>","protected":false},"excerpt":{"rendered":"<p>Shane Green est un \u00e9tudiant \u00e0 Old Dominion University. Il est une personne importante en le d\u00e9partement de th\u00e9\u00e2tre. Il voudrait enseigner anglais&#8230; devenir un prof d\u2019anglais. Il a int\u00e9resse en cin\u00e9ma et l\u2019\u00e9criture aussi.<\/p>\n","protected":false},"author":26005,"featured_media":0,"parent":0,"menu_order":0,"comment_status":"closed","ping_status":"closed","template":"","meta":{"footnotes":""},"_links":{"self":[{"href":"https:\/\/sites.wp.odu.edu\/french102seg\/wp-json\/wp\/v2\/pages\/474"}],"collection":[{"href":"https:\/\/sites.wp.odu.edu\/french102seg\/wp-json\/wp\/v2\/pages"}],"about":[{"href":"https:\/\/sites.wp.odu.edu\/french102seg\/wp-json\/wp\/v2\/types\/page"}],"author":[{"embeddable":true,"href":"https:\/\/sites.wp.odu.edu\/french102seg\/wp-json\/wp\/v2\/users\/26005"}],"replies":[{"embeddable":true,"href":"https:\/\/sites.wp.odu.edu\/french102seg\/wp-json\/wp\/v2\/comments?post=474"}],"version-history":[{"count":5,"href":"https:\/\/sites.wp.odu.edu\/french102seg\/wp-json\/wp\/v2\/pages\/474\/revisions"}],"predecessor-version":[{"id":707,"href":"https:\/\/sites.wp.odu.edu\/french102seg\/wp-json\/wp\/v2\/pages\/474\/revisions\/707"}],"wp:attachment":[{"href":"https:\/\/sites.wp.odu.edu\/french102seg\/wp-json\/wp\/v2\/media?parent=474"}],"curies":[{"name":"wp","href":"https:\/\/api.w.org\/{rel}","templated":true}]}}