{"id":112,"date":"2018-11-08T20:08:29","date_gmt":"2018-11-08T20:08:29","guid":{"rendered":"https:\/\/sites.wp.odu.edu\/french101-102\/?page_id=112"},"modified":"2018-11-14T16:19:52","modified_gmt":"2018-11-14T16:19:52","slug":"can-do-statements","status":"publish","type":"page","link":"https:\/\/sites.wp.odu.edu\/french201\/assessment\/can-do-statements\/","title":{"rendered":"Can-Do Statements"},"content":{"rendered":"<p>Vous trouverez ci-dessous une feuille de travail \u00e0 r\u00e9viser. Vous avez quelques options pour montrer vos r\u00e9ponses. Vous pouvez soit l&#8217;imprimer, s\u00e9lectionner tout ce qui s&#8217;applique, num\u00e9riser (la biblioth\u00e8que a toute les ressources n\u00e9cessaires pour faire ce travail), et t\u00e9l\u00e9charger votre copie marqu\u00e9e ici. Une autre option consiste \u00e0 \u00e9crire sur cette page toutes les r\u00e9ponses qui s\u2019appliquent \u00e0 vous.<\/p>\n<p><strong>Below is a worksheet you need to review. You have a few options to show your responses to this sheet. You can either print it out, select all that apply, scan (the library has resources), and upload your marked copy here. Another option is to write on this page all of the items that are applicable to you.<\/strong><\/p>\n<a href=\"https:\/\/sites.wp.odu.edu\/french201\/wp-content\/uploads\/sites\/6308\/2016\/12\/Can-Do-Statements.pdf\" class=\"pdfemb-viewer\" style=\"\" data-width=\"max\" data-height=\"max\"  data-toolbar=\"bottom\" data-toolbar-fixed=\"off\">can-do-statements<br\/><\/a>\n","protected":false},"excerpt":{"rendered":"<p>Vous trouverez ci-dessous une feuille de travail \u00e0 r\u00e9viser. Vous avez quelques options pour montrer vos r\u00e9ponses. Vous pouvez soit l&#8217;imprimer, s\u00e9lectionner tout ce qui s&#8217;applique, num\u00e9riser (la biblioth\u00e8que a toute les ressources n\u00e9cessaires pour faire ce travail), et t\u00e9l\u00e9charger votre copie marqu\u00e9e ici. Une autre option consiste \u00e0 \u00e9crire sur cette page toutes les&#8230; <\/p>\n<div class=\"link-more\"><a href=\"https:\/\/sites.wp.odu.edu\/french201\/assessment\/can-do-statements\/\">Read More<\/a><\/div>\n","protected":false},"author":598,"featured_media":0,"parent":94,"menu_order":0,"comment_status":"closed","ping_status":"closed","template":"","meta":{"footnotes":""},"_links":{"self":[{"href":"https:\/\/sites.wp.odu.edu\/french201\/wp-json\/wp\/v2\/pages\/112"}],"collection":[{"href":"https:\/\/sites.wp.odu.edu\/french201\/wp-json\/wp\/v2\/pages"}],"about":[{"href":"https:\/\/sites.wp.odu.edu\/french201\/wp-json\/wp\/v2\/types\/page"}],"author":[{"embeddable":true,"href":"https:\/\/sites.wp.odu.edu\/french201\/wp-json\/wp\/v2\/users\/598"}],"replies":[{"embeddable":true,"href":"https:\/\/sites.wp.odu.edu\/french201\/wp-json\/wp\/v2\/comments?post=112"}],"version-history":[{"count":2,"href":"https:\/\/sites.wp.odu.edu\/french201\/wp-json\/wp\/v2\/pages\/112\/revisions"}],"predecessor-version":[{"id":395,"href":"https:\/\/sites.wp.odu.edu\/french201\/wp-json\/wp\/v2\/pages\/112\/revisions\/395"}],"up":[{"embeddable":true,"href":"https:\/\/sites.wp.odu.edu\/french201\/wp-json\/wp\/v2\/pages\/94"}],"wp:attachment":[{"href":"https:\/\/sites.wp.odu.edu\/french201\/wp-json\/wp\/v2\/media?parent=112"}],"curies":[{"name":"wp","href":"https:\/\/api.w.org\/{rel}","templated":true}]}}