{"id":392,"date":"2018-11-08T20:34:17","date_gmt":"2018-11-08T20:34:17","guid":{"rendered":"https:\/\/sites.wp.odu.edu\/french311\/?page_id=392"},"modified":"2018-11-14T21:46:15","modified_gmt":"2018-11-14T21:46:15","slug":"video-2","status":"publish","type":"page","link":"https:\/\/sites.wp.odu.edu\/french311\/video-2\/","title":{"rendered":"Video 2"},"content":{"rendered":"<p>Parmi les vid\u00e9os que vous avez sauvegard\u00e9es dans ce cours, s\u00e9lectionnez l&#8217;une des vid\u00e9os qui, selon vous, met en valeur vos comp\u00e9tences en fran\u00e7ais.<\/p>\n<p>Sur cette m\u00eame page, r\u00e9fl\u00e9chissez sur votre exp\u00e9rience au cours de cette vid\u00e9o. Qu&#8217;est-ce que vous avez bien fait ? Qu\u2019est-ce que vous avez aim\u00e9 ? Qu&#8217;avez-vous besoin d\u2019am\u00e9liorer ? Qu&#8217;avez-vous appris au cours de cette conversation ?<\/p>\n<p>Ensuite, ajoutez votre vid\u00e9o ci-dessous. Voici un tutoriel sur la fa\u00e7on de le faire.<\/p>\n<p>From the videos you have saved from this course, select one of the videos that you think showcases your French-speaking skills the best. On this page, first reflect on your experience which is captured in the video you will add. What did you do well? What did you need to improve upon? What did you learn in the course of conducting this conversation?<\/p>\n<p>Then, add your video below. Here are tutorial on how to do so: <a href=\"https:\/\/docs.google.com\/document\/d\/1VPIW-b_yHKTywWl5f60dNZXxe_JwISVFQT9ZFwJc5vw\/edit\">Embedding a Video Using Simple Youtube Embed<\/a> or <a href=\"https:\/\/docs.google.com\/document\/d\/1z2BrQqvlIjwUiQJ5dT3ge27TqB37u9kwG59dTKA7FXk\/edit\">Adding as Media<\/a>.<\/p>\n","protected":false},"excerpt":{"rendered":"<p>Parmi les vid\u00e9os que vous avez sauvegard\u00e9es dans ce cours, s\u00e9lectionnez l&#8217;une des vid\u00e9os qui, selon vous, met en valeur vos comp\u00e9tences en fran\u00e7ais. Sur cette m\u00eame page, r\u00e9fl\u00e9chissez sur votre exp\u00e9rience au cours de cette vid\u00e9o. Qu&#8217;est-ce que vous avez bien fait ? Qu\u2019est-ce que vous avez aim\u00e9 ? Qu&#8217;avez-vous besoin d\u2019am\u00e9liorer ? Qu&#8217;avez-vous&#8230; <\/p>\n<div class=\"link-more\"><a href=\"https:\/\/sites.wp.odu.edu\/french311\/video-2\/\">Read More<\/a><\/div>\n","protected":false},"author":598,"featured_media":0,"parent":0,"menu_order":0,"comment_status":"closed","ping_status":"closed","template":"","meta":{"footnotes":""},"_links":{"self":[{"href":"https:\/\/sites.wp.odu.edu\/french311\/wp-json\/wp\/v2\/pages\/392"}],"collection":[{"href":"https:\/\/sites.wp.odu.edu\/french311\/wp-json\/wp\/v2\/pages"}],"about":[{"href":"https:\/\/sites.wp.odu.edu\/french311\/wp-json\/wp\/v2\/types\/page"}],"author":[{"embeddable":true,"href":"https:\/\/sites.wp.odu.edu\/french311\/wp-json\/wp\/v2\/users\/598"}],"replies":[{"embeddable":true,"href":"https:\/\/sites.wp.odu.edu\/french311\/wp-json\/wp\/v2\/comments?post=392"}],"version-history":[{"count":3,"href":"https:\/\/sites.wp.odu.edu\/french311\/wp-json\/wp\/v2\/pages\/392\/revisions"}],"predecessor-version":[{"id":418,"href":"https:\/\/sites.wp.odu.edu\/french311\/wp-json\/wp\/v2\/pages\/392\/revisions\/418"}],"wp:attachment":[{"href":"https:\/\/sites.wp.odu.edu\/french311\/wp-json\/wp\/v2\/media?parent=392"}],"curies":[{"name":"wp","href":"https:\/\/api.w.org\/{rel}","templated":true}]}}