{"id":431,"date":"2023-04-04T01:23:20","date_gmt":"2023-04-04T01:23:20","guid":{"rendered":"https:\/\/sites.wp.odu.edu\/basicspanishdraft2\/?page_id=431"},"modified":"2023-08-03T19:51:02","modified_gmt":"2023-08-03T19:51:02","slug":"202-2","status":"publish","type":"page","link":"https:\/\/sites.wp.odu.edu\/indiadavis-spanish201\/202-2\/","title":{"rendered":"SPAN 202"},"content":{"rendered":"\n<p><strong>Exploring Culture<\/strong><\/p>\n\n\n\n<p>While enrolled in Spanish 202, I was able to explore culture through TalkAbroad, LingroHub, and communicating with my classmates. TalkAbroad allowed me to communicate with another Spanish speaking person from another country and talk to them about their cultures and practices. In unit 17 we learned about stereotypes and values that people have. We also learned about attributes people have and attitudes that others have. When participating in the discussions with my classmates I was able to learn different stereotypes that other people have faced. During this unit I also was able to learn about my partner from TalkAbroad and learn about the different stereotypes in Mexico. In different regions of Mexico there are different stereotypes. Overall the experience was a nice way to practice spanish, learn about a new culture, and also teach others about some of the culture in the U.S. Additionally, in each unit on LingroHub, there was a culture section that allowed me to explore experiences from other countries regarding each topic that we learned about.&nbsp;<\/p>\n\n\n\n<p><em>Example of conversation with partner from Mexico on TalkAbroad.\u00a0<\/em><\/p>\n\n\n\n<p class=\"has-black-color has-cyan-bluish-gray-background-color has-text-color has-background has-small-font-size\">7:55]&nbsp; Me: \u00bfPor qu\u00e9 crees que esos estereotipos existen?&nbsp;<\/p>\n\n\n\n<p class=\"has-black-color has-cyan-bluish-gray-background-color has-text-color has-background has-small-font-size\">Claudia: Por dos razones principales. Una es que tendemos a juzgar\u00e1 otros porque dentro del proceso del pensamiento deductivo una de las fases es justamente hacer una generalizaci\u00f3n apresurada. No tenemos toda la informaci\u00f3n de la persona, de lo , o de la situaci\u00f3n. Entonces, pendemos sa eser esto. Es imparte natural. Hac\u00edas como funciona nuestros cerezo. Pero es un error quedarnos con poca informaci\u00f3n. El problema es que no siempre tenemos otro recursos como no siempre tenemos tiempo o la disposici\u00f3n para conocer m\u00e1s a su persona y tener un idea real de ya o la situaci\u00f3n. No tenemos lo recurso deducacion, no lectura..<\/p>\n\n\n\n<p><strong>Engaging in Communities<\/strong><\/p>\n\n\n\n<p>When using and learning Spanish it\u2019s important to understand the community and the values within them. Learning a new language can be valuable for making new connections with others. There are many ways in which one can make connections through the use of language and having others stored away for use can also lead to new friendships. Getting involved with your community can help introduce you to individuals who share similarities or may be different from you.<\/p>\n\n\n\n<p><strong>Interpersonal Communication<\/strong><\/p>\n\n\n\n<p>This was my second experience with TalkAbroad so I already knew what to expect in terms of scheduling conversations and talking to people from different Spanish speaking countries. Different topics were discussed this time such as Influencers, Identity, Customs, etc. 15 minutes still seemed a little long when speaking but it went by quickly since I had prepared my information beforehand. My Spanish speaking skills aren\u2019t the best but I feel that it has improved a little bit since my last two TalkAbroad sessions. I\u2019m glad that I was able to feel just a little bit more confident and practice my speaking with native speakers as it exposed me to the different ways that people speak Spanish. Although this is my last Spanish class with ODU, I would like to continue practicing my Spanish skills and become more fluent in the way that I read, write, listen, and speak the language. In the conversations included in LingroHub it was a little difficult to try and come up with information for the speaking and writing parts since it was new information I was learning so I feel that I could use more practice with spontaneous conversation\/activities. The thing that was most difficult for me was tackling grammar and making sure that I was phrasing my sentences with the new grammar that we learned. After doing practice I was able to gain a better understanding as to how they worked but I think that I can still work to excel with the new grammar structures.<\/p>\n\n\n\n<p class=\"has-small-font-size\">Example: Discussion post<\/p>\n\n\n\n<figure class=\"wp-block-image size-full is-style-default\"><a href=\"https:\/\/sites.wp.odu.edu\/indiadavis-spanish201\/wp-content\/uploads\/sites\/33065\/2023\/08\/eportfolio-db.jpg\"><img loading=\"lazy\" decoding=\"async\" width=\"618\" height=\"448\" src=\"https:\/\/sites.wp.odu.edu\/indiadavis-spanish201\/wp-content\/uploads\/sites\/33065\/2023\/08\/eportfolio-db.jpg\" alt=\"\" class=\"wp-image-523\" srcset=\"https:\/\/sites.wp.odu.edu\/indiadavis-spanish201\/wp-content\/uploads\/sites\/33065\/2023\/08\/eportfolio-db.jpg 618w, https:\/\/sites.wp.odu.edu\/indiadavis-spanish201\/wp-content\/uploads\/sites\/33065\/2023\/08\/eportfolio-db-300x217.jpg 300w, https:\/\/sites.wp.odu.edu\/indiadavis-spanish201\/wp-content\/uploads\/sites\/33065\/2023\/08\/eportfolio-db-414x300.jpg 414w\" sizes=\"(max-width: 618px) 100vw, 618px\" \/><\/a><\/figure>\n\n\n\n<p><strong>Presentational Speaking<\/strong><\/p>\n\n\n\n<p>Since this class was online, there were less opportunities for face-to-face conversation however there were still many opportunities within the semester to practice our speaking. In each module on LingroHub, there was a section after vocabulary which prompted us to practice speaking about the new information we learned and expand upon it with information we already learned. TalkAbroad was another sort of \u201cpresentational\u201d speaking which helped us become more confident in our speaking skills. I believe that I excelled when it came to TalkAbroad because I was able to prepare questions ahead of time for my partner and also practice answering those same questions which helped build my confidence in how I respond.\u00a0<\/p>\n\n\n\n<p><strong>Presentational Writing<\/strong><\/p>\n\n\n\n<p>In Spanish 202 there weren&#8217;t as many presentational activities since again it was an online class. In the modules of LingroHub there was the opportunity to research information about the cultures\/topics learned and then to tell what we wrote but that\u2019s about all the presentational writing that we did in class. I think that one more example of presentational writing that we did was during the Module Tests where we were given a prompt and had to write based on the guidelines provided.\u00a0<\/p>\n\n\n\n<figure class=\"wp-block-image size-full\"><a href=\"https:\/\/sites.wp.odu.edu\/indiadavis-spanish201\/wp-content\/uploads\/sites\/33065\/2023\/08\/eportfolio-example-writing.jpg\"><img loading=\"lazy\" decoding=\"async\" width=\"702\" height=\"532\" src=\"https:\/\/sites.wp.odu.edu\/indiadavis-spanish201\/wp-content\/uploads\/sites\/33065\/2023\/08\/eportfolio-example-writing.jpg\" alt=\"\" class=\"wp-image-524\" srcset=\"https:\/\/sites.wp.odu.edu\/indiadavis-spanish201\/wp-content\/uploads\/sites\/33065\/2023\/08\/eportfolio-example-writing.jpg 702w, https:\/\/sites.wp.odu.edu\/indiadavis-spanish201\/wp-content\/uploads\/sites\/33065\/2023\/08\/eportfolio-example-writing-300x227.jpg 300w, https:\/\/sites.wp.odu.edu\/indiadavis-spanish201\/wp-content\/uploads\/sites\/33065\/2023\/08\/eportfolio-example-writing-396x300.jpg 396w\" sizes=\"(max-width: 702px) 100vw, 702px\" \/><\/a><\/figure>\n\n\n\n<p><strong>Interpretive Listening<\/strong><\/p>\n\n\n\n<p>On LingroHub we focused on listening for correct answers or watched videos where we had to pay attention to what the speaker was saying. An example of this is when during Module 24 we had to listen to a Famous chef Gast\u00f3n Acurio and he talked about sustainability within the food community. I did struggle a little trying to comprehend what he was saying but I was able to get a general idea of what he was stating. In another unit we listened to an person explain their experience with being an influencer and how it affects them. After completing the many listening activities I was able to have a better time comprehending although I\u2019m still not too used to how fast some Spanish speakers talk.<\/p>\n\n\n\n<p><strong>Interpretive Reading<\/strong><\/p>\n\n\n\n<p>During Spanish 202, we completed lots of reading whether it be a poem, a story, or even responses to our posts in discussion boards. We read a poem for one of our units about identity and culture and had to understand the importance of knowing oneself. In another story we read a story about Goddesses who wanted to experience Earth, so they transformed into two humans and explored the beautiful jungle.Lastly, we also read a story about a young man\u2019s journey to a new school and how it made him feel. It was a little hard at first trying to understand the stories as they were different from most of the mythological stories I have read but it was also very interesting learning about Hispanic cultures this way.<\/p>\n\n\n\n<p><strong>Nuyorican Tales (J.F. Seary)<\/strong><\/p>\n\n\n\n<p class=\"has-black-color has-text-color has-small-font-size\">1 My heart beat, beat, beats to the<\/p>\n\n\n\n<p class=\"has-small-font-size\">&nbsp;&nbsp;&nbsp;rhythm of the clave<\/p>\n\n\n\n<p class=\"has-small-font-size\">&nbsp;&nbsp;&nbsp;Caribbean sun-kissed skin<\/p>\n\n\n\n<p class=\"has-small-font-size\">&nbsp;&nbsp;&nbsp;Mi piel caf\u00e9 con leche<\/p>\n\n\n\n<p class=\"has-small-font-size\">&nbsp;&nbsp;&nbsp;Coffee bean colored<\/p>\n\n\n\n<p class=\"has-small-font-size\">&nbsp;&nbsp;&nbsp;These are the eyes of my mother<br><\/p>\n\n\n\n<p class=\"has-small-font-size\">2 Raised by the Bronx<\/p>\n\n\n\n<p class=\"has-small-font-size\">&nbsp;&nbsp;&nbsp;Musing on medleys of salsa<\/p>\n\n\n\n<p class=\"has-small-font-size\">&nbsp;&nbsp;&nbsp;Pouring H\u00e9ctor, Frankie, Celia, y Ruben<\/p>\n\n\n\n<p class=\"has-small-font-size\">&nbsp;&nbsp;&nbsp;From apartment windows<\/p>\n\n\n\n<p class=\"has-small-font-size\">&nbsp;&nbsp;&nbsp;Inspiring spontaneous song and dance<\/p>\n\n\n\n<p class=\"has-small-font-size\">&nbsp;&nbsp;&nbsp;From locals watching games of domin\u00f3<\/p>\n\n\n\n<p class=\"has-small-font-size\">&nbsp;&nbsp;&nbsp;On city sidewalks<br><\/p>\n\n\n\n<p class=\"has-small-font-size\">3 Childhood memories of syrupy sweet<\/p>\n\n\n\n<p class=\"has-small-font-size\">&nbsp;&nbsp;&nbsp;Tamarindo piraguas and<\/p>\n\n\n\n<p class=\"has-small-font-size\">&nbsp;&nbsp;&nbsp;Playing in pompas to cool down<\/p>\n\n\n\n<p class=\"has-small-font-size\">&nbsp;&nbsp;&nbsp;On heat drenched summer city days<\/p>\n\n\n\n<p class=\"has-small-font-size\">&nbsp;&nbsp;&nbsp;We eagerly anticipated the<\/p>\n\n\n\n<p class=\"has-small-font-size\">&nbsp;&nbsp;&nbsp;Puerto Rican Day Parade<\/p>\n\n\n\n<p class=\"has-small-font-size\">&nbsp;&nbsp;&nbsp;With our banderas held high<\/p>\n\n\n\n<p class=\"has-small-font-size\">&nbsp;&nbsp;&nbsp;We shouted WEEEEPPPPPAAAAA<br><\/p>\n\n\n\n<p class=\"has-small-font-size\">4 Que Viva Puerto Rico<\/p>\n\n\n\n<p class=\"has-small-font-size\">&nbsp;&nbsp;&nbsp;Isla Del Encanto<\/p>\n\n\n\n<p class=\"has-small-font-size\">&nbsp;&nbsp;&nbsp;Y amor de mi alma<\/p>\n\n\n\n<p class=\"has-small-font-size\">&nbsp;&nbsp;&nbsp;Never questioning whether that pride<\/p>\n\n\n\n<p class=\"has-small-font-size\">&nbsp;&nbsp;&nbsp;Was innate or instilled<\/p>\n\n\n\n<p class=\"has-small-font-size\">&nbsp;&nbsp;&nbsp;Mami raised us to love all of who we were<\/p>\n\n\n\n<p class=\"has-small-font-size\">&nbsp;&nbsp;&nbsp;and she didn\u2019t tolerate ignorance<br><\/p>\n\n\n\n<p class=\"has-small-font-size\">5 We were fed strict diets of<\/p>\n\n\n\n<p class=\"has-small-font-size\">&nbsp;&nbsp;&nbsp;pernil, arroz con gandules y yuca<\/p>\n\n\n\n<p class=\"has-small-font-size\">&nbsp;&nbsp;&nbsp;We ate Barrio frituras<\/p>\n\n\n\n<p class=\"has-small-font-size\">&nbsp;&nbsp;&nbsp;And drank jugo de Guayaba from Goya cans<\/p>\n\n\n\n<p class=\"has-small-font-size\">&nbsp;&nbsp;&nbsp;Christmas meant pasteles, arroz con dulce, coquito<\/p>\n\n\n\n<p class=\"has-small-font-size\">&nbsp;&nbsp;&nbsp;And an extra present for leaving grass under your bed<\/p>\n\n\n\n<p class=\"has-small-font-size\">&nbsp;&nbsp;&nbsp;Para los Reyes Magos<br><\/p>\n\n\n\n<p class=\"has-small-font-size\">6 We took annual pilgrimages to Borinquen<\/p>\n\n\n\n<p class=\"has-small-font-size\">&nbsp;&nbsp;&nbsp;Island of my mother\u2019s birth<\/p>\n\n\n\n<p class=\"has-small-font-size\">&nbsp;&nbsp;&nbsp;Island of my soul\u2019s content<\/p>\n\n\n\n<p class=\"has-small-font-size\">&nbsp;&nbsp;&nbsp;And a chance to become one with<\/p>\n\n\n\n<p class=\"has-small-font-size\">&nbsp;&nbsp;&nbsp;Con nuestras ra\u00edces cultural<br><\/p>\n\n\n\n<p class=\"has-small-font-size\">7 Bright eyed and hopeful we sang<\/p>\n\n\n\n<p class=\"has-small-font-size\">&nbsp;&nbsp;&nbsp;Schoolgirl choruses of<\/p>\n\n\n\n<p class=\"has-small-font-size\">\u201cAlegre vengo de la monta\u00f1a<\/p>\n\n\n\n<p class=\"has-small-font-size\">De mi caba\u00f1a que alegre est\u00e1n<\/p>\n\n\n\n<p class=\"has-small-font-size\">Y a mis amigos les traigo flores<\/p>\n\n\n\n<p class=\"has-small-font-size\">De las mejores de mi rosal\u201d<br><\/p>\n\n\n\n<p class=\"has-small-font-size\">8 Time spent<\/p>\n\n\n\n<p class=\"has-small-font-size\">&nbsp;&nbsp;&nbsp;con Mam\u00ed Panchita, mis tios y t\u00edas<\/p>\n\n\n\n<p class=\"has-small-font-size\">&nbsp;&nbsp;&nbsp;I miss my grandmother\u2019s eyes<\/p>\n\n\n\n<p class=\"has-small-font-size\">&nbsp;&nbsp;&nbsp;Knowing Papito Kique from<\/p>\n\n\n\n<p class=\"has-small-font-size\">&nbsp;&nbsp;&nbsp;Old tales y Mama Chonga a testament<\/p>\n\n\n\n<p class=\"has-small-font-size\">&nbsp;&nbsp;&nbsp;To an ancestry rooted in slavery<br><\/p>\n\n\n\n<p class=\"has-small-font-size\">9 A return to New York City<\/p>\n\n\n\n<p class=\"has-small-font-size\">&nbsp;&nbsp;&nbsp;Nueva Yol where school buildings<\/p>\n\n\n\n<p class=\"has-small-font-size\">&nbsp;&nbsp;&nbsp;Are named after<\/p>\n\n\n\n<p class=\"has-small-font-size\">&nbsp;&nbsp;&nbsp;Tito Puente, Julia de Burgos y Felisa Rinc\u00f3n de&nbsp;&nbsp;&nbsp;&nbsp;&nbsp;&nbsp;&nbsp;<\/p>\n\n\n\n<p class=\"has-small-font-size\">&nbsp;&nbsp;&nbsp;Gautier<\/p>\n\n\n\n<p class=\"has-small-font-size\">&nbsp;&nbsp;&nbsp;We hung images of<\/p>\n\n\n\n<p class=\"has-small-font-size\">&nbsp;&nbsp;&nbsp;Don Pedro Albizu Campos<\/p>\n\n\n\n<p class=\"has-small-font-size\">&nbsp;&nbsp;&nbsp;in our homes<br><\/p>\n\n\n\n<p class=\"has-small-font-size\">10 We were fluent in Spanglish<\/p>\n\n\n\n<p class=\"has-small-font-size\">&nbsp;&nbsp;&nbsp;Raised on a mixed bag of<\/p>\n\n\n\n<p class=\"has-small-font-size\">&nbsp;&nbsp;&nbsp;El Chavo del Ocho, Popeye<\/p>\n\n\n\n<p class=\"has-small-font-size\">&nbsp;&nbsp;&nbsp;S\u00e1bado Gigante, Mary Poppins<\/p>\n\n\n\n<p class=\"has-small-font-size\">&nbsp;&nbsp;&nbsp;and we watched Iris Chac\u00f3n<\/p>\n\n\n\n<p class=\"has-small-font-size\">&nbsp;&nbsp;&nbsp;shake that cadera on television<br><\/p>\n\n\n\n<p class=\"has-small-font-size\">11 Este orgullo was born in me<\/p>\n\n\n\n<p class=\"has-small-font-size\">&nbsp;&nbsp;&nbsp;Rooted in my mother&#8217;s journey<\/p>\n\n\n\n<p class=\"has-small-font-size\">&nbsp;&nbsp;&nbsp;Grounded in New York&#8217;s cement<\/p>\n\n\n\n<p class=\"has-small-font-size\">&nbsp;&nbsp;&nbsp;with divine inspiration, I pen my history<br><\/p>\n\n\n\n<p class=\"has-small-font-size\">12 This is my story<\/p>\n\n\n\n<p class=\"has-small-font-size\">&nbsp;&nbsp;&nbsp;A tale of two languages<\/p>\n\n\n\n<p class=\"has-small-font-size\">&nbsp;&nbsp;&nbsp;Two cultures<\/p>\n\n\n\n<p class=\"has-small-font-size\">&nbsp;&nbsp;&nbsp;One identity, one nuyorican<\/p>\n\n\n\n<p class=\"has-small-font-size\">&nbsp;&nbsp;&nbsp;One me<\/p>\n","protected":false},"excerpt":{"rendered":"<p>Exploring Culture While enrolled in Spanish 202, I was able to explore culture through TalkAbroad, LingroHub, and communicating with my classmates. TalkAbroad allowed me to communicate with another Spanish speaking person from another country and talk to them about their cultures and practices. In unit 17 we learned about stereotypes and values that people have&#8230;. <\/p>\n<div class=\"link-more\"><a href=\"https:\/\/sites.wp.odu.edu\/indiadavis-spanish201\/202-2\/\">Read More<\/a><\/div>\n","protected":false},"author":26514,"featured_media":0,"parent":0,"menu_order":0,"comment_status":"closed","ping_status":"closed","template":"","meta":{"footnotes":""},"_links":{"self":[{"href":"https:\/\/sites.wp.odu.edu\/indiadavis-spanish201\/wp-json\/wp\/v2\/pages\/431"}],"collection":[{"href":"https:\/\/sites.wp.odu.edu\/indiadavis-spanish201\/wp-json\/wp\/v2\/pages"}],"about":[{"href":"https:\/\/sites.wp.odu.edu\/indiadavis-spanish201\/wp-json\/wp\/v2\/types\/page"}],"author":[{"embeddable":true,"href":"https:\/\/sites.wp.odu.edu\/indiadavis-spanish201\/wp-json\/wp\/v2\/users\/26514"}],"replies":[{"embeddable":true,"href":"https:\/\/sites.wp.odu.edu\/indiadavis-spanish201\/wp-json\/wp\/v2\/comments?post=431"}],"version-history":[{"count":2,"href":"https:\/\/sites.wp.odu.edu\/indiadavis-spanish201\/wp-json\/wp\/v2\/pages\/431\/revisions"}],"predecessor-version":[{"id":525,"href":"https:\/\/sites.wp.odu.edu\/indiadavis-spanish201\/wp-json\/wp\/v2\/pages\/431\/revisions\/525"}],"wp:attachment":[{"href":"https:\/\/sites.wp.odu.edu\/indiadavis-spanish201\/wp-json\/wp\/v2\/media?parent=431"}],"curies":[{"name":"wp","href":"https:\/\/api.w.org\/{rel}","templated":true}]}}