{"id":84,"date":"2022-12-13T02:15:03","date_gmt":"2022-12-13T02:15:03","guid":{"rendered":"https:\/\/sites.wp.odu.edu\/span330draft\/?page_id=84"},"modified":"2022-12-15T05:32:55","modified_gmt":"2022-12-15T05:32:55","slug":"actividades-creativas","status":"publish","type":"page","link":"https:\/\/sites.wp.odu.edu\/isaac-ruano-span312\/actividades-creativas\/","title":{"rendered":"Ensayos de reflexi\u00f3n"},"content":{"rendered":"\n<p>En esta clase, hicimos dos ensayos de reflexi\u00f3n para explicar c\u00f3mo la clase ha cambiado nuestro pensamiento y c\u00f3mo nos va a ayudar. <\/p>\n\n\n\n<p>El primer ensayo habla de la historia, la geograf\u00eda, la lengua, el idioma, el trabajo, la econom\u00eda y la educaci\u00f3n de los pa\u00edses hispanos. Este ensayo es un ejemplo adecuado de lo que aprend\u00ed en la primera mitad de la clase, pero no reflexiona mucho sobre c\u00f3mo me ha cambiado y c\u00f3mo me va a ayudar esa informaci\u00f3n.<\/p>\n\n\n<a href=\"https:\/\/sites.wp.odu.edu\/isaac-ruano-span312\/wp-content\/uploads\/sites\/31779\/2022\/12\/Ensayo-de-reflexion-1.pdf\" class=\"pdfemb-viewer\" style=\"\" data-width=\"max\" data-height=\"max\"  data-toolbar=\"bottom\" data-toolbar-fixed=\"off\">Ensayo-de-reflexion-1<br\/><\/a>\n<p class=\"wp-block-pdfemb-pdf-embedder-viewer\"><\/p>\n\n\n\n<p>Este segundo ensayo muestra un poco mejor c\u00f3mo me van a ayudar las ense\u00f1anzas de esta clase en contexto relevantes en el futuro. Hablo de lo que he aprendido, particularmente sobre la m\u00fasica, los bailes, el arte, la gastronom\u00eda y las celebraciones del mundo hispanohablante. Tambi\u00e9n hablo de las semejanzas que esta clase tiene con mi clase de literatura hispana. Despu\u00e9s hablo de c\u00f3mo me va a ayudar en mis clase y c\u00f3mo me ayudar\u00e1 en el futuro.<\/p>\n\n\n<a href=\"https:\/\/sites.wp.odu.edu\/isaac-ruano-span312\/wp-content\/uploads\/sites\/31779\/2022\/12\/Final-Essay-SPAN-322.pdf\" class=\"pdfemb-viewer\" style=\"\" data-width=\"max\" data-height=\"max\"  data-toolbar=\"bottom\" data-toolbar-fixed=\"off\">Final-Essay-SPAN-322<br\/><\/a>\n<p class=\"wp-block-pdfemb-pdf-embedder-viewer\"><\/p>\n","protected":false},"excerpt":{"rendered":"<p>En esta clase, hicimos dos ensayos de reflexi\u00f3n para explicar c\u00f3mo la clase ha cambiado nuestro pensamiento y c\u00f3mo nos va a ayudar. El primer ensayo habla de la historia, la geograf\u00eda, la lengua, el idioma, el trabajo, la econom\u00eda y la educaci\u00f3n de los pa\u00edses hispanos. Este ensayo es un ejemplo adecuado de lo&#8230; <\/p>\n<div class=\"link-more\"><a href=\"https:\/\/sites.wp.odu.edu\/isaac-ruano-span312\/actividades-creativas\/\">Read More<\/a><\/div>\n","protected":false},"author":19229,"featured_media":0,"parent":0,"menu_order":0,"comment_status":"closed","ping_status":"closed","template":"","meta":{"footnotes":""},"_links":{"self":[{"href":"https:\/\/sites.wp.odu.edu\/isaac-ruano-span312\/wp-json\/wp\/v2\/pages\/84"}],"collection":[{"href":"https:\/\/sites.wp.odu.edu\/isaac-ruano-span312\/wp-json\/wp\/v2\/pages"}],"about":[{"href":"https:\/\/sites.wp.odu.edu\/isaac-ruano-span312\/wp-json\/wp\/v2\/types\/page"}],"author":[{"embeddable":true,"href":"https:\/\/sites.wp.odu.edu\/isaac-ruano-span312\/wp-json\/wp\/v2\/users\/19229"}],"replies":[{"embeddable":true,"href":"https:\/\/sites.wp.odu.edu\/isaac-ruano-span312\/wp-json\/wp\/v2\/comments?post=84"}],"version-history":[{"count":4,"href":"https:\/\/sites.wp.odu.edu\/isaac-ruano-span312\/wp-json\/wp\/v2\/pages\/84\/revisions"}],"predecessor-version":[{"id":197,"href":"https:\/\/sites.wp.odu.edu\/isaac-ruano-span312\/wp-json\/wp\/v2\/pages\/84\/revisions\/197"}],"wp:attachment":[{"href":"https:\/\/sites.wp.odu.edu\/isaac-ruano-span312\/wp-json\/wp\/v2\/media?parent=84"}],"curies":[{"name":"wp","href":"https:\/\/api.w.org\/{rel}","templated":true}]}}