{"id":94,"date":"2023-12-13T20:53:18","date_gmt":"2023-12-13T20:53:18","guid":{"rendered":"https:\/\/sites.wp.odu.edu\/span330draft\/?page_id=94"},"modified":"2023-12-14T13:55:13","modified_gmt":"2023-12-14T13:55:13","slug":"videopresentacion","status":"publish","type":"page","link":"https:\/\/sites.wp.odu.edu\/isaacruanospan475w\/videopresentacion\/","title":{"rendered":"Videopresentaci\u00f3n"},"content":{"rendered":"\n<p>Para esta clase, tuve que hacer un videopresentaci\u00f3n para el ensayo que hicimos. La funci\u00f3n de la presentaci\u00f3n era ver si nuestros temas pod\u00edan funcionar como ensayos y ver qu\u00e9 deber\u00edamos cambiar para que funcionaran. La idea era que el v\u00eddeo nos ayudar\u00eda a ver nuestra l\u00f3gica y ver si tiene sentido y si se puede comunicar el mensaje concisa y efectivamente. Para crear el v\u00eddeo, tuve que extraer la informaci\u00f3n m\u00e1s importante del ensayo para que no quedara demasiado largo. El v\u00eddeo ten\u00eda que ser alrededor de 10 minutos, por lo que tuve que dejar mucha informaci\u00f3n. Sin embargo, me ayud\u00f3 a ver qu\u00e9 informaci\u00f3n realmente importaba en el ensayo. Esta presentaci\u00f3n me dio m\u00e1s pr\u00e1ctica para crear plantillas para las presentaciones y me ense\u00f1\u00f3 a sacar la informaci\u00f3n m\u00e1s relevante de un ensayo.<\/p>\n\n\n\n<p>El v\u00eddeo tiene el mismo tema que los otros ensayos: los OMGs. En resumen, el v\u00eddeo dice que los OMGs son el futuro de la comida porque tienen muchos beneficios, pero hay mucha controversia sobre los OMGs, lo que ha reducido la velocidad del avance de ellos. En la presentaci\u00f3n argumento que la gente deber\u00eda aceptar los OMGs, y doy varias explicaciones. Lo puede ver todo en el v\u00eddeo.<\/p>\n\n\n\n<figure class=\"wp-block-embed is-type-video is-provider-youtube wp-block-embed-youtube wp-embed-aspect-16-9 wp-has-aspect-ratio\"><div class=\"wp-block-embed__wrapper\">\n<iframe loading=\"lazy\" title=\"Videopresentaci\u00f3n Isaac Ruano SPAN 475W\" width=\"1000\" height=\"563\" src=\"https:\/\/www.youtube.com\/embed\/OmOLwel84MU?feature=oembed\" frameborder=\"0\" allow=\"accelerometer; autoplay; clipboard-write; encrypted-media; gyroscope; picture-in-picture; web-share\" allowfullscreen><\/iframe>\n<\/div><\/figure>\n","protected":false},"excerpt":{"rendered":"<p>Para esta clase, tuve que hacer un videopresentaci\u00f3n para el ensayo que hicimos. La funci\u00f3n de la presentaci\u00f3n era ver si nuestros temas pod\u00edan funcionar como ensayos y ver qu\u00e9 deber\u00edamos cambiar para que funcionaran. La idea era que el v\u00eddeo nos ayudar\u00eda a ver nuestra l\u00f3gica y ver si tiene sentido y si se&#8230; <\/p>\n<div class=\"link-more\"><a href=\"https:\/\/sites.wp.odu.edu\/isaacruanospan475w\/videopresentacion\/\">Read More<\/a><\/div>\n","protected":false},"author":19229,"featured_media":0,"parent":0,"menu_order":0,"comment_status":"closed","ping_status":"closed","template":"","meta":{"footnotes":""},"_links":{"self":[{"href":"https:\/\/sites.wp.odu.edu\/isaacruanospan475w\/wp-json\/wp\/v2\/pages\/94"}],"collection":[{"href":"https:\/\/sites.wp.odu.edu\/isaacruanospan475w\/wp-json\/wp\/v2\/pages"}],"about":[{"href":"https:\/\/sites.wp.odu.edu\/isaacruanospan475w\/wp-json\/wp\/v2\/types\/page"}],"author":[{"embeddable":true,"href":"https:\/\/sites.wp.odu.edu\/isaacruanospan475w\/wp-json\/wp\/v2\/users\/19229"}],"replies":[{"embeddable":true,"href":"https:\/\/sites.wp.odu.edu\/isaacruanospan475w\/wp-json\/wp\/v2\/comments?post=94"}],"version-history":[{"count":5,"href":"https:\/\/sites.wp.odu.edu\/isaacruanospan475w\/wp-json\/wp\/v2\/pages\/94\/revisions"}],"predecessor-version":[{"id":188,"href":"https:\/\/sites.wp.odu.edu\/isaacruanospan475w\/wp-json\/wp\/v2\/pages\/94\/revisions\/188"}],"wp:attachment":[{"href":"https:\/\/sites.wp.odu.edu\/isaacruanospan475w\/wp-json\/wp\/v2\/media?parent=94"}],"curies":[{"name":"wp","href":"https:\/\/api.w.org\/{rel}","templated":true}]}}