{"id":431,"date":"2021-08-31T20:21:01","date_gmt":"2021-08-31T20:21:01","guid":{"rendered":"https:\/\/sites.wp.odu.edu\/basicspanishdraft2\/?page_id=431"},"modified":"2023-04-22T06:21:28","modified_gmt":"2023-04-22T06:21:28","slug":"202-2","status":"publish","type":"page","link":"https:\/\/sites.wp.odu.edu\/isabellachrovianspanish101\/202-2\/","title":{"rendered":"SPAN 202"},"content":{"rendered":"\n<p><a href=\"https:\/\/drive.google.com\/file\/d\/1Eemz_Rr-GzU5VS9zA1AZtI1MTbztESIg\/view?usp=sharing\">Interpretive, Interpersonal, and Presentational Modes of Communication<\/a><\/p>\n\n\n\n<p><strong>Exploring Culture<\/strong><\/p>\n\n\n\n<p>Through this class I had opportunities to learn about and explore a variety of Spanish-speaking cultures. Among those opportunities were Talkabroads, projects, Immerseme lessons, and discussion boards. I found that some of the most rewarding were the Talkabroads I did, as it allowed me to speak with a person from one of those Spanish-speaking countries directly. Below is one of the mentioned Talkabroad conversations, focused on influencers and customs.<\/p>\n\n\n\n<figure class=\"wp-block-audio\"><audio controls src=\"https:\/\/1drv.ms\/u\/s!ArbBvMo9VyMogYErtKlq3a4onYeOfA?e=BtXIDh\"><\/audio><\/figure>\n\n\n\n<p>This conversation in particular resonated with me, and I remember being struck by how similar my partner and I&#8217;s cultures were, even though we live in two different countries and have different mother tongues. Despite our different cultures, we shared a lot of similar ideas, beliefs, and life experiences. Through our interactions, I realized that while we have many different customs, a large part of both of our cultures is the same as well. It made me start thinking about how little I truly know about other countries and how other countries are portrayed in US media for me to have not realized these similarities before.<\/p>\n\n\n\n<p><strong>Engaging in Communities<\/strong><\/p>\n\n\n\n<p>It&#8217;s of great importance to engage with and learn about different cultures and communities. Without these interactions it would be very difficult to understand each other, and without sharing aspects of our cultures we would retain narrow views and be unable to experience other peoples&#8217; realities. Below is a poem by J. F. Seary titled &#8220;Nuyorican Tales&#8221; about their culture which is a unique mix of Puerto Rican and New York culture.<\/p>\n\n\n\n<figure class=\"wp-block-image size-full\"><a href=\"https:\/\/sites.wp.odu.edu\/isabellachrovianspanish101\/wp-content\/uploads\/sites\/25543\/2023\/04\/eportfolio-pic-1-v2.png\"><img loading=\"lazy\" decoding=\"async\" width=\"289\" height=\"425\" src=\"https:\/\/sites.wp.odu.edu\/isabellachrovianspanish101\/wp-content\/uploads\/sites\/25543\/2023\/04\/eportfolio-pic-1-v2.png\" alt=\"\" class=\"wp-image-592\" srcset=\"https:\/\/sites.wp.odu.edu\/isabellachrovianspanish101\/wp-content\/uploads\/sites\/25543\/2023\/04\/eportfolio-pic-1-v2.png 289w, https:\/\/sites.wp.odu.edu\/isabellachrovianspanish101\/wp-content\/uploads\/sites\/25543\/2023\/04\/eportfolio-pic-1-v2-204x300.png 204w\" sizes=\"(max-width: 289px) 100vw, 289px\" \/><\/a><\/figure>\n\n\n\n<figure class=\"wp-block-image size-full\"><a href=\"https:\/\/sites.wp.odu.edu\/isabellachrovianspanish101\/wp-content\/uploads\/sites\/25543\/2023\/04\/eportfolio-pic-2-v2.png\"><img loading=\"lazy\" decoding=\"async\" width=\"295\" height=\"442\" src=\"https:\/\/sites.wp.odu.edu\/isabellachrovianspanish101\/wp-content\/uploads\/sites\/25543\/2023\/04\/eportfolio-pic-2-v2.png\" alt=\"\" class=\"wp-image-593\" srcset=\"https:\/\/sites.wp.odu.edu\/isabellachrovianspanish101\/wp-content\/uploads\/sites\/25543\/2023\/04\/eportfolio-pic-2-v2.png 295w, https:\/\/sites.wp.odu.edu\/isabellachrovianspanish101\/wp-content\/uploads\/sites\/25543\/2023\/04\/eportfolio-pic-2-v2-200x300.png 200w\" sizes=\"(max-width: 295px) 100vw, 295px\" \/><\/a><\/figure>\n\n\n\n<figure class=\"wp-block-image size-full\"><a href=\"https:\/\/sites.wp.odu.edu\/isabellachrovianspanish101\/wp-content\/uploads\/sites\/25543\/2023\/04\/eportfolio-pic-3-v2.png\"><img loading=\"lazy\" decoding=\"async\" width=\"348\" height=\"442\" src=\"https:\/\/sites.wp.odu.edu\/isabellachrovianspanish101\/wp-content\/uploads\/sites\/25543\/2023\/04\/eportfolio-pic-3-v2.png\" alt=\"\" class=\"wp-image-594\" srcset=\"https:\/\/sites.wp.odu.edu\/isabellachrovianspanish101\/wp-content\/uploads\/sites\/25543\/2023\/04\/eportfolio-pic-3-v2.png 348w, https:\/\/sites.wp.odu.edu\/isabellachrovianspanish101\/wp-content\/uploads\/sites\/25543\/2023\/04\/eportfolio-pic-3-v2-236x300.png 236w\" sizes=\"(max-width: 348px) 100vw, 348px\" \/><\/a><\/figure>\n\n\n\n<figure class=\"wp-block-image size-full\"><a href=\"https:\/\/sites.wp.odu.edu\/isabellachrovianspanish101\/wp-content\/uploads\/sites\/25543\/2023\/04\/eportfolio-pic-4-v2.png\"><img loading=\"lazy\" decoding=\"async\" width=\"275\" height=\"408\" src=\"https:\/\/sites.wp.odu.edu\/isabellachrovianspanish101\/wp-content\/uploads\/sites\/25543\/2023\/04\/eportfolio-pic-4-v2.png\" alt=\"\" class=\"wp-image-595\" srcset=\"https:\/\/sites.wp.odu.edu\/isabellachrovianspanish101\/wp-content\/uploads\/sites\/25543\/2023\/04\/eportfolio-pic-4-v2.png 275w, https:\/\/sites.wp.odu.edu\/isabellachrovianspanish101\/wp-content\/uploads\/sites\/25543\/2023\/04\/eportfolio-pic-4-v2-202x300.png 202w\" sizes=\"(max-width: 275px) 100vw, 275px\" \/><\/a><\/figure>\n\n\n\n<figure class=\"wp-block-image size-full\"><a href=\"https:\/\/sites.wp.odu.edu\/isabellachrovianspanish101\/wp-content\/uploads\/sites\/25543\/2023\/04\/eportfolio-pic-5-v2.png\"><img loading=\"lazy\" decoding=\"async\" width=\"327\" height=\"442\" src=\"https:\/\/sites.wp.odu.edu\/isabellachrovianspanish101\/wp-content\/uploads\/sites\/25543\/2023\/04\/eportfolio-pic-5-v2.png\" alt=\"\" class=\"wp-image-596\" srcset=\"https:\/\/sites.wp.odu.edu\/isabellachrovianspanish101\/wp-content\/uploads\/sites\/25543\/2023\/04\/eportfolio-pic-5-v2.png 327w, https:\/\/sites.wp.odu.edu\/isabellachrovianspanish101\/wp-content\/uploads\/sites\/25543\/2023\/04\/eportfolio-pic-5-v2-222x300.png 222w\" sizes=\"(max-width: 327px) 100vw, 327px\" \/><\/a><\/figure>\n\n\n\n<figure class=\"wp-block-image size-full\"><a href=\"https:\/\/sites.wp.odu.edu\/isabellachrovianspanish101\/wp-content\/uploads\/sites\/25543\/2023\/04\/eportfolio-pic-6-v2.png\"><img loading=\"lazy\" decoding=\"async\" width=\"269\" height=\"309\" src=\"https:\/\/sites.wp.odu.edu\/isabellachrovianspanish101\/wp-content\/uploads\/sites\/25543\/2023\/04\/eportfolio-pic-6-v2.png\" alt=\"\" class=\"wp-image-597\" srcset=\"https:\/\/sites.wp.odu.edu\/isabellachrovianspanish101\/wp-content\/uploads\/sites\/25543\/2023\/04\/eportfolio-pic-6-v2.png 269w, https:\/\/sites.wp.odu.edu\/isabellachrovianspanish101\/wp-content\/uploads\/sites\/25543\/2023\/04\/eportfolio-pic-6-v2-261x300.png 261w\" sizes=\"(max-width: 269px) 100vw, 269px\" \/><\/a><\/figure>\n\n\n\n<p>Without reading this poem, there are many aspects of the author&#8217;s life and culture that I would never have known otherwise. Consuming different media and experiencing different cultures firsthand allows me knowledge and understanding of different people that wouldn&#8217;t exist had I not reached out for it first. Opportunities like the one given for me to read &#8220;Nuyorican Tales&#8221; offer me a glimpse into these unique communities which I would one day like to experience more personally.<\/p>\n\n\n\n<p><strong>Interpersonal Communication<\/strong><\/p>\n\n\n\n<p>In this class we were assigned a variety of interpersonal assignments including Talkabroads, Flipgrids, and discussion boards. Of these, the most striking ones were the Talkabroads, as they allowed me the opportunity to speak with a native Spanish speaker, while both Flipgrids and discussion boards were confined between my classmates and I. Below is the first of two Talkabroad conversations I completed this semester, focused around stereotypes and the concept of identity.<\/p>\n\n\n\n<figure class=\"wp-block-audio\"><audio controls src=\"https:\/\/1drv.ms\/u\/s!ArbBvMo9VyMogYEVle9uzxkUlN84mA?e=aLk7xT\"><\/audio><\/figure>\n\n\n\n<p>Through each assignment I completed I got more used to using Spanish in both writing and conversational situations. A lot of the difficulties I faced had to do with remembering and using vocabulary in the moment. These assignments have helped me get more used to using Spanish and therefore be able to recall the words I want to use quicker. In conversation I worked around words I couldn&#8217;t remember by sometimes using hand gestures or saying a set of words with similar enough meaning that my partner could understand what I meant. Some of the words I had trouble with, though, had to do more with everyday small talk, such as weather, like not remembering the word for &#8220;rain&#8221; and instead saying &#8220;snow&#8221;. It reminded me to pay more attention to more mundane, everyday vocabulary.<\/p>\n\n\n\n<p><strong>Presentational Speaking<\/strong><\/p>\n\n\n\n<p>Most of the presentational speaking I did was in the form of video projects in which I memorized about three minutes worth of script written in Spanish and performed it as naturally and fluently as possible without reading it. The example below is a presentational video project I made where I spoke about food deserts in the United States and explained not only their circumstances, but what I believed should be done to help.<\/p>\n\n\n\n<figure class=\"wp-block-audio\"><audio controls src=\"https:\/\/1drv.ms\/u\/s!ArbBvMo9VyMogYJf_K1hJO5OIkWh5w?e=EjD731\"><\/audio><\/figure>\n\n\n\n<p>The biggest challenge I had with these projects was memorizing the script well; three minutes is a surprisingly long amount of time. By reading over my scripts many times and practicing them aloud I was able to not only familiarize myself with speaking naturally, but practice using Spanish and working on my pronunciation of words. Next time I would put much more effort into pronunciation than I did previously because some Spanish words sound very similarly.<\/p>\n\n\n\n<p><strong>Presentational Writing<\/strong><\/p>\n\n\n\n<p>Through this semester I wrote many things including a series of short essays for projects or exams.  One example is below, focusing on examining a poem titled &#8220;My Name&#8221; by Yesika Salgado.  It was part of a two-part project in which I also recorded myself performing the poem.<\/p>\n\n\n\n<p>&#8220;Este poema es titulado &#8220;My Name&#8221; de Yesika Salgado. Lo habla sobre las experiencias de la narradora con gente no hablan su nombre correctamente, y se pregunta por qu\u00e9 tiene ser ella quien diga &#8220;lo siento&#8221;. El poema relaciona a la identidad hispa\u00f1a de la narradora y usa las met\u00e1foras y los im\u00e1genes describir la relaci\u00f3n complicada ella tiene con su identidad. Lo usa el descripci\u00f3n de un ni\u00f1o quien no quiere llamar su nombre introducar c\u00f3mo ella ve su herencia como socialmente indeseable y mal.<\/p>\n\n\n\n<p>La structura del poema es interesante. Solo hay dos p\u00e1rrafos, uno baja y uno muy largo. Algunos l\u00edneas en el p\u00e1rrafo muy largo son muy baja, solamente dos palabras y todo eso son mucho largo. El poema enfatiza algunos l\u00edneas, por ejemplo que su padre la llamaba: &#8220;Mi corazon \/ Mi amor \/ Mi vida&#8221;. Solamente poco comas son en las l\u00edneas y solo uno signo de interrogaci\u00f3n en la l\u00ednea: &#8220;But why?&#8221;. Estructuralmente, son otros preguntas en el poema que solo no tienen signos de interrogaci\u00f3n al final, pero la inclusi\u00f3n de el signo de interrogaci\u00f3n aqu\u00ed se siente como todo el poema fue escrito solo para esta pregunta que expresa su confusi\u00f3n sobre de por qu\u00e9 necesita decir &#8220;lo siento&#8221; porque otros pronuncian mal su nombre.<\/p>\n\n\n\n<p>A mi, esto poema siente enojado y frustrado. La narradora parece estar quej\u00e1ndose de la situaci\u00f3n y de c\u00f3mo empez\u00f3 a sentirse inc\u00f3moda con su propia cultura cuando deber\u00eda ser su casa. Las \u00faltimas cuatro l\u00edneas, &#8220;When my name was the only thing that was given to me \/ Without the expectation of something in return \/ If We can\u2019t go into every conversation demanding to speak Spanish \/ Then we can go in demanding that our names sound like the language we first learned to love&#8221; se sienten como la narradora finalmente aceptara su cultura sin sentirse mal y se enoj\u00f3 y desafi\u00f3 las expectativas sociales que excluyen la cultura hispa\u00f1a y latine de la cultura popular.&#8221;<\/p>\n\n\n\n<p>During this class I have become much more proficient at writing in longer, more complex sentences thanks to now having more knowledge of vocabulary and grammar. I have specifically gotten better at and more used to using several tenses such as the subjunctive and past tenses such as the imperfect and the preterite. I have historically struggled with using certain grammar functions correctly, such as the various forms of &#8220;se&#8221; verbs, which I am in the midst of overcoming as opposed to having already overcome them. On the other hand, I have excelled at using a variety of words in my writing to express my ideas as clearly as possible, and also combining parts of the phrases together to express a word or phrase that was not specifically in the vocabulary I was given.<\/p>\n\n\n\n<p><strong>Interpretive Listening<\/strong><\/p>\n\n\n\n<p>As part of the curriculum, I listened, analyzed, and responded to a variety of videos and audios. One video was part of LingroLearning Unit 17 about understanding stereotypes, and was a short series of street interviews in Mexico City, Mexico asking the locals how they see themselves.<\/p>\n\n\n\n<figure class=\"wp-block-audio\"><audio controls src=\"https:\/\/1drv.ms\/u\/s!ArbBvMo9VyMogYJewso9wM21g6dHRw?e=EWJDu8\"><\/audio><\/figure>\n\n\n\n<p>Among the things I listened to over the course of the semester were video recordings, Immerseme lessons, Talkabroads, and Flipgrids by other students, to name a few.  Almost all of them I was meant to respond to and thoroughly understand. Some of the challenges I faced had to do with understanding what was being said quickly and without aid, as some instances, including the audio above, featured Spanish spoken unclearly or in accents I was unused to. As the semester went on, I naturally found myself better able to understand what was being said because I gained much more exposure to spoken Spanish. Something I found the most compelling was somewhat indirect, as it was the feeling of satisfaction I got from being able to clearly understand what I heard which inspired me to listen to even more spoken Spanish. I feel as though my listening and comprehending skills have gotten much better. <\/p>\n\n\n\n<p><strong>Interpretive Reading<\/strong><\/p>\n\n\n\n<p>As part of LingroLearning Unit 19, there was an excerpt from Francisco Jim\u00e9nez&#8217;s autobiography &#8220;M\u00e1s all\u00e1 de m\u00ed&#8221;, a section titled &#8220;Viaje a la universidad&#8221; where he details his arrival to the American university he was accepted to.<\/p>\n\n\n\n<figure class=\"wp-block-image size-full\"><a href=\"https:\/\/sites.wp.odu.edu\/isabellachrovianspanish101\/wp-content\/uploads\/sites\/25543\/2023\/04\/eportfolio-pic-1.png\"><img loading=\"lazy\" decoding=\"async\" width=\"875\" height=\"359\" src=\"https:\/\/sites.wp.odu.edu\/isabellachrovianspanish101\/wp-content\/uploads\/sites\/25543\/2023\/04\/eportfolio-pic-1.png\" alt=\"\" class=\"wp-image-586\" srcset=\"https:\/\/sites.wp.odu.edu\/isabellachrovianspanish101\/wp-content\/uploads\/sites\/25543\/2023\/04\/eportfolio-pic-1.png 875w, https:\/\/sites.wp.odu.edu\/isabellachrovianspanish101\/wp-content\/uploads\/sites\/25543\/2023\/04\/eportfolio-pic-1-300x123.png 300w, https:\/\/sites.wp.odu.edu\/isabellachrovianspanish101\/wp-content\/uploads\/sites\/25543\/2023\/04\/eportfolio-pic-1-768x315.png 768w, https:\/\/sites.wp.odu.edu\/isabellachrovianspanish101\/wp-content\/uploads\/sites\/25543\/2023\/04\/eportfolio-pic-1-600x246.png 600w\" sizes=\"(max-width: 875px) 100vw, 875px\" \/><\/a><\/figure>\n\n\n\n<figure class=\"wp-block-image size-full\"><a href=\"http:\/\/sites.wp.odu.edu\/isabellachrovianspanish101\/wp-content\/uploads\/sites\/25543\/2023\/04\/eportfolio-pic-2.png\"><img loading=\"lazy\" decoding=\"async\" width=\"887\" height=\"454\" src=\"http:\/\/sites.wp.odu.edu\/isabellachrovianspanish101\/wp-content\/uploads\/sites\/25543\/2023\/04\/eportfolio-pic-2.png\" alt=\"\" class=\"wp-image-587\" srcset=\"https:\/\/sites.wp.odu.edu\/isabellachrovianspanish101\/wp-content\/uploads\/sites\/25543\/2023\/04\/eportfolio-pic-2.png 887w, https:\/\/sites.wp.odu.edu\/isabellachrovianspanish101\/wp-content\/uploads\/sites\/25543\/2023\/04\/eportfolio-pic-2-300x154.png 300w, https:\/\/sites.wp.odu.edu\/isabellachrovianspanish101\/wp-content\/uploads\/sites\/25543\/2023\/04\/eportfolio-pic-2-768x393.png 768w, https:\/\/sites.wp.odu.edu\/isabellachrovianspanish101\/wp-content\/uploads\/sites\/25543\/2023\/04\/eportfolio-pic-2-586x300.png 586w\" sizes=\"(max-width: 887px) 100vw, 887px\" \/><\/a><\/figure>\n\n\n\n<figure class=\"wp-block-image size-full\"><a href=\"https:\/\/sites.wp.odu.edu\/isabellachrovianspanish101\/wp-content\/uploads\/sites\/25543\/2023\/04\/eportfolio-pic-3.png\"><img loading=\"lazy\" decoding=\"async\" width=\"863\" height=\"373\" src=\"https:\/\/sites.wp.odu.edu\/isabellachrovianspanish101\/wp-content\/uploads\/sites\/25543\/2023\/04\/eportfolio-pic-3.png\" alt=\"\" class=\"wp-image-588\" srcset=\"https:\/\/sites.wp.odu.edu\/isabellachrovianspanish101\/wp-content\/uploads\/sites\/25543\/2023\/04\/eportfolio-pic-3.png 863w, https:\/\/sites.wp.odu.edu\/isabellachrovianspanish101\/wp-content\/uploads\/sites\/25543\/2023\/04\/eportfolio-pic-3-300x130.png 300w, https:\/\/sites.wp.odu.edu\/isabellachrovianspanish101\/wp-content\/uploads\/sites\/25543\/2023\/04\/eportfolio-pic-3-768x332.png 768w, https:\/\/sites.wp.odu.edu\/isabellachrovianspanish101\/wp-content\/uploads\/sites\/25543\/2023\/04\/eportfolio-pic-3-600x259.png 600w\" sizes=\"(max-width: 863px) 100vw, 863px\" \/><\/a><\/figure>\n\n\n\n<figure class=\"wp-block-image size-full\"><a href=\"https:\/\/sites.wp.odu.edu\/isabellachrovianspanish101\/wp-content\/uploads\/sites\/25543\/2023\/04\/eportfolio-pic-4.png\"><img loading=\"lazy\" decoding=\"async\" width=\"862\" height=\"335\" src=\"https:\/\/sites.wp.odu.edu\/isabellachrovianspanish101\/wp-content\/uploads\/sites\/25543\/2023\/04\/eportfolio-pic-4.png\" alt=\"\" class=\"wp-image-589\" srcset=\"https:\/\/sites.wp.odu.edu\/isabellachrovianspanish101\/wp-content\/uploads\/sites\/25543\/2023\/04\/eportfolio-pic-4.png 862w, https:\/\/sites.wp.odu.edu\/isabellachrovianspanish101\/wp-content\/uploads\/sites\/25543\/2023\/04\/eportfolio-pic-4-300x117.png 300w, https:\/\/sites.wp.odu.edu\/isabellachrovianspanish101\/wp-content\/uploads\/sites\/25543\/2023\/04\/eportfolio-pic-4-768x298.png 768w, https:\/\/sites.wp.odu.edu\/isabellachrovianspanish101\/wp-content\/uploads\/sites\/25543\/2023\/04\/eportfolio-pic-4-600x233.png 600w\" sizes=\"(max-width: 862px) 100vw, 862px\" \/><\/a><\/figure>\n\n\n\n<p>This reading in particular was quite challenging for me. The vocabulary given to us for this unit revolved around this excerpt, but even with that there were many words I still did not recognize. To overcome this I had to read the excerpt over very carefully, and use as much context as I could to come up with an approximate meaning. I found it interesting to know that this is how Spanish authors write, since this is from a real autobiography and I rarely have contact with extensive Spanish writing that was not created for the sake of an assignment. With this reading I became better able to read Spanish fluently and quickly. It made me develop a sense of empathy for the author when I finally completely understood what he meant when he wrote this section.<\/p>\n","protected":false},"excerpt":{"rendered":"<p>Interpretive, Interpersonal, and Presentational Modes of Communication Exploring Culture Through this class I had opportunities to learn about and explore a variety of Spanish-speaking cultures. Among those opportunities were Talkabroads, projects, Immerseme lessons, and discussion boards. I found that some of the most rewarding were the Talkabroads I did, as it allowed me to speak&#8230; <\/p>\n<div class=\"link-more\"><a href=\"https:\/\/sites.wp.odu.edu\/isabellachrovianspanish101\/202-2\/\">Read More<\/a><\/div>\n","protected":false},"author":20798,"featured_media":0,"parent":0,"menu_order":0,"comment_status":"closed","ping_status":"closed","template":"","meta":{"footnotes":""},"_links":{"self":[{"href":"https:\/\/sites.wp.odu.edu\/isabellachrovianspanish101\/wp-json\/wp\/v2\/pages\/431"}],"collection":[{"href":"https:\/\/sites.wp.odu.edu\/isabellachrovianspanish101\/wp-json\/wp\/v2\/pages"}],"about":[{"href":"https:\/\/sites.wp.odu.edu\/isabellachrovianspanish101\/wp-json\/wp\/v2\/types\/page"}],"author":[{"embeddable":true,"href":"https:\/\/sites.wp.odu.edu\/isabellachrovianspanish101\/wp-json\/wp\/v2\/users\/20798"}],"replies":[{"embeddable":true,"href":"https:\/\/sites.wp.odu.edu\/isabellachrovianspanish101\/wp-json\/wp\/v2\/comments?post=431"}],"version-history":[{"count":5,"href":"https:\/\/sites.wp.odu.edu\/isabellachrovianspanish101\/wp-json\/wp\/v2\/pages\/431\/revisions"}],"predecessor-version":[{"id":585,"href":"https:\/\/sites.wp.odu.edu\/isabellachrovianspanish101\/wp-json\/wp\/v2\/pages\/431\/revisions\/585"}],"wp:attachment":[{"href":"https:\/\/sites.wp.odu.edu\/isabellachrovianspanish101\/wp-json\/wp\/v2\/media?parent=431"}],"curies":[{"name":"wp","href":"https:\/\/api.w.org\/{rel}","templated":true}]}}