{"id":173,"date":"2023-04-05T20:04:20","date_gmt":"2023-04-05T20:04:20","guid":{"rendered":"https:\/\/wp.odu.edu\/odupresentationtemplate\/?page_id=2"},"modified":"2023-04-05T20:32:55","modified_gmt":"2023-04-05T20:32:55","slug":"sample-page-2","status":"publish","type":"page","link":"https:\/\/sites.wp.odu.edu\/jailynlord-spanish\/","title":{"rendered":"Home"},"content":{"rendered":"\n<p>Hola!<\/p>\n\n\n\n<p id=\"MyePortfolio\">Mi nombre es Jai&#8217;lyn Lord. Yo soy un <em>artista<\/em>. Mi especialidad es el dise\u00f1o gr\u00e1fico. Me encanta el arte porque me permite expresarme y me permite compartir con los dem\u00e1s c\u00f3mo vivo mi vida.<\/p>\n","protected":false},"excerpt":{"rendered":"<p>Hola! Mi nombre es Jai&#8217;lyn Lord. Yo soy un artista. Mi especialidad es el dise\u00f1o gr\u00e1fico. Me encanta el arte porque me permite expresarme y me permite compartir con los dem\u00e1s c\u00f3mo vivo mi vida.<\/p>\n","protected":false},"author":26526,"featured_media":0,"parent":0,"menu_order":0,"comment_status":"closed","ping_status":"open","template":"","meta":{"footnotes":""},"_links":{"self":[{"href":"https:\/\/sites.wp.odu.edu\/jailynlord-spanish\/wp-json\/wp\/v2\/pages\/173"}],"collection":[{"href":"https:\/\/sites.wp.odu.edu\/jailynlord-spanish\/wp-json\/wp\/v2\/pages"}],"about":[{"href":"https:\/\/sites.wp.odu.edu\/jailynlord-spanish\/wp-json\/wp\/v2\/types\/page"}],"author":[{"embeddable":true,"href":"https:\/\/sites.wp.odu.edu\/jailynlord-spanish\/wp-json\/wp\/v2\/users\/26526"}],"replies":[{"embeddable":true,"href":"https:\/\/sites.wp.odu.edu\/jailynlord-spanish\/wp-json\/wp\/v2\/comments?post=173"}],"version-history":[{"count":3,"href":"https:\/\/sites.wp.odu.edu\/jailynlord-spanish\/wp-json\/wp\/v2\/pages\/173\/revisions"}],"predecessor-version":[{"id":482,"href":"https:\/\/sites.wp.odu.edu\/jailynlord-spanish\/wp-json\/wp\/v2\/pages\/173\/revisions\/482"}],"wp:attachment":[{"href":"https:\/\/sites.wp.odu.edu\/jailynlord-spanish\/wp-json\/wp\/v2\/media?parent=173"}],"curies":[{"name":"wp","href":"https:\/\/api.w.org\/{rel}","templated":true}]}}