{"id":89,"date":"2022-11-09T15:13:50","date_gmt":"2022-11-09T15:13:50","guid":{"rendered":"https:\/\/sites.wp.odu.edu\/basicspanishdraft\/?page_id=89"},"modified":"2022-12-10T02:26:04","modified_gmt":"2022-12-10T02:26:04","slug":"contact","status":"publish","type":"page","link":"https:\/\/sites.wp.odu.edu\/kaylalambertspan101\/contact\/","title":{"rendered":"Contact"},"content":{"rendered":"\n<p>Mi n\u00famero de tel\u00e9fono es (siete cinco siete), (cinco sesenta y ocho),(veintiuno sesenta y nueve). <\/p>\n\n\n\n<p>Mi correo electr\u00f3nico es @klamb007@odu.edu.<\/p>\n\n\n\n<p><\/p>\n","protected":false},"excerpt":{"rendered":"<p>Mi n\u00famero de tel\u00e9fono es (siete cinco siete), (cinco sesenta y ocho),(veintiuno sesenta y nueve). Mi correo electr\u00f3nico es @klamb007@odu.edu.<\/p>\n","protected":false},"author":25367,"featured_media":0,"parent":0,"menu_order":0,"comment_status":"closed","ping_status":"closed","template":"","meta":{"footnotes":""},"_links":{"self":[{"href":"https:\/\/sites.wp.odu.edu\/kaylalambertspan101\/wp-json\/wp\/v2\/pages\/89"}],"collection":[{"href":"https:\/\/sites.wp.odu.edu\/kaylalambertspan101\/wp-json\/wp\/v2\/pages"}],"about":[{"href":"https:\/\/sites.wp.odu.edu\/kaylalambertspan101\/wp-json\/wp\/v2\/types\/page"}],"author":[{"embeddable":true,"href":"https:\/\/sites.wp.odu.edu\/kaylalambertspan101\/wp-json\/wp\/v2\/users\/25367"}],"replies":[{"embeddable":true,"href":"https:\/\/sites.wp.odu.edu\/kaylalambertspan101\/wp-json\/wp\/v2\/comments?post=89"}],"version-history":[{"count":1,"href":"https:\/\/sites.wp.odu.edu\/kaylalambertspan101\/wp-json\/wp\/v2\/pages\/89\/revisions"}],"predecessor-version":[{"id":488,"href":"https:\/\/sites.wp.odu.edu\/kaylalambertspan101\/wp-json\/wp\/v2\/pages\/89\/revisions\/488"}],"wp:attachment":[{"href":"https:\/\/sites.wp.odu.edu\/kaylalambertspan101\/wp-json\/wp\/v2\/media?parent=89"}],"curies":[{"name":"wp","href":"https:\/\/api.w.org\/{rel}","templated":true}]}}