{"id":505,"date":"2025-01-29T17:08:13","date_gmt":"2025-01-29T17:08:13","guid":{"rendered":"https:\/\/wp.odu.edu\/spring2017-fr102-template\/?page_id=505"},"modified":"2025-04-24T21:59:49","modified_gmt":"2025-04-24T21:59:49","slug":"forum-de-discussion","status":"publish","type":"page","link":"https:\/\/sites.wp.odu.edu\/laurenfrench102\/forum-de-discussion\/","title":{"rendered":"Forum de Discussion"},"content":{"rendered":"<p><span style=\"font-weight: 400\">Le\u00e7on 1: <\/span><span style=\"font-weight: 400\">Bonjur! Je m&#8217;appelle Lauren. Ma m\u00e8re la ing\u00e9nieur et mon p\u00e8re l&#8217;informatique. Mon fr\u00e8re est \u00e9tudiant. Je me devenis est technique auteur. Et vous?<\/span><\/p>\n<p><span style=\"font-weight: 400\">Le\u00e7on 2: <\/span><span style=\"font-weight: 400\">Bonjour! je m&#8217;appelle Lauren. Mon score, c&#8217;est 24. Je pr\u00e9f\u00e8re du fruit et du poisson. Je n&#8217;aime pas le steak. Je n&#8217;aime pas grignote.<\/span><\/p>\n<p><span style=\"font-weight: 400\">Le\u00e7on 3: <\/span><span style=\"font-weight: 400\">J&#8217;adore Hot Tuna a la Virginia Beach. J&#8217;aime italians cuisine . Je prefere l&#8217;ambiance la cuisine.<\/span><\/p>\n","protected":false},"excerpt":{"rendered":"<p>Le\u00e7on 1: Bonjur! Je m&#8217;appelle Lauren. Ma m\u00e8re la ing\u00e9nieur et mon p\u00e8re l&#8217;informatique. Mon fr\u00e8re est \u00e9tudiant. Je me devenis est technique auteur. Et vous? Le\u00e7on 2: Bonjour! je m&#8217;appelle Lauren. Mon score, c&#8217;est 24. Je pr\u00e9f\u00e8re du fruit&#8230; <a class=\"more-link\" href=\"https:\/\/sites.wp.odu.edu\/laurenfrench102\/forum-de-discussion\/\">Continue Reading &rarr;<\/a><\/p>\n","protected":false},"author":27316,"featured_media":0,"parent":0,"menu_order":0,"comment_status":"closed","ping_status":"closed","template":"","meta":{"footnotes":""},"_links":{"self":[{"href":"https:\/\/sites.wp.odu.edu\/laurenfrench102\/wp-json\/wp\/v2\/pages\/505"}],"collection":[{"href":"https:\/\/sites.wp.odu.edu\/laurenfrench102\/wp-json\/wp\/v2\/pages"}],"about":[{"href":"https:\/\/sites.wp.odu.edu\/laurenfrench102\/wp-json\/wp\/v2\/types\/page"}],"author":[{"embeddable":true,"href":"https:\/\/sites.wp.odu.edu\/laurenfrench102\/wp-json\/wp\/v2\/users\/27316"}],"replies":[{"embeddable":true,"href":"https:\/\/sites.wp.odu.edu\/laurenfrench102\/wp-json\/wp\/v2\/comments?post=505"}],"version-history":[{"count":3,"href":"https:\/\/sites.wp.odu.edu\/laurenfrench102\/wp-json\/wp\/v2\/pages\/505\/revisions"}],"predecessor-version":[{"id":634,"href":"https:\/\/sites.wp.odu.edu\/laurenfrench102\/wp-json\/wp\/v2\/pages\/505\/revisions\/634"}],"wp:attachment":[{"href":"https:\/\/sites.wp.odu.edu\/laurenfrench102\/wp-json\/wp\/v2\/media?parent=505"}],"curies":[{"name":"wp","href":"https:\/\/api.w.org\/{rel}","templated":true}]}}