{"id":217,"date":"2020-12-04T15:34:51","date_gmt":"2020-12-04T15:34:51","guid":{"rendered":"https:\/\/sites.wp.odu.edu\/basicspanishdraft\/?page_id=217"},"modified":"2020-12-05T15:25:31","modified_gmt":"2020-12-05T15:25:31","slug":"bio","status":"publish","type":"page","link":"https:\/\/sites.wp.odu.edu\/madisonspanish202\/bio\/","title":{"rendered":"Sobre M\u00ed"},"content":{"rendered":"\n<p><br>\u00a1Hola chicos! Mi nombre es Madison y soy estudiante en Old Dominion University. Estoy estudiando internacionales negocios y finanzas. Adem\u00e1s, soy camarera en un restaurante muy popular en Virginia Beach.<\/p>\n\n\n\n<p>Cuando me grad\u00fae, deseo viajar y ver muchas culturas! Me encanta aprender sobre diferente nuevas culturas y hablar espa\u00f1ol. El video debajo es me hablando m\u00e1s sobre yo mismo. <\/p>\n\n\n\n<figure class=\"wp-block-embed-youtube wp-block-embed is-type-video is-provider-youtube wp-embed-aspect-4-3 wp-has-aspect-ratio\"><div class=\"wp-block-embed__wrapper\">\n<iframe loading=\"lazy\" title=\"Spanish 202 About Me\" width=\"1000\" height=\"750\" src=\"https:\/\/www.youtube.com\/embed\/0s4ubYOvwpM\" frameborder=\"0\" allow=\"accelerometer; autoplay; clipboard-write; encrypted-media; gyroscope; picture-in-picture\" allowfullscreen><\/iframe>\n<\/div><figcaption><br><strong>La introducci\u00f3n de mi clase<\/strong><\/figcaption><\/figure>\n","protected":false},"excerpt":{"rendered":"<p>\u00a1Hola chicos! Mi nombre es Madison y soy estudiante en Old Dominion University. Estoy estudiando internacionales negocios y finanzas. Adem\u00e1s, soy camarera en un restaurante muy popular en Virginia Beach. Cuando me grad\u00fae, deseo viajar y ver muchas culturas! Me encanta aprender sobre diferente nuevas culturas y hablar espa\u00f1ol. El video debajo es me hablando&#8230; <\/p>\n<div class=\"link-more\"><a href=\"https:\/\/sites.wp.odu.edu\/madisonspanish202\/bio\/\">Read More<\/a><\/div>\n","protected":false},"author":12291,"featured_media":0,"parent":0,"menu_order":0,"comment_status":"closed","ping_status":"closed","template":"","meta":{"footnotes":""},"_links":{"self":[{"href":"https:\/\/sites.wp.odu.edu\/madisonspanish202\/wp-json\/wp\/v2\/pages\/217"}],"collection":[{"href":"https:\/\/sites.wp.odu.edu\/madisonspanish202\/wp-json\/wp\/v2\/pages"}],"about":[{"href":"https:\/\/sites.wp.odu.edu\/madisonspanish202\/wp-json\/wp\/v2\/types\/page"}],"author":[{"embeddable":true,"href":"https:\/\/sites.wp.odu.edu\/madisonspanish202\/wp-json\/wp\/v2\/users\/12291"}],"replies":[{"embeddable":true,"href":"https:\/\/sites.wp.odu.edu\/madisonspanish202\/wp-json\/wp\/v2\/comments?post=217"}],"version-history":[{"count":2,"href":"https:\/\/sites.wp.odu.edu\/madisonspanish202\/wp-json\/wp\/v2\/pages\/217\/revisions"}],"predecessor-version":[{"id":491,"href":"https:\/\/sites.wp.odu.edu\/madisonspanish202\/wp-json\/wp\/v2\/pages\/217\/revisions\/491"}],"wp:attachment":[{"href":"https:\/\/sites.wp.odu.edu\/madisonspanish202\/wp-json\/wp\/v2\/media?parent=217"}],"curies":[{"name":"wp","href":"https:\/\/api.w.org\/{rel}","templated":true}]}}