{"id":279,"date":"2020-12-04T15:34:51","date_gmt":"2020-12-04T15:34:51","guid":{"rendered":"https:\/\/sites.wp.odu.edu\/basicspanishdraft\/?page_id=279"},"modified":"2020-12-08T12:42:34","modified_gmt":"2020-12-08T12:42:34","slug":"vocabulario","status":"publish","type":"page","link":"https:\/\/sites.wp.odu.edu\/madisonspanish202\/vocabulario\/","title":{"rendered":"Vocabulario"},"content":{"rendered":"\n<p class=\"has-text-align-center\">Esta p\u00e1gina es vocabulario que aprend\u00ed! <\/p>\n\n\n\n<p class=\"has-text-align-center\"><strong>Las Celebraciones<\/strong><\/p>\n\n\n\n<div class=\"wp-block-image\"><figure class=\"aligncenter size-large is-resized\"><img loading=\"lazy\" decoding=\"async\" src=\"https:\/\/sites.wp.odu.edu\/madisonspanish202\/wp-content\/uploads\/sites\/22151\/2020\/12\/Screen-Shot-2020-12-07-at-8.55.08-AM.png\" alt=\"\" class=\"wp-image-523\" width=\"249\" height=\"411\" srcset=\"https:\/\/sites.wp.odu.edu\/madisonspanish202\/wp-content\/uploads\/sites\/22151\/2020\/12\/Screen-Shot-2020-12-07-at-8.55.08-AM.png 600w, https:\/\/sites.wp.odu.edu\/madisonspanish202\/wp-content\/uploads\/sites\/22151\/2020\/12\/Screen-Shot-2020-12-07-at-8.55.08-AM-182x300.png 182w\" sizes=\"(max-width: 249px) 100vw, 249px\" \/><\/figure><\/div>\n\n\n\n<p><\/p>\n\n\n\n<p class=\"has-text-align-center\"><strong>En El Consultorio <\/strong><\/p>\n\n\n\n<div class=\"wp-block-image\"><figure class=\"alignright size-large is-resized\"><img loading=\"lazy\" decoding=\"async\" src=\"https:\/\/sites.wp.odu.edu\/madisonspanish202\/wp-content\/uploads\/sites\/22151\/2020\/12\/Screen-Shot-2020-12-06-at-10.22.36-AM.png\" alt=\"\" class=\"wp-image-517\" width=\"335\" height=\"345\" srcset=\"https:\/\/sites.wp.odu.edu\/madisonspanish202\/wp-content\/uploads\/sites\/22151\/2020\/12\/Screen-Shot-2020-12-06-at-10.22.36-AM.png 800w, https:\/\/sites.wp.odu.edu\/madisonspanish202\/wp-content\/uploads\/sites\/22151\/2020\/12\/Screen-Shot-2020-12-06-at-10.22.36-AM-291x300.png 291w, https:\/\/sites.wp.odu.edu\/madisonspanish202\/wp-content\/uploads\/sites\/22151\/2020\/12\/Screen-Shot-2020-12-06-at-10.22.36-AM-768x793.png 768w\" sizes=\"(max-width: 335px) 100vw, 335px\" \/><\/figure><\/div>\n\n\n\n<div class=\"wp-block-image\"><figure class=\"alignleft size-large is-resized\"><img loading=\"lazy\" decoding=\"async\" src=\"https:\/\/sites.wp.odu.edu\/madisonspanish202\/wp-content\/uploads\/sites\/22151\/2020\/12\/Screen-Shot-2020-12-06-at-10.20.55-AM-1.png\" alt=\"\" class=\"wp-image-518\" width=\"202\" height=\"302\" srcset=\"https:\/\/sites.wp.odu.edu\/madisonspanish202\/wp-content\/uploads\/sites\/22151\/2020\/12\/Screen-Shot-2020-12-06-at-10.20.55-AM-1.png 346w, https:\/\/sites.wp.odu.edu\/madisonspanish202\/wp-content\/uploads\/sites\/22151\/2020\/12\/Screen-Shot-2020-12-06-at-10.20.55-AM-1-200x300.png 200w\" sizes=\"(max-width: 202px) 100vw, 202px\" \/><\/figure><\/div>\n\n\n\n<p><\/p>\n\n\n\n<p><\/p>\n\n\n\n<p class=\"has-text-align-center\"><strong>El Carro y La Tecnolog\u00eda<\/strong><\/p>\n\n\n\n<div class=\"wp-block-image\"><figure class=\"aligncenter size-large is-resized\"><img loading=\"lazy\" decoding=\"async\" src=\"https:\/\/sites.wp.odu.edu\/madisonspanish202\/wp-content\/uploads\/sites\/22151\/2020\/12\/Screen-Shot-2020-12-07-at-8.44.58-AM.png\" alt=\"\" class=\"wp-image-521\" width=\"393\" height=\"265\" srcset=\"https:\/\/sites.wp.odu.edu\/madisonspanish202\/wp-content\/uploads\/sites\/22151\/2020\/12\/Screen-Shot-2020-12-07-at-8.44.58-AM.png 850w, https:\/\/sites.wp.odu.edu\/madisonspanish202\/wp-content\/uploads\/sites\/22151\/2020\/12\/Screen-Shot-2020-12-07-at-8.44.58-AM-300x203.png 300w, https:\/\/sites.wp.odu.edu\/madisonspanish202\/wp-content\/uploads\/sites\/22151\/2020\/12\/Screen-Shot-2020-12-07-at-8.44.58-AM-768x519.png 768w, https:\/\/sites.wp.odu.edu\/madisonspanish202\/wp-content\/uploads\/sites\/22151\/2020\/12\/Screen-Shot-2020-12-07-at-8.44.58-AM-444x300.png 444w\" sizes=\"(max-width: 393px) 100vw, 393px\" \/><\/figure><\/div>\n\n\n\n<p><\/p>\n\n\n\n<p class=\"has-text-align-center\"><strong>Hogar, Dulce Hogar<\/strong><\/p>\n\n\n\n<div class=\"wp-block-image\"><figure class=\"alignleft size-large is-resized\"><img loading=\"lazy\" decoding=\"async\" src=\"https:\/\/sites.wp.odu.edu\/madisonspanish202\/wp-content\/uploads\/sites\/22151\/2020\/12\/Screen-Shot-2020-12-07-at-8.47.12-AM.png\" alt=\"\" class=\"wp-image-522\" width=\"398\" height=\"382\" srcset=\"https:\/\/sites.wp.odu.edu\/madisonspanish202\/wp-content\/uploads\/sites\/22151\/2020\/12\/Screen-Shot-2020-12-07-at-8.47.12-AM.png 914w, https:\/\/sites.wp.odu.edu\/madisonspanish202\/wp-content\/uploads\/sites\/22151\/2020\/12\/Screen-Shot-2020-12-07-at-8.47.12-AM-300x288.png 300w, https:\/\/sites.wp.odu.edu\/madisonspanish202\/wp-content\/uploads\/sites\/22151\/2020\/12\/Screen-Shot-2020-12-07-at-8.47.12-AM-768x738.png 768w, https:\/\/sites.wp.odu.edu\/madisonspanish202\/wp-content\/uploads\/sites\/22151\/2020\/12\/Screen-Shot-2020-12-07-at-8.47.12-AM-312x300.png 312w\" sizes=\"(max-width: 398px) 100vw, 398px\" \/><\/figure><\/div>\n\n\n\n<p><\/p>\n\n\n\n<p><\/p>\n\n\n\n<p><\/p>\n\n\n\n<p><\/p>\n\n\n\n<p><\/p>\n\n\n\n<p><\/p>\n","protected":false},"excerpt":{"rendered":"<p>Esta p\u00e1gina es vocabulario que aprend\u00ed! Las Celebraciones En El Consultorio El Carro y La Tecnolog\u00eda Hogar, Dulce Hogar<\/p>\n","protected":false},"author":12291,"featured_media":0,"parent":0,"menu_order":0,"comment_status":"closed","ping_status":"closed","template":"","meta":{"footnotes":""},"_links":{"self":[{"href":"https:\/\/sites.wp.odu.edu\/madisonspanish202\/wp-json\/wp\/v2\/pages\/279"}],"collection":[{"href":"https:\/\/sites.wp.odu.edu\/madisonspanish202\/wp-json\/wp\/v2\/pages"}],"about":[{"href":"https:\/\/sites.wp.odu.edu\/madisonspanish202\/wp-json\/wp\/v2\/types\/page"}],"author":[{"embeddable":true,"href":"https:\/\/sites.wp.odu.edu\/madisonspanish202\/wp-json\/wp\/v2\/users\/12291"}],"replies":[{"embeddable":true,"href":"https:\/\/sites.wp.odu.edu\/madisonspanish202\/wp-json\/wp\/v2\/comments?post=279"}],"version-history":[{"count":4,"href":"https:\/\/sites.wp.odu.edu\/madisonspanish202\/wp-json\/wp\/v2\/pages\/279\/revisions"}],"predecessor-version":[{"id":564,"href":"https:\/\/sites.wp.odu.edu\/madisonspanish202\/wp-json\/wp\/v2\/pages\/279\/revisions\/564"}],"wp:attachment":[{"href":"https:\/\/sites.wp.odu.edu\/madisonspanish202\/wp-json\/wp\/v2\/media?parent=279"}],"curies":[{"name":"wp","href":"https:\/\/api.w.org\/{rel}","templated":true}]}}