{"id":575,"date":"2024-04-13T08:12:05","date_gmt":"2024-04-13T08:12:05","guid":{"rendered":"https:\/\/sites.wp.odu.edu\/miadavisspan312\/?page_id=575"},"modified":"2024-04-20T00:54:03","modified_gmt":"2024-04-20T00:54:03","slug":"span-410-artefactos","status":"publish","type":"page","link":"https:\/\/sites.wp.odu.edu\/miadavisspan312\/span-410-artefactos\/","title":{"rendered":"SPAN 410 Artefactos"},"content":{"rendered":"\n<p>Este p\u00e1gina incluye una demostraci\u00f3n de mis obras y proyectos en la clase de SPAN 410 que ejemplifica el conocimiento de la ling\u00fcistica con el tiempo:<\/p>\n\n\n\n<h2 class=\"wp-block-heading\">M\u00f3dulo 1<\/h2>\n\n\n\n<p>Una presentaci\u00f3n sobre una lengua en peligro de extinci\u00f3n y informaci\u00f3n crucial como los habitantes quien la habla, la regi\u00f3n y caracter\u00edsticas formales<\/p>\n\n\n<a href=\"https:\/\/sites.wp.odu.edu\/miadavisspan312\/wp-content\/uploads\/sites\/27176\/2024\/04\/annotated-BriBri20y20el20peligro20de20extinciC3B3n.pptx.pdf\" class=\"pdfemb-viewer\" style=\"\" data-width=\"max\" data-height=\"max\"  data-toolbar=\"bottom\" data-toolbar-fixed=\"off\">annotated-BriBri20y20el20peligro20de20extinciC3B3n.pptx<br\/><\/a>\n<p class=\"wp-block-pdfemb-pdf-embedder-viewer\"><\/p>\n\n\n\n<hr class=\"wp-block-separator has-alpha-channel-opacity\" \/>\n\n\n\n<h2 class=\"wp-block-heading\">M\u00f3dulo 2<\/h2>\n\n\n\n<p>Una presentaci\u00f3n de la historia de los \u00e1rabes y su influencia despu\u00e9s de la conquista de los musulmanes<\/p>\n\n\n<a href=\"https:\/\/sites.wp.odu.edu\/miadavisspan312\/wp-content\/uploads\/sites\/27176\/2024\/04\/annotated-Influencia20de20la20Conquista20Musulmana.pptx.pdf\" class=\"pdfemb-viewer\" style=\"\" data-width=\"max\" data-height=\"max\"  data-toolbar=\"bottom\" data-toolbar-fixed=\"off\">annotated-Influencia20de20la20Conquista20Musulmana.pptx<br\/><\/a>\n<p class=\"wp-block-pdfemb-pdf-embedder-viewer\"><\/p>\n\n\n\n<hr class=\"wp-block-separator has-alpha-channel-opacity\" \/>\n\n\n\n<h2 class=\"wp-block-heading\">M\u00f3dulo 3<\/h2>\n\n\n\n<p>Un art\u00edculo que investiga la diferencia en sonidos similares de s en Ingl\u00e9s y Coreano. Tambi\u00e9n incluye c\u00f3mo anotar el sistema fonol\u00f3gico en espa\u00f1ol y su importancia como profesor\/profesora<\/p>\n\n\n<a href=\"https:\/\/sites.wp.odu.edu\/miadavisspan312\/wp-content\/uploads\/sites\/27176\/2024\/04\/annotated-ArtC3ADculo20de20InvestigaciC3B3n.docx.pdf\" class=\"pdfemb-viewer\" style=\"\" data-width=\"max\" data-height=\"max\"  data-toolbar=\"bottom\" data-toolbar-fixed=\"off\">annotated-ArtC3ADculo20de20InvestigaciC3B3n.docx<br\/><\/a>\n<p class=\"wp-block-pdfemb-pdf-embedder-viewer\"><\/p>\n\n\n\n<hr class=\"wp-block-separator has-alpha-channel-opacity\" \/>\n\n\n\n<h2 class=\"wp-block-heading\">M\u00f3dulo 4<\/h2>\n\n\n\n<p>Unas actividades que muestra la morfolog\u00eda<\/p>\n\n\n<a href=\"https:\/\/sites.wp.odu.edu\/miadavisspan312\/wp-content\/uploads\/sites\/27176\/2024\/04\/annotated-ArtC3ADculo20de20InvestigaciC3B3n202.docx.pdf\" class=\"pdfemb-viewer\" style=\"\" data-width=\"max\" data-height=\"max\"  data-toolbar=\"bottom\" data-toolbar-fixed=\"off\">annotated-ArtC3ADculo20de20InvestigaciC3B3n202.docx<br\/><\/a>\n<p class=\"wp-block-pdfemb-pdf-embedder-viewer\"><\/p>\n\n\n\n<hr class=\"wp-block-separator has-alpha-channel-opacity\" \/>\n\n\n\n<h2 class=\"wp-block-heading\">M\u00f3dulo 5<\/h2>\n\n\n\n<p>Unas actividades que muestra la sintaxis<\/p>\n\n\n<a href=\"https:\/\/sites.wp.odu.edu\/miadavisspan312\/wp-content\/uploads\/sites\/27176\/2024\/04\/annotated-Actividades20MC3B3dulo205.docx.pdf\" class=\"pdfemb-viewer\" style=\"\" data-width=\"max\" data-height=\"max\"  data-toolbar=\"bottom\" data-toolbar-fixed=\"off\">annotated-Actividades20MC3B3dulo205.docx<br\/><\/a>\n<p class=\"wp-block-pdfemb-pdf-embedder-viewer\"><\/p>\n\n\n\n<hr class=\"wp-block-separator has-alpha-channel-opacity\" \/>\n\n\n\n<h2 class=\"wp-block-heading\">M\u00f3dulo 6<\/h2>\n\n\n\n<p>Unas actividades que muestra la sem\u00e1ntica y pragm\u00e1tica <\/p>\n\n\n<a href=\"https:\/\/sites.wp.odu.edu\/miadavisspan312\/wp-content\/uploads\/sites\/27176\/2024\/04\/annotated-Actividades20MC3B3dulo206.docx.pdf\" class=\"pdfemb-viewer\" style=\"\" data-width=\"max\" data-height=\"max\"  data-toolbar=\"bottom\" data-toolbar-fixed=\"off\">annotated-Actividades20MC3B3dulo206.docx<br\/><\/a>\n<p class=\"wp-block-pdfemb-pdf-embedder-viewer\"><\/p>\n\n\n\n<hr class=\"wp-block-separator has-alpha-channel-opacity\" \/>\n\n\n\n<h2 class=\"wp-block-heading\">M\u00f3dulo 7<\/h2>\n\n\n\n<p>Una actividad que muestra las opiniones del aprendizaje como L2 y las maneras en que puedo incorporarlo como profesora<\/p>\n\n\n<a href=\"https:\/\/sites.wp.odu.edu\/miadavisspan312\/wp-content\/uploads\/sites\/27176\/2024\/04\/Actividades-Modulo-7.pdf\" class=\"pdfemb-viewer\" style=\"\" data-width=\"max\" data-height=\"max\"  data-toolbar=\"bottom\" data-toolbar-fixed=\"off\">Actividades-Modulo-7<br\/><\/a>\n<p class=\"wp-block-pdfemb-pdf-embedder-viewer\"><\/p>\n","protected":false},"excerpt":{"rendered":"<p>Este p\u00e1gina incluye una demostraci\u00f3n de mis obras y proyectos en la clase de SPAN 410 que ejemplifica el conocimiento de la ling\u00fcistica con el tiempo: M\u00f3dulo 1 Una presentaci\u00f3n sobre una lengua en peligro de extinci\u00f3n y informaci\u00f3n crucial como los habitantes quien la habla, la regi\u00f3n y caracter\u00edsticas formales M\u00f3dulo 2 Una presentaci\u00f3n&#8230; <\/p>\n<div class=\"link-more\"><a href=\"https:\/\/sites.wp.odu.edu\/miadavisspan312\/span-410-artefactos\/\">Read More<\/a><\/div>\n","protected":false},"author":22642,"featured_media":0,"parent":0,"menu_order":0,"comment_status":"closed","ping_status":"closed","template":"","meta":{"footnotes":""},"_links":{"self":[{"href":"https:\/\/sites.wp.odu.edu\/miadavisspan312\/wp-json\/wp\/v2\/pages\/575"}],"collection":[{"href":"https:\/\/sites.wp.odu.edu\/miadavisspan312\/wp-json\/wp\/v2\/pages"}],"about":[{"href":"https:\/\/sites.wp.odu.edu\/miadavisspan312\/wp-json\/wp\/v2\/types\/page"}],"author":[{"embeddable":true,"href":"https:\/\/sites.wp.odu.edu\/miadavisspan312\/wp-json\/wp\/v2\/users\/22642"}],"replies":[{"embeddable":true,"href":"https:\/\/sites.wp.odu.edu\/miadavisspan312\/wp-json\/wp\/v2\/comments?post=575"}],"version-history":[{"count":3,"href":"https:\/\/sites.wp.odu.edu\/miadavisspan312\/wp-json\/wp\/v2\/pages\/575\/revisions"}],"predecessor-version":[{"id":591,"href":"https:\/\/sites.wp.odu.edu\/miadavisspan312\/wp-json\/wp\/v2\/pages\/575\/revisions\/591"}],"wp:attachment":[{"href":"https:\/\/sites.wp.odu.edu\/miadavisspan312\/wp-json\/wp\/v2\/media?parent=575"}],"curies":[{"name":"wp","href":"https:\/\/api.w.org\/{rel}","templated":true}]}}