{"id":478,"date":"2025-01-29T17:10:05","date_gmt":"2025-01-29T17:10:05","guid":{"rendered":"https:\/\/wp.odu.edu\/spring2017-fr102-template\/?page_id=478"},"modified":"2025-04-30T01:30:15","modified_gmt":"2025-04-30T01:30:15","slug":"resume","status":"publish","type":"page","link":"https:\/\/sites.wp.odu.edu\/mon-frencais-expericnce\/resume\/","title":{"rendered":"R\u00e9sum\u00e9"},"content":{"rendered":"\n<p>Shamia Talley &nbsp; &nbsp; &nbsp; &nbsp; &nbsp; &nbsp; &nbsp; &nbsp; &nbsp; &nbsp; &nbsp; &nbsp; &nbsp; &nbsp; &nbsp; &nbsp; &nbsp; &nbsp; &nbsp; &nbsp; &nbsp; &nbsp; &nbsp; &nbsp; &nbsp; &nbsp; &nbsp; &nbsp; &nbsp; &nbsp; &nbsp; &nbsp; &nbsp; &nbsp; &nbsp; &nbsp; &nbsp; &nbsp; &nbsp; &nbsp; &nbsp; &nbsp; &nbsp; &nbsp; &nbsp; &nbsp; &nbsp; &nbsp; &nbsp; &nbsp; &nbsp; <img loading=\"lazy\" decoding=\"async\" alt=\"Picture\" src=\"https:\/\/lh7-rt.googleusercontent.com\/docsz\/AD_4nXdbc2SFL9GFCyUA526nsDAPIlIwjUDyhHrK3kCHbduWN8yx0V0LP2MifpkA6FvkFiFqD0JmXY026A8EEKzqQUhZwT1Nwa1KAZsmMdI2RFOK78XkDbCKWWqaqB3Sh7DMlZqgDhn8?key=tIQ_Y1O88jnD29BPgCJFS9VV\" width=\"155\" height=\"205\"><\/p>\n\n\n\n<p>124 Conch street,&nbsp;&nbsp;<\/p>\n\n\n\n<p>Bikini Bottom, Pacific Ocean&nbsp;<\/p>\n\n\n\n<p>Underwater,00001&nbsp;<\/p>\n\n\n\n<p>Tel.: (555) 110-2006<\/p>\n\n\n\n<p>&nbsp;E-mail: aizawa.shota@ua-high.edu<\/p>\n\n\n\n<p>Am\u00e9ricaine, 20 ans&nbsp;<\/p>\n\n\n\n<p>Are you a translator? Traductrice:&nbsp; Quatre ans d\u2019exp\u00e9rience comme assistant comptable. Sp\u00e9cialisation en gestion et en comptabilit\u00e9.&nbsp;&nbsp;&nbsp;&nbsp;&nbsp;<\/p>\n\n\n\n<p>Formation:&nbsp;&nbsp;&nbsp;&nbsp;&nbsp;<\/p>\n\n\n\n<hr class=\"wp-block-separator has-alpha-channel-opacity\" \/>\n\n\n\n<p>&nbsp;2013-2022:&nbsp;&nbsp;<\/p>\n\n\n\n<ul>\n<li>Quand j\u2019avais 8 ans, j\u2019ai rejoint les scouts et quand j\u2019avais ???<\/li>\n<\/ul>\n\n\n\n<p>2022:&nbsp;<\/p>\n\n\n\n<ul>\n<li>Je suis dipl\u00f4m\u00e9 du lyc\u00e9e Charles J. Colgan&nbsp;<\/li>\n<\/ul>\n\n\n\n<p>2024 :&nbsp;<\/p>\n\n\n\n<ul>\n<li>J&#8217;ai travaill\u00e9 comme secr\u00e9taire de bureau un petit moment. Au bureau de<\/li>\n<\/ul>\n\n\n\n<p>2022-present :&nbsp;<\/p>\n\n\n\n<ul>\n<li>\u00c9tudiant \u00e0 l&#8217;universit\u00e9 ODU&nbsp;&nbsp;<\/li>\n\n\n\n<li>Travail (verb or noun) comme assistant comptable en ce moment.<\/li>\n<\/ul>\n\n\n\n<p>Langue:<\/p>\n\n\n\n<hr class=\"wp-block-separator has-alpha-channel-opacity\" \/>\n\n\n\n<p>&nbsp; &nbsp; &nbsp; &nbsp; &nbsp; &nbsp; &nbsp; &nbsp; &nbsp; &nbsp; &nbsp; &nbsp; &nbsp; &nbsp; &nbsp; &nbsp; &nbsp; &nbsp; &nbsp; &nbsp; &nbsp; &nbsp; &nbsp; &nbsp; &nbsp; &nbsp; &nbsp; &nbsp; &nbsp; &nbsp; &nbsp; &nbsp; &nbsp; &nbsp; &nbsp; &nbsp; &nbsp; &nbsp; &nbsp; &nbsp; &nbsp; &nbsp; &nbsp; &nbsp; &nbsp; &nbsp; &nbsp; &nbsp; &nbsp; &nbsp; &nbsp; &nbsp; &nbsp; &nbsp; &nbsp; &nbsp; &nbsp; &nbsp; &nbsp; &nbsp; Anglais langue maternelle&nbsp;&nbsp;<\/p>\n\n\n\n<p>un peu de fran\u00e7ais&nbsp;<\/p>\n\n\n\n<p>Je sais lire l&#8217;italien.&nbsp;<\/p>\n\n\n\n<p>Comp\u00e9tences Acquises<\/p>\n\n\n\n<hr class=\"wp-block-separator has-alpha-channel-opacity\" \/>\n\n\n\n<p>Communication<\/p>\n\n\n\n<p>Service client<\/p>\n\n\n\n<p>Lecture rapide&nbsp;<\/p>\n\n\n\n<p>Bon calcul<\/p>\n\n\n\n<p>&nbsp;Cat\u00e9gorisation efficace<\/p>\n","protected":false},"excerpt":{"rendered":"<p>Shamia Talley &nbsp; &nbsp; &nbsp; &nbsp; &nbsp; &nbsp; &nbsp; &nbsp; &nbsp; &nbsp; &nbsp; &nbsp; &nbsp; &nbsp; &nbsp; &nbsp; &nbsp; &nbsp; &nbsp; &nbsp; &nbsp; &nbsp; &nbsp; &nbsp; &nbsp; &nbsp; &nbsp; &nbsp; &nbsp; &nbsp; &nbsp; &nbsp; &nbsp; &nbsp; &nbsp; &nbsp; &nbsp; &nbsp;&#8230; <a class=\"more-link\" href=\"https:\/\/sites.wp.odu.edu\/mon-frencais-expericnce\/resume\/\">Continue Reading &rarr;<\/a><\/p>\n","protected":false},"author":30455,"featured_media":0,"parent":0,"menu_order":0,"comment_status":"closed","ping_status":"closed","template":"","meta":{"footnotes":""},"_links":{"self":[{"href":"https:\/\/sites.wp.odu.edu\/mon-frencais-expericnce\/wp-json\/wp\/v2\/pages\/478"}],"collection":[{"href":"https:\/\/sites.wp.odu.edu\/mon-frencais-expericnce\/wp-json\/wp\/v2\/pages"}],"about":[{"href":"https:\/\/sites.wp.odu.edu\/mon-frencais-expericnce\/wp-json\/wp\/v2\/types\/page"}],"author":[{"embeddable":true,"href":"https:\/\/sites.wp.odu.edu\/mon-frencais-expericnce\/wp-json\/wp\/v2\/users\/30455"}],"replies":[{"embeddable":true,"href":"https:\/\/sites.wp.odu.edu\/mon-frencais-expericnce\/wp-json\/wp\/v2\/comments?post=478"}],"version-history":[{"count":5,"href":"https:\/\/sites.wp.odu.edu\/mon-frencais-expericnce\/wp-json\/wp\/v2\/pages\/478\/revisions"}],"predecessor-version":[{"id":677,"href":"https:\/\/sites.wp.odu.edu\/mon-frencais-expericnce\/wp-json\/wp\/v2\/pages\/478\/revisions\/677"}],"wp:attachment":[{"href":"https:\/\/sites.wp.odu.edu\/mon-frencais-expericnce\/wp-json\/wp\/v2\/media?parent=478"}],"curies":[{"name":"wp","href":"https:\/\/api.w.org\/{rel}","templated":true}]}}