{"id":505,"date":"2025-01-29T17:23:31","date_gmt":"2025-01-29T17:23:31","guid":{"rendered":"https:\/\/wp.odu.edu\/spring2017-fr102-template\/?page_id=505"},"modified":"2025-05-01T18:09:49","modified_gmt":"2025-05-01T18:09:49","slug":"forum-de-discussion","status":"publish","type":"page","link":"https:\/\/sites.wp.odu.edu\/monsieur-edward11\/forum-de-discussion\/","title":{"rendered":"Forum de Discussion"},"content":{"rendered":"<p>C&#8217;est ici que j&#8217;ajoute mes publications chaque semaine\u00a0vien CMU-OLI.<\/p>\n\n\n<p><em style=\"font-style: italic;font-weight: bold\">Forum de discussion<\/em>&#8211; <strong><em>1<\/em><\/strong> Le travail<\/p>\n\n\n\n<p><strong><em>PROMPT: Qu\u2019est-ce qu\u2019ils font tes parents, tes soeurs, tes fr\u00e8res? 2. Qu\u2019est-ce que tu veux devenir?<\/em><\/strong><\/p>\n\n\n\n<p>Bonjour, je m\u2019appelle Edward. Ma m\u00e8re travaille dans l\u2019ergotherapeute et mon p\u00e8re travaille dans le b\u00e2timent. Je veux devenir un professionnel de la cybers\u00e9curit\u00e9.<\/p>\n\n\n\n<hr class=\"wp-block-separator has-alpha-channel-opacity\" \/>\n\n\n\n<p><strong><em>Forum de discussion- 2<\/em> Les repas<\/strong><\/p>\n\n\n\n<p><strong><em>Prompt: We took a health quiz during our CMU modules. What score did you get? What foods do you prefer?&nbsp;<\/em><\/strong><\/p>\n\n\n\n<p>Bonjour! Je m\u2019appelle Edward et mon score est de 26 points. Je pr\u00e9f\u00e8re les fruits et j\u2019aime manger souvent des carottes, mais j\u2019aime les produits laitiers et le bifteck aussi.<\/p>\n\n\n\n<hr class=\"wp-block-separator has-alpha-channel-opacity\" \/>\n\n\n\n<p><strong><em>Forum de discussion<\/em><\/strong>&#8211;<strong><em>3<\/em><\/strong> Au restaurant<\/p>\n\n\n\n<p><strong><em>Prompt: 1. Connaissez-vous un bon restaurant? 2. Quelles cuisines aimez-vous? 3. Est-ce que vous allez souvent au restaurant? 4. Avec qui mangez-vous le diner normalement? 5. Aimez-vous aller au restaurant le week-end ou en semaine? 6. Pr\u00e9f\u00e9rez-vous l\u2019ambiance au restaurant qui est tr\u00e8s relaxe ou formel? 7. Pourquoi est-ce que vous pr\u00e9f\u00e9rez un restaurant ? \u2022 L\u2019ambiance \u2022 la cuisine \u2022 le prix \u2022 le service \u2022 les clients<\/em><\/strong><\/p>\n\n\n\n<p>Un bon restaurant Je sais est Le Green Onion. Normalement, je mange le diner avec mes amies ou mon s\u0153ur. Quand je vais au restaurant ,je pr\u00e9f\u00e8re tr\u00e8s relaxe l&#8217;ambiance.<\/p>\n\n\n\n<hr class=\"wp-block-separator has-alpha-channel-opacity\" \/>\n\n\n\n<p><strong><em>Forum de discussion<\/em><\/strong>-4<\/p>\n\n\n\n<p><strong><em>Prompt L4: Comment est-ce que la famille \u00e9tatsunienne a chang\u00e9 ? Est-ce que vos parents avaient plus de fr\u00e8res et de s\u0153urs que vous ? Est-ce que vos grands-parents avaient plus de fr\u00e8res et de s\u0153urs que vous ? S\u2019il y a eu changements, pourquoi \u00e0 votre avis ?<\/em><\/strong><\/p>\n\n\n\n<p>Mes parents ont moins de fr\u00e8res et s\u0153urs que moi. Mes grand-parents ont plus de fr\u00e8res et s\u0153urs que moi. Je ne sais pas pourquoi.<\/p>\n\n\n\n<hr class=\"wp-block-separator has-alpha-channel-opacity\" \/>\n\n\n\n<p><strong><em>Forum de discussion<\/em><\/strong>&#8211; <strong><em>L7: Le Corps <\/em><\/strong><\/p>\n\n\n\n<p>Choose from one of the following&nbsp; questions and respond.&nbsp;<\/p>\n\n\n\n<p><strong><em>1. Comment vous sentez-vous?<\/em><\/strong><\/p>\n\n\n\n<p><strong><em>2. Quel est votre hygi\u00e8ne de vie (sommeil, activit\u00e9 physique, alimentation).<\/em><\/strong><\/p>\n\n\n\n<p><strong><em>3. \u00c0 quelle heure est-ce que vous vous couchez et vous vous levez tous les<\/em><\/strong><\/p>\n\n\n\n<p><strong><em>jours?<\/em><\/strong><\/p>\n\n\n\n<p><strong><em>4. Vous faites du sport pendant combien de temps chaque jour?<\/em><\/strong><\/p>\n\n\n\n<p><strong><em>5. Quels sont vos maux?<\/em><\/strong><\/p>\n\n\n\n<p><strong><em>6. Quelles recommandations allez-vous faire \u00e0 court terme et \u00e0 long terme<\/em><\/strong><\/p>\n\n\n\n<p><strong><em>(changer l\u2019hygi\u00e8ne de vie? prendre des m\u00e9dicaments?).<\/em><\/strong><\/p>\n\n\n\n<p>Bonjour! Je m&#8217;appelle Edward. Je me sens bien. J&#8217;ai souvent mal \u00e0 la t\u00eate, mais je prends des m\u00e9dicaments ou visite le m\u00e9decin. Je me couche \u00e0 minuit ou plus tard. Je me l\u00e8ve \u00e0 neuf heures trente.<\/p>\n\n\n\n<hr class=\"wp-block-separator has-alpha-channel-opacity\" \/>\n\n\n\n<p><strong><em>Forum de discussion <\/em><\/strong><strong><em>L9- Les probl\u00e8mes de sant\u00e9<\/em><\/strong><\/p>\n\n\n\n<ol>\n<li><strong><em>Une mauvaise alimentation<\/em><\/strong><\/li>\n\n\n\n<li><strong><em>Le stress et la pression<\/em><\/strong><\/li>\n\n\n\n<li><strong><em>L\u2019ob\u00e9sit\u00e9<\/em><\/strong><\/li>\n\n\n\n<li><strong><em>La drogue et l\u2019alcool<\/em><\/strong><\/li>\n\n\n\n<li><strong><em>La d\u00e9pression<\/em><\/strong><\/li>\n\n\n\n<li><strong><em>Le manque d\u2019exercice<\/em><\/strong><\/li>\n<\/ol>\n\n\n\n<p><strong><em>Activit\u00e9:<\/em><\/strong><\/p>\n\n\n\n<p><strong><em>Pour chaque probl\u00e8me, expliquez votre point de vue sur son importance (ou non importance) chez les jeunes. Est-ce que quelques probl\u00e8mes s&#8217;appliquent plus aux jeunes hommes? Aux jeunes femmes? aux riches? aux gens qui n&#8217;ont pas beaucoup d&#8217;argent? aux enfants? aux gens \u00e2g\u00e9s?<\/em><\/strong><\/p>\n\n\n\n<p>3. L\u2019ob\u00e9sit\u00e9- Il est n\u00e9cessaire de ne manger pas des sucres beaucoup. Il faut manger bien. Il faut aller promenade et faire du exercise.<\/p>\n\n\n\n<hr class=\"wp-block-separator has-alpha-channel-opacity\" \/>\n\n\n\n<p><strong><em>Forum de discussion<\/em><\/strong>&#8211;<strong><em>10 &#8211; Les vacances:<\/em><\/strong><\/p>\n\n\n\n<ol>\n<li><strong><em>Qu\u2019est-ce que vous faites normalement pendant les vacances (o\u00f9 vous allez, les activit\u00e9s que vous aimez faire, avec qui vous passez vos vacances)<\/em><\/strong><\/li>\n\n\n\n<li><strong><em>O\u00f9 vous \u00eates all\u00e9e pendant les derni\u00e8res vacances et ce que vous avez fait pendant ces vacances<\/em><\/strong><\/li>\n\n\n\n<li><strong><em>O\u00f9 est-ce que vous voulez prendre vos prochaines vacances (exemples : \u00e0 la plage, \u00e0 la montagne, dans une grande ville, dans un pays \u00e9tranger, sur une \u00eele, sur un bateau)<\/em><\/strong><\/li>\n<\/ol>\n\n\n\n<p>Pour les vacances, j&#8217;aime la plage. Normalement, je vais avec ma famille o\u00f9 mes amis. Nous trouvons les activit\u00e9s amusantes. Je veux sortir du pays et visite en France o\u00f9 l&#8217;Islande un jour.<\/p>\n\n\n\n<hr class=\"wp-block-separator has-alpha-channel-opacity\" \/>\n\n\n\n<p><strong><em><strong><em>Forum de discussion<\/em><\/strong>&#8211;<strong><em>1<\/em><\/strong>1- Les modes de transport<\/em><\/strong><\/p>\n\n\n\n<p><strong><em><br>1. Quels sont les avantages du transport en commun?<br>2. Quels sont les inconv\u00e9nients du transport en commun ?<br>3. Quel moyen de transport pr\u00e9f\u00e9rez-vous et pourquoi ?<br>4. Comment envisagez-vous les moyens de transport du futur<\/em><\/strong><\/p>\n\n\n\n<p>Je prefere prendre la marche a l&#8217;ecole ou prendre la voiture. Le mode de transport qui est inconvenient est le bus. Le bus est toujour pen retard ou est en bouchons.<\/p>\n","protected":false},"excerpt":{"rendered":"<p>C&#8217;est ici que j&#8217;ajoute mes publications chaque semaine\u00a0vien CMU-OLI. Forum de discussion&#8211; 1 Le travail PROMPT: Qu\u2019est-ce qu\u2019ils font tes parents, tes soeurs, tes fr\u00e8res? 2. Qu\u2019est-ce que tu veux devenir? Bonjour, je m\u2019appelle Edward. Ma m\u00e8re travaille dans l\u2019ergotherapeute&#8230; <a class=\"more-link\" href=\"https:\/\/sites.wp.odu.edu\/monsieur-edward11\/forum-de-discussion\/\">Continue Reading &rarr;<\/a><\/p>\n","protected":false},"author":25279,"featured_media":0,"parent":0,"menu_order":0,"comment_status":"closed","ping_status":"closed","template":"","meta":{"footnotes":""},"_links":{"self":[{"href":"https:\/\/sites.wp.odu.edu\/monsieur-edward11\/wp-json\/wp\/v2\/pages\/505"}],"collection":[{"href":"https:\/\/sites.wp.odu.edu\/monsieur-edward11\/wp-json\/wp\/v2\/pages"}],"about":[{"href":"https:\/\/sites.wp.odu.edu\/monsieur-edward11\/wp-json\/wp\/v2\/types\/page"}],"author":[{"embeddable":true,"href":"https:\/\/sites.wp.odu.edu\/monsieur-edward11\/wp-json\/wp\/v2\/users\/25279"}],"replies":[{"embeddable":true,"href":"https:\/\/sites.wp.odu.edu\/monsieur-edward11\/wp-json\/wp\/v2\/comments?post=505"}],"version-history":[{"count":5,"href":"https:\/\/sites.wp.odu.edu\/monsieur-edward11\/wp-json\/wp\/v2\/pages\/505\/revisions"}],"predecessor-version":[{"id":682,"href":"https:\/\/sites.wp.odu.edu\/monsieur-edward11\/wp-json\/wp\/v2\/pages\/505\/revisions\/682"}],"wp:attachment":[{"href":"https:\/\/sites.wp.odu.edu\/monsieur-edward11\/wp-json\/wp\/v2\/media?parent=505"}],"curies":[{"name":"wp","href":"https:\/\/api.w.org\/{rel}","templated":true}]}}