{"id":512,"date":"2021-11-28T01:20:41","date_gmt":"2021-11-28T01:20:41","guid":{"rendered":"https:\/\/sites.wp.odu.edu\/nancy-spanish312w\/?page_id=512"},"modified":"2021-11-28T01:20:42","modified_gmt":"2021-11-28T01:20:42","slug":"discusion-4","status":"publish","type":"page","link":"https:\/\/sites.wp.odu.edu\/nancy-spanish312w\/discusion-4\/","title":{"rendered":"Discusi\u00f3n #4"},"content":{"rendered":"\n<div class=\"wp-block-group\"><div class=\"wp-block-group__inner-container is-layout-flow wp-block-group-is-layout-flow\">\n<h2 class=\"has-large-font-size wp-block-heading\">La Gente Roma<\/h2>\n\n\n\n<p>Este foro tiene que ver con la identificaci\u00f3n.&nbsp; Seg\u00fan Dijana, \u00bfc\u00f3mo se identifica la gente Roma? Y \u00bfqu\u00e9 piensa la gente no Roma de la gente Roma?&nbsp; \u00bfPor qu\u00e9?<\/p>\n\n\n\n<p>\u00bfQu\u00e9 nos dice del estado de la marginalizaci\u00f3n de las minor\u00edas?&nbsp; \u00bfPor qu\u00e9 la gente marginada tiene que ser \u201cmejor\u201d que los otros?&nbsp;<\/p>\n<\/div><\/div>\n\n\n\n<p><br>Dijana se identifica que la gente roma se una cultura muy bonita, las tradiciones y con inteligente personas como otras culturas. Para otras personas que no son roma piensan que las romas son gentes malas. Hasta que su hijo dijo que un ni\u00f1o le dijo que las gentes de roma se rompan a los ni\u00f1os. Pero realmente no es la verdad. La raz\u00f3n porque piensan as\u00ed de las romas es por las noticas y malo pensamiento sobre otros que no le gustan a las Romas.<\/p>\n\n\n\n<p>El estado nos dice que se marginaliza a las minor\u00edas porque hasta los ni\u00f1os se tiene el pensamiento sobre las minor\u00edas. Se dice que las personas que piensa as\u00ed son ignorancia porque no quer\u00edan pensar que unas personas de minor\u00edas pueden ser el mismo o mas mejor que otros. Porque es algo que pasa en cada historia sobre cual gentes es mejor que otros. Porque alguien debe de ser mas mejor para tener el poder de controlar las personas.<\/p>\n","protected":false},"excerpt":{"rendered":"<p>La Gente Roma Este foro tiene que ver con la identificaci\u00f3n.&nbsp; Seg\u00fan Dijana, \u00bfc\u00f3mo se identifica la gente Roma? Y \u00bfqu\u00e9 piensa la gente no Roma de la gente Roma?&nbsp; \u00bfPor qu\u00e9? \u00bfQu\u00e9 nos dice del estado de la marginalizaci\u00f3n de las minor\u00edas?&nbsp; \u00bfPor qu\u00e9 la gente marginada tiene que ser \u201cmejor\u201d que los otros?&nbsp;&#8230; <\/p>\n<div class=\"link-more\"><a href=\"https:\/\/sites.wp.odu.edu\/nancy-spanish312w\/discusion-4\/\">Read More<\/a><\/div>\n","protected":false},"author":20645,"featured_media":0,"parent":0,"menu_order":0,"comment_status":"closed","ping_status":"closed","template":"","meta":{"footnotes":""},"_links":{"self":[{"href":"https:\/\/sites.wp.odu.edu\/nancy-spanish312w\/wp-json\/wp\/v2\/pages\/512"}],"collection":[{"href":"https:\/\/sites.wp.odu.edu\/nancy-spanish312w\/wp-json\/wp\/v2\/pages"}],"about":[{"href":"https:\/\/sites.wp.odu.edu\/nancy-spanish312w\/wp-json\/wp\/v2\/types\/page"}],"author":[{"embeddable":true,"href":"https:\/\/sites.wp.odu.edu\/nancy-spanish312w\/wp-json\/wp\/v2\/users\/20645"}],"replies":[{"embeddable":true,"href":"https:\/\/sites.wp.odu.edu\/nancy-spanish312w\/wp-json\/wp\/v2\/comments?post=512"}],"version-history":[{"count":1,"href":"https:\/\/sites.wp.odu.edu\/nancy-spanish312w\/wp-json\/wp\/v2\/pages\/512\/revisions"}],"predecessor-version":[{"id":513,"href":"https:\/\/sites.wp.odu.edu\/nancy-spanish312w\/wp-json\/wp\/v2\/pages\/512\/revisions\/513"}],"wp:attachment":[{"href":"https:\/\/sites.wp.odu.edu\/nancy-spanish312w\/wp-json\/wp\/v2\/media?parent=512"}],"curies":[{"name":"wp","href":"https:\/\/api.w.org\/{rel}","templated":true}]}}