{"id":587,"date":"2021-11-30T16:14:05","date_gmt":"2021-11-30T16:14:05","guid":{"rendered":"https:\/\/sites.wp.odu.edu\/nancy-spanish312w\/?page_id=587"},"modified":"2021-11-30T16:14:06","modified_gmt":"2021-11-30T16:14:06","slug":"journal-6-10-7","status":"publish","type":"page","link":"https:\/\/sites.wp.odu.edu\/nancy-spanish312w\/journal-6-10-7\/","title":{"rendered":"Journal #6 (10\/7)"},"content":{"rendered":"\n<p>Para la lectura durante la semana era sobre la experiencia era m\u00e1s cultural sobre el trabajo de cada pa\u00eds que habla espa\u00f1ol. El powerpoint era sobre el trabajo y la diferencia en c\u00f3mo est\u00e1n pagados y cu\u00e1nto deb\u00edan de recibir. Y no me\u00a0sorprendi\u00f3\u00a0porque hace es muchos hispanos que no recibe el pago por hora nada m\u00e1s por trabajo. Como en la lectura sobre la palabra\u00a0Trabajo a destajo.\u00a0\u00a0Como eran las diferencias sobre la mujer y el hombre y es una forma de culturalmente el trabajo. Espa\u00f1a en el texto, muchos tienen 2 horas de break y puedan tomar una siesta o comer adentro sus casas. Me cambio mi perspectiva un poco en cu\u00e1ntas vacaciones tienen cada pa\u00eds es sus trabajos. Porque pensaba que cada pa\u00eds eran el mismo, pero no est\u00e1n en M\u00e9xico tienen nada m\u00e1s en general 6 d\u00edas y contra Argentina tienen dos semanas. Para me no es justo que tiene pocos d\u00edas de vacaciones deben de estar con sus familias. Entonces ahora s\u00e9 que los mismos vacaciones el pago y tambi\u00e9n hora que trabajan es diferente en cada pa\u00eds. Esos son las razones que me cambiaron la manera de pensar por las horas que trabajan y tambi\u00e9n las vacaciones. Una en formaci\u00f3n que podr\u00eda cambiar el impacto de la lectura sobre el trabajo podr\u00eda ser los lugares que trabajan m\u00e1s o que tienen menos desempleados contra los que tienen el m\u00e1s desempleados<\/p>\n","protected":false},"excerpt":{"rendered":"<p>Para la lectura durante la semana era sobre la experiencia era m\u00e1s cultural sobre el trabajo de cada pa\u00eds que habla espa\u00f1ol. El powerpoint era sobre el trabajo y la diferencia en c\u00f3mo est\u00e1n pagados y cu\u00e1nto deb\u00edan de recibir. Y no me\u00a0sorprendi\u00f3\u00a0porque hace es muchos hispanos que no recibe el pago por hora nada&#8230; <\/p>\n<div class=\"link-more\"><a href=\"https:\/\/sites.wp.odu.edu\/nancy-spanish312w\/journal-6-10-7\/\">Read More<\/a><\/div>\n","protected":false},"author":20645,"featured_media":0,"parent":0,"menu_order":0,"comment_status":"closed","ping_status":"closed","template":"","meta":{"footnotes":""},"_links":{"self":[{"href":"https:\/\/sites.wp.odu.edu\/nancy-spanish312w\/wp-json\/wp\/v2\/pages\/587"}],"collection":[{"href":"https:\/\/sites.wp.odu.edu\/nancy-spanish312w\/wp-json\/wp\/v2\/pages"}],"about":[{"href":"https:\/\/sites.wp.odu.edu\/nancy-spanish312w\/wp-json\/wp\/v2\/types\/page"}],"author":[{"embeddable":true,"href":"https:\/\/sites.wp.odu.edu\/nancy-spanish312w\/wp-json\/wp\/v2\/users\/20645"}],"replies":[{"embeddable":true,"href":"https:\/\/sites.wp.odu.edu\/nancy-spanish312w\/wp-json\/wp\/v2\/comments?post=587"}],"version-history":[{"count":1,"href":"https:\/\/sites.wp.odu.edu\/nancy-spanish312w\/wp-json\/wp\/v2\/pages\/587\/revisions"}],"predecessor-version":[{"id":588,"href":"https:\/\/sites.wp.odu.edu\/nancy-spanish312w\/wp-json\/wp\/v2\/pages\/587\/revisions\/588"}],"wp:attachment":[{"href":"https:\/\/sites.wp.odu.edu\/nancy-spanish312w\/wp-json\/wp\/v2\/media?parent=587"}],"curies":[{"name":"wp","href":"https:\/\/api.w.org\/{rel}","templated":true}]}}