{"id":713,"date":"2022-04-23T02:56:44","date_gmt":"2022-04-23T02:56:44","guid":{"rendered":"https:\/\/sites.wp.odu.edu\/nancy-spanish312w\/?page_id=713"},"modified":"2022-04-23T04:36:19","modified_gmt":"2022-04-23T04:36:19","slug":"discusion","status":"publish","type":"page","link":"https:\/\/sites.wp.odu.edu\/nancy-spanish312w\/discusion\/","title":{"rendered":"Discusi\u00f3n"},"content":{"rendered":"\n<p>Este discurso era muy informativo, aprende nuevos art\u00edculos que nunca pod\u00eda cruzar me mente. Era muy relevante para mira en qu\u00e9 estaba pasando en otros lugares afuera de estados Unidos. Puede ser que este recurso me motive para aprender m\u00e1s informaciones. Me motivo para aprende m\u00e1s y para seguir\u00e9 aprendiendo. Encontr\u00e9 que me ayudo para los discursos. Cada t\u00f3pico era diferente depende en qu\u00e9 estuvimos aprendo esa semana. En el mundo de negocio es muy diversa de aspectos. Tiene bastante informaciones. Los discursos me dieron una nueva punta de vista sobre los negocios y c\u00f3mo se puede afectar a otros.<\/p>\n\n\n\n<p>Translation:<\/p>\n\n\n\n<p>The discussion board was very informative I have learned new articles that never crossed my mind. It was very relevant to have to see what it\u2019s happening outside of the United States. This discussion can be used to motivate myself to learn more information. It motivated me to learn new things and to keep learning. Which I found very helpful in this discussion. Each topic was different depending on what we learned during that week. The business world is so diverse it has many aspects about itself. It has a vast about of information. These discussions had given me another viewpoint about business and how they affect others.<\/p>\n\n\n\n<div data-wp-interactive=\"\" class=\"wp-block-file\"><a href=\"https:\/\/sites.wp.odu.edu\/nancy-spanish312w\/wp-content\/uploads\/sites\/24408\/2022\/04\/TD-1.pdf\">TD-1<\/a><a href=\"https:\/\/sites.wp.odu.edu\/nancy-spanish312w\/wp-content\/uploads\/sites\/24408\/2022\/04\/TD-1.pdf\" class=\"wp-block-file__button\" download>Download<\/a><\/div>\n\n\n\n<div data-wp-interactive=\"\" class=\"wp-block-file\"><a href=\"https:\/\/sites.wp.odu.edu\/nancy-spanish312w\/wp-content\/uploads\/sites\/24408\/2022\/04\/TD-2-.pdf\">TD-2-<\/a><a href=\"https:\/\/sites.wp.odu.edu\/nancy-spanish312w\/wp-content\/uploads\/sites\/24408\/2022\/04\/TD-2-.pdf\" class=\"wp-block-file__button\" download>Download<\/a><\/div>\n\n\n\n<div data-wp-interactive=\"\" class=\"wp-block-file\"><a href=\"https:\/\/sites.wp.odu.edu\/nancy-spanish312w\/wp-content\/uploads\/sites\/24408\/2022\/04\/TD-3-.pdf\">TD-3-<\/a><a href=\"https:\/\/sites.wp.odu.edu\/nancy-spanish312w\/wp-content\/uploads\/sites\/24408\/2022\/04\/TD-3-.pdf\" class=\"wp-block-file__button\" download>Download<\/a><\/div>\n\n\n\n<div data-wp-interactive=\"\" class=\"wp-block-file\"><a href=\"https:\/\/sites.wp.odu.edu\/nancy-spanish312w\/wp-content\/uploads\/sites\/24408\/2022\/04\/TD-4.pdf\">TD-4<\/a><a href=\"https:\/\/sites.wp.odu.edu\/nancy-spanish312w\/wp-content\/uploads\/sites\/24408\/2022\/04\/TD-4.pdf\" class=\"wp-block-file__button\" download>Download<\/a><\/div>\n","protected":false},"excerpt":{"rendered":"<p>Este discurso era muy informativo, aprende nuevos art\u00edculos que nunca pod\u00eda cruzar me mente. Era muy relevante para mira en qu\u00e9 estaba pasando en otros lugares afuera de estados Unidos. Puede ser que este recurso me motive para aprender m\u00e1s informaciones. Me motivo para aprende m\u00e1s y para seguir\u00e9 aprendiendo. Encontr\u00e9 que me ayudo para&#8230; <\/p>\n<div class=\"link-more\"><a href=\"https:\/\/sites.wp.odu.edu\/nancy-spanish312w\/discusion\/\">Read More<\/a><\/div>\n","protected":false},"author":20645,"featured_media":0,"parent":0,"menu_order":0,"comment_status":"closed","ping_status":"closed","template":"","meta":{"footnotes":""},"_links":{"self":[{"href":"https:\/\/sites.wp.odu.edu\/nancy-spanish312w\/wp-json\/wp\/v2\/pages\/713"}],"collection":[{"href":"https:\/\/sites.wp.odu.edu\/nancy-spanish312w\/wp-json\/wp\/v2\/pages"}],"about":[{"href":"https:\/\/sites.wp.odu.edu\/nancy-spanish312w\/wp-json\/wp\/v2\/types\/page"}],"author":[{"embeddable":true,"href":"https:\/\/sites.wp.odu.edu\/nancy-spanish312w\/wp-json\/wp\/v2\/users\/20645"}],"replies":[{"embeddable":true,"href":"https:\/\/sites.wp.odu.edu\/nancy-spanish312w\/wp-json\/wp\/v2\/comments?post=713"}],"version-history":[{"count":4,"href":"https:\/\/sites.wp.odu.edu\/nancy-spanish312w\/wp-json\/wp\/v2\/pages\/713\/revisions"}],"predecessor-version":[{"id":737,"href":"https:\/\/sites.wp.odu.edu\/nancy-spanish312w\/wp-json\/wp\/v2\/pages\/713\/revisions\/737"}],"wp:attachment":[{"href":"https:\/\/sites.wp.odu.edu\/nancy-spanish312w\/wp-json\/wp\/v2\/media?parent=713"}],"curies":[{"name":"wp","href":"https:\/\/api.w.org\/{rel}","templated":true}]}}