{"id":505,"date":"2025-01-29T17:08:26","date_gmt":"2025-01-29T17:08:26","guid":{"rendered":"https:\/\/wp.odu.edu\/spring2017-fr102-template\/?page_id=505"},"modified":"2025-04-23T16:39:56","modified_gmt":"2025-04-23T16:39:56","slug":"forum-de-discussion","status":"publish","type":"page","link":"https:\/\/sites.wp.odu.edu\/pcumifrench102\/forum-de-discussion\/","title":{"rendered":"Forum de Discussion"},"content":{"rendered":"\n<p>Forum Posts <\/p>\n\n\n\n<p>Lesson 2<\/p>\n\n\n\n<p>Mon score est de 21 points. Selon le sondage il fout manger pour mon sante. Je vais manger boire l&#8217;eau.<\/p>\n\n\n\n<p>Lesson 7<\/p>\n\n\n\n<p>Bonjour, je m&#8217;appelle Paul. Je me sens bien. Mon alimentation est mal. Je ne mange pas des fruits et legumes. En general, je me coughe vers 23h et je me leve vers 6h. je fais exercice musculaire pendant une heure et trente minuits. Je n&#8217;ai pas maux.<br>Corrections <br>g\u00e9n\u00e9ral, des l\u00e9gumes, couche, l\u00e8ve, je fais de la musculation, minutes<\/p>\n\n\n\n<p>Lesson 9 <\/p>\n\n\n\n<p>Pour le stress et la pression il faut parler avec mes amis. Aussie il faut dormir. Pour une mauvasie alimentation il faut manger des fruits et les legumes. Pour depression il faut faire d&#8217;exercice.<br>Corrections<br>aussi, l\u00e9gumes, la d\u00e9pression<\/p>\n","protected":false},"excerpt":{"rendered":"<p>Forum Posts Lesson 2 Mon score est de 21 points. Selon le sondage il fout manger pour mon sante. Je vais manger boire l&#8217;eau. Lesson 7 Bonjour, je m&#8217;appelle Paul. Je me sens bien. Mon alimentation est mal. Je ne&#8230; <a class=\"more-link\" href=\"https:\/\/sites.wp.odu.edu\/pcumifrench102\/forum-de-discussion\/\">Continue Reading &rarr;<\/a><\/p>\n","protected":false},"author":29376,"featured_media":0,"parent":0,"menu_order":0,"comment_status":"closed","ping_status":"closed","template":"","meta":{"footnotes":""},"_links":{"self":[{"href":"https:\/\/sites.wp.odu.edu\/pcumifrench102\/wp-json\/wp\/v2\/pages\/505"}],"collection":[{"href":"https:\/\/sites.wp.odu.edu\/pcumifrench102\/wp-json\/wp\/v2\/pages"}],"about":[{"href":"https:\/\/sites.wp.odu.edu\/pcumifrench102\/wp-json\/wp\/v2\/types\/page"}],"author":[{"embeddable":true,"href":"https:\/\/sites.wp.odu.edu\/pcumifrench102\/wp-json\/wp\/v2\/users\/29376"}],"replies":[{"embeddable":true,"href":"https:\/\/sites.wp.odu.edu\/pcumifrench102\/wp-json\/wp\/v2\/comments?post=505"}],"version-history":[{"count":4,"href":"https:\/\/sites.wp.odu.edu\/pcumifrench102\/wp-json\/wp\/v2\/pages\/505\/revisions"}],"predecessor-version":[{"id":618,"href":"https:\/\/sites.wp.odu.edu\/pcumifrench102\/wp-json\/wp\/v2\/pages\/505\/revisions\/618"}],"wp:attachment":[{"href":"https:\/\/sites.wp.odu.edu\/pcumifrench102\/wp-json\/wp\/v2\/media?parent=505"}],"curies":[{"name":"wp","href":"https:\/\/api.w.org\/{rel}","templated":true}]}}