{"id":269,"date":"2019-11-14T21:13:58","date_gmt":"2019-11-14T21:13:58","guid":{"rendered":"https:\/\/sites.wp.odu.edu\/sdpd\/?page_id=269"},"modified":"2022-09-05T21:54:11","modified_gmt":"2022-09-05T21:54:11","slug":"instructors","status":"publish","type":"page","link":"https:\/\/sites.wp.odu.edu\/sdpd\/instructors\/","title":{"rendered":"Instructors"},"content":{"rendered":"\n<p><\/p>\n\n\n\n<p>Dr.  Silvina Pagola, Research Assistant Professor, Dept. Chemistry &amp; Biochemistry, Old Dominion University, USA.<\/p>\n\n\n\n<p>Prof. Leopoldo Suescun, Cryssmat-Lab\/DETEMA, Facultad de Qu\u00edmica, Universidad de la Rep\u00fablica, Montevideo, Uruguay.<\/p>\n\n\n\n<p>Prof. Javier Ellena, S\u00e3o Carlos Institute of Physics, University of S\u00e3o Paulo, S\u00e3o Carlos, Brazil.<\/p>\n\n\n\n<p>Dr.  James A. Kaduk, Research Professor of Chemistry, Dept. of Biological and Chemical Sciences, Illinois Institute of Technology, Chicago, USA.<\/p>\n","protected":false},"excerpt":{"rendered":"<p>Dr. Silvina Pagola, Research Assistant Professor, Dept. Chemistry &amp; Biochemistry, Old Dominion University, USA. Prof. Leopoldo Suescun, Cryssmat-Lab\/DETEMA, Facultad de Qu\u00edmica, Universidad de la Rep\u00fablica, Montevideo, Uruguay. Prof. Javier Ellena, S\u00e3o Carlos Institute of Physics, University of S\u00e3o Paulo, S\u00e3o Carlos, Brazil. Dr. James A. Kaduk, Research Professor of Chemistry, Dept. of Biological and Chemical &hellip; <\/p>\n<p><a class=\"more-link btn\" href=\"https:\/\/sites.wp.odu.edu\/sdpd\/instructors\/\">Continue reading<\/a><\/p>\n","protected":false},"author":13317,"featured_media":0,"parent":0,"menu_order":0,"comment_status":"closed","ping_status":"closed","template":"","meta":{"footnotes":""},"_links":{"self":[{"href":"https:\/\/sites.wp.odu.edu\/sdpd\/wp-json\/wp\/v2\/pages\/269"}],"collection":[{"href":"https:\/\/sites.wp.odu.edu\/sdpd\/wp-json\/wp\/v2\/pages"}],"about":[{"href":"https:\/\/sites.wp.odu.edu\/sdpd\/wp-json\/wp\/v2\/types\/page"}],"author":[{"embeddable":true,"href":"https:\/\/sites.wp.odu.edu\/sdpd\/wp-json\/wp\/v2\/users\/13317"}],"replies":[{"embeddable":true,"href":"https:\/\/sites.wp.odu.edu\/sdpd\/wp-json\/wp\/v2\/comments?post=269"}],"version-history":[{"count":4,"href":"https:\/\/sites.wp.odu.edu\/sdpd\/wp-json\/wp\/v2\/pages\/269\/revisions"}],"predecessor-version":[{"id":459,"href":"https:\/\/sites.wp.odu.edu\/sdpd\/wp-json\/wp\/v2\/pages\/269\/revisions\/459"}],"wp:attachment":[{"href":"https:\/\/sites.wp.odu.edu\/sdpd\/wp-json\/wp\/v2\/media?parent=269"}],"curies":[{"name":"wp","href":"https:\/\/api.w.org\/{rel}","templated":true}]}}