{"id":31,"date":"2018-11-08T20:08:29","date_gmt":"2018-11-08T20:08:29","guid":{"rendered":"http:\/\/totesa.website\/student\/?page_id=31"},"modified":"2018-12-06T17:12:42","modified_gmt":"2018-12-06T17:12:42","slug":"about-me","status":"publish","type":"page","link":"https:\/\/sites.wp.odu.edu\/shanetolentinofr201\/","title":{"rendered":"Pr\u00e9sentez-vous en fran\u00e7ais"},"content":{"rendered":"<div class=\"entry-content\">\n<p>Bonjour, je m&#8217;appelle Shane Tolentino. J&#8217;ai vingt-et-un ans. J&#8217;habite \u00e0 Norfolk, en Virginie. Je prends des cours pour le cin\u00e9ma. Je prends le fran\u00e7ais, aussi, parce que c&#8217;est n\u00e9cessaire pour mon dipl\u00f4me. J&#8217;ai eu un cours de fran\u00e7ais pendant cinq ans.<\/p>\n<p>Je suis le plus jeune de mes fr\u00e8res. J&#8217;ai les cheveux noirs et mes yeux sont bruns. Je suis intelligent et fort. Je suis plus heureux que les autres \u00e9tudiants. Mais je suis pauvre parce que je suis \u00e9tudiant.<\/p>\n<p>Dans mon temps libre, je joue de la guitare. Je joue aussi \u00e0 des jeux vid\u00e9o avec mes fr\u00e8res. d&#8217;habitude, je suis pire qu&#8217;eux. L&#8217;\u00e9t\u00e9 dernier, j&#8217;ai travaill\u00e9 avec mon fr\u00e8re \u00e0 Washington. J&#8217;ai \u00e9crit des scripts. L&#8217;\u00e9t\u00e9 prochain, je veux visiter l&#8217;Europe avec ma famille.<\/p>\n<p><strong>N\u2019oubliez pas d\u2019ins\u00e9rer des photos qui illustrent ce que vous avez pr\u00e9sent\u00e9 et de faire bonne impression. Soyez cr\u00e9atifs!<\/strong><\/p>\n<hr \/>\n<p>To start, view our quick guides on <a href=\"https:\/\/docs.google.com\/document\/d\/1A0SsTeKTxTW1fYC7_f8Eo8Jv_VhrM2Urhifr6BZfgCQ\/edit?usp=sharing\">WordPress theme layouts<\/a>, <a href=\"https:\/\/docs.google.com\/document\/d\/1LB0ufc3UKFiNqsRHrmqcHRhnEj8Spnim7VEWFU8T5-E\/edit?usp=sharing\">creating parent and child pages<\/a>, and <a href=\"https:\/\/docs.google.com\/document\/d\/1jDPuYnFAqK8_A_xiSYzlgKmyv62jITKCItKQC_a5_Hc\/edit?usp=sharing\">using the privacy settings<\/a>. In order for your instructor to be able to view this website, you will need give them access using the privacy settings.<\/p>\n<\/div>\n","protected":false},"excerpt":{"rendered":"<p>Bonjour, je m&#8217;appelle Shane Tolentino. J&#8217;ai vingt-et-un ans. J&#8217;habite \u00e0 Norfolk, en Virginie. Je prends des cours pour le cin\u00e9ma. Je prends le fran\u00e7ais, aussi, parce que c&#8217;est n\u00e9cessaire pour mon dipl\u00f4me. J&#8217;ai eu un cours de fran\u00e7ais pendant cinq ans. Je suis le plus jeune de mes fr\u00e8res. J&#8217;ai les cheveux noirs et mes&#8230; <\/p>\n<div class=\"link-more\"><a href=\"https:\/\/sites.wp.odu.edu\/shanetolentinofr201\/\">Read More<\/a><\/div>\n","protected":false},"author":8815,"featured_media":0,"parent":0,"menu_order":0,"comment_status":"closed","ping_status":"closed","template":"","meta":{"footnotes":""},"_links":{"self":[{"href":"https:\/\/sites.wp.odu.edu\/shanetolentinofr201\/wp-json\/wp\/v2\/pages\/31"}],"collection":[{"href":"https:\/\/sites.wp.odu.edu\/shanetolentinofr201\/wp-json\/wp\/v2\/pages"}],"about":[{"href":"https:\/\/sites.wp.odu.edu\/shanetolentinofr201\/wp-json\/wp\/v2\/types\/page"}],"author":[{"embeddable":true,"href":"https:\/\/sites.wp.odu.edu\/shanetolentinofr201\/wp-json\/wp\/v2\/users\/8815"}],"replies":[{"embeddable":true,"href":"https:\/\/sites.wp.odu.edu\/shanetolentinofr201\/wp-json\/wp\/v2\/comments?post=31"}],"version-history":[{"count":3,"href":"https:\/\/sites.wp.odu.edu\/shanetolentinofr201\/wp-json\/wp\/v2\/pages\/31\/revisions"}],"predecessor-version":[{"id":421,"href":"https:\/\/sites.wp.odu.edu\/shanetolentinofr201\/wp-json\/wp\/v2\/pages\/31\/revisions\/421"}],"wp:attachment":[{"href":"https:\/\/sites.wp.odu.edu\/shanetolentinofr201\/wp-json\/wp\/v2\/media?parent=31"}],"curies":[{"name":"wp","href":"https:\/\/api.w.org\/{rel}","templated":true}]}}