{"id":388,"date":"2018-11-08T20:18:34","date_gmt":"2018-11-08T20:18:34","guid":{"rendered":"https:\/\/sites.wp.odu.edu\/french201\/?page_id=388"},"modified":"2018-12-06T17:08:58","modified_gmt":"2018-12-06T17:08:58","slug":"previous-coursework","status":"publish","type":"page","link":"https:\/\/sites.wp.odu.edu\/shanetolentinofr201\/previous-coursework\/","title":{"rendered":"Previous Coursework"},"content":{"rendered":"<p>&nbsp;<\/p>\n<p>Please list your French previous courses and for each one you can insert any pictures, class work or activities you think represent your best work in each course.<\/p>\n<p>French 101:<\/p>\n<p>&nbsp;<\/p>\n<p><a href=\"http:\/\/sites.wp.odu.edu\/shanetolentinofr201\/wp-content\/uploads\/sites\/12065\/2018\/12\/france.png\"><img loading=\"lazy\" decoding=\"async\" class=\"size-medium wp-image-419 aligncenter\" src=\"http:\/\/sites.wp.odu.edu\/shanetolentinofr201\/wp-content\/uploads\/sites\/12065\/2018\/12\/france-300x200.png\" alt=\"\" width=\"300\" height=\"200\" srcset=\"https:\/\/sites.wp.odu.edu\/shanetolentinofr201\/wp-content\/uploads\/sites\/12065\/2018\/12\/france-300x200.png 300w, https:\/\/sites.wp.odu.edu\/shanetolentinofr201\/wp-content\/uploads\/sites\/12065\/2018\/12\/france-768x512.png 768w, https:\/\/sites.wp.odu.edu\/shanetolentinofr201\/wp-content\/uploads\/sites\/12065\/2018\/12\/france-1024x683.png 1024w, https:\/\/sites.wp.odu.edu\/shanetolentinofr201\/wp-content\/uploads\/sites\/12065\/2018\/12\/france-960x640.png 960w, https:\/\/sites.wp.odu.edu\/shanetolentinofr201\/wp-content\/uploads\/sites\/12065\/2018\/12\/france-450x300.png 450w, https:\/\/sites.wp.odu.edu\/shanetolentinofr201\/wp-content\/uploads\/sites\/12065\/2018\/12\/france.png 1200w\" sizes=\"(max-width: 300px) 100vw, 300px\" \/><\/a><\/p>\n<p>French 102 :<\/p>\n<p>Pr\u00e9sentez Vous &#8211;<\/p>\n<p>Bonjour, je m\u2019appelle Shane Tolentino. J\u2019habite \u00e0 Virginia Beach, en Les\u00a0<span lang=\"fr\">\u00c9tats-Unis.\u00a0<\/span>J\u2019ai 20 ans. Je suis \u00e9tudiant(e).\u00a0J&#8217;\u00e9tudie le fran\u00e7ais, la science navale, l&#8217;information et la communication. J&#8217;\u00e9tudie le th\u00e9\u00e2tre, aussi.<\/p>\n<p>Mes cheveux sont noirs et mes yeux sont bruns. Je suis\u00a0petit, mais je suis fort. Je suis amusant, intelligent, et sportif.<\/p>\n","protected":false},"excerpt":{"rendered":"<p>&nbsp; Please list your French previous courses and for each one you can insert any pictures, class work or activities you think represent your best work in each course. French 101: &nbsp; French 102 : Pr\u00e9sentez Vous &#8211; Bonjour, je m\u2019appelle Shane Tolentino. J\u2019habite \u00e0 Virginia Beach, en Les\u00a0\u00c9tats-Unis.\u00a0J\u2019ai 20 ans. Je suis \u00e9tudiant(e).\u00a0J&#8217;\u00e9tudie le&#8230; <\/p>\n<div class=\"link-more\"><a href=\"https:\/\/sites.wp.odu.edu\/shanetolentinofr201\/previous-coursework\/\">Read More<\/a><\/div>\n","protected":false},"author":8815,"featured_media":0,"parent":0,"menu_order":0,"comment_status":"closed","ping_status":"closed","template":"","meta":{"footnotes":""},"_links":{"self":[{"href":"https:\/\/sites.wp.odu.edu\/shanetolentinofr201\/wp-json\/wp\/v2\/pages\/388"}],"collection":[{"href":"https:\/\/sites.wp.odu.edu\/shanetolentinofr201\/wp-json\/wp\/v2\/pages"}],"about":[{"href":"https:\/\/sites.wp.odu.edu\/shanetolentinofr201\/wp-json\/wp\/v2\/types\/page"}],"author":[{"embeddable":true,"href":"https:\/\/sites.wp.odu.edu\/shanetolentinofr201\/wp-json\/wp\/v2\/users\/8815"}],"replies":[{"embeddable":true,"href":"https:\/\/sites.wp.odu.edu\/shanetolentinofr201\/wp-json\/wp\/v2\/comments?post=388"}],"version-history":[{"count":3,"href":"https:\/\/sites.wp.odu.edu\/shanetolentinofr201\/wp-json\/wp\/v2\/pages\/388\/revisions"}],"predecessor-version":[{"id":420,"href":"https:\/\/sites.wp.odu.edu\/shanetolentinofr201\/wp-json\/wp\/v2\/pages\/388\/revisions\/420"}],"wp:attachment":[{"href":"https:\/\/sites.wp.odu.edu\/shanetolentinofr201\/wp-json\/wp\/v2\/media?parent=388"}],"curies":[{"name":"wp","href":"https:\/\/api.w.org\/{rel}","templated":true}]}}