{"id":423,"date":"2023-04-21T18:08:04","date_gmt":"2023-04-21T18:08:04","guid":{"rendered":"https:\/\/sites.wp.odu.edu\/basicspanishdraft2\/?page_id=423"},"modified":"2023-04-23T01:29:07","modified_gmt":"2023-04-23T01:29:07","slug":"101-2","status":"publish","type":"page","link":"https:\/\/sites.wp.odu.edu\/shayangoharportfolio\/101-2\/","title":{"rendered":"SPAN 101"},"content":{"rendered":"\n<h3 class=\"wp-block-heading\">Instructions<\/h3>\n\n\n\n<p><strong>Exploring Culture<\/strong><\/p>\n\n\n\n<p>I have not done much in the Spanish culture world, but I do hope that I can learn more about it in the near future when inproving my Spanish.<\/p>\n\n\n\n<p>I have not done much for the Spanish culture community. One of the questions that I would love to know is what do you mainly do in the Spanish culture world. I love to learn about other cultures just as how I have been learning about mine. There are some issues at time with my culture. I am a Muslim and there was a time in my life where I got bullied for it. For example getting blamed for the tragic event of 9\/11 and getting made fun for it too. I just decided to ignore those comments because it does not benefit me for anything. I can not wait to finally fully understand my culture and the Spanish culture.<\/p>\n\n\n\n<p><strong>Engaging in Communities<\/strong><\/p>\n\n\n\n<p>I have not done much in engaging with the Spanish communities. I have done some in my own culture and would love to share.<\/p>\n\n\n\n<figure class=\"wp-block-image\"><a href=\"http:\/\/sites.wp.odu.edu\/goharspanish101\/wp-content\/uploads\/sites\/31300\/2022\/12\/THE-BROWN-SQUAD.jpg\"><img decoding=\"async\" src=\"http:\/\/sites.wp.odu.edu\/goharspanish101\/wp-content\/uploads\/sites\/31300\/2022\/12\/THE-BROWN-SQUAD.jpg\" alt=\"\" class=\"wp-image-510\" \/><\/a><\/figure>\n\n\n\n<p>In this picture are me, my siblings, and friends. We all grew up in America and have not known much about our culture. As we got older we decided to learn more about it. It is a very beautiful culture that people should consider into just looking at it. We have gone to events, gatherings, and other countries to know about our culture. All I can say it is very beautiful and easy to learn.<\/p>\n\n\n\n<p><strong>Interpersonal Communication<\/strong><\/p>\n\n\n\n<p>In this assignment I interviewed one of my friends about what classes they take and other things like what they like to do for fun.<\/p>\n\n\n\n<p><a href=\"https:\/\/lingrofolio-mediaconvert.s3.amazonaws.com\/output\/video\/2022\/10\/14\/63083_2022-10-14-004231_244.mp4\">https:\/\/lingrofolio-mediaconvert.s3.amazonaws.com\/output\/video\/2022\/10\/14\/63083_2022-10-14-004231_244.mp4<\/a><\/p>\n\n\n\n<p>In this assignment I had to interview someone that knew how to speak Spanish. So, I chose my friend, and it went well. When interviewing her she was really good with her responses because she did not know what I was going to ask her where I was struggling a little bit, but I was able to get through it. It was a little difficult because I was just learning Spanish. I went through the LingroLearning website to get a better understanding of the pronunciation. Next time I will ask more questions about the persons life and fun activities they like to do.<\/p>\n\n\n\n<p><strong>Presentational Speaking<\/strong><\/p>\n\n\n\n<p>In this assignment I had to talk about where my classes were and what I took. I also talked about where I studied, eat, and sleep.<\/p>\n\n\n\n<p><a href=\"https:\/\/lingrofolio-mediaconvert.s3.amazonaws.com\/output\/video\/2022\/11\/10\/63083_2022-11-10-191514_344.mp4\"> https:\/\/lingrofolio-mediaconvert.s3.amazonaws.com\/output\/video\/2022\/11\/10\/63083_2022-11-10-191514_344.mp4<\/a><\/p>\n\n\n\n<p>This assignment was one of my best work. The reason why is because I did a really good job pronouncing the words and showing emotions. It did not really challenge me because I knew what I was talking about. It taught me to be a better speaker in the Spanish world. I would not do anything different in this assignment.<\/p>\n\n\n\n<p><strong>Presentational Writing<\/strong><\/p>\n\n\n\n<p>In this assignment I had to write about my school schedule. I wrote what building my classes were in and where I studied for my classes. <\/p>\n\n\n\n<p>El lunes me despierto a las diez de la ma\u00f1ana. Mi primera clase comienza a las tres de la tarde y mi \u00faltima clase comienza a las cuatro de la tarde. A las once de la ma\u00f1ana, voy a practicar baloncesto. Al mediod\u00eda desayuno con mi familia. Tengo que ir a clase a las tres de la tarde para estudiar espa\u00f1ol. Entonces mi \u00faltima clase del d\u00eda es a las cuatro de la tarde para estudiar an\u00e1lisis de negocios. Despu\u00e9s de mis clases me voy a casa a cenar. A las ocho estoy haciendo mi tarea. a las diez de la noche me gusta leer. A las once de la noche me gusta jugar videojuegos.&nbsp;<a>A medianoche tengo que ir a dormir<\/a>. El martes me despierto a las diez de la ma\u00f1ana. Al mediod\u00eda desayuno con mi familia. Voy a mi pr\u00f3xima clase a la una y media de la tarde para estudiar matem\u00e1ticas. Voy a mi \u00faltima clase del d\u00eda a las tres de la tarde para estudiar contabilidad. Despu\u00e9s de clase me voy a casa a cenar con la familia. despu\u00e9s de la cena tengo que hacer la tarea de espa\u00f1ol. Antes de irme a dormir juego videojuegos. A medianoche tengo que ir a dormir. El mi\u00e9rcoles me despierto a las diez de la ma\u00f1ana. A los once desayunar. Despu\u00e9s del desayuno, ayudar a mi mam\u00e1 con la limpieza de la casa. Despu\u00e9s de eso voy a clase a las tres de la tarde a estudiar espa\u00f1ol. Despu\u00e9s de clase ceno con la familia. a las diez de la noche hago mi tarea. Antes de dormir me gusta escuchar m\u00fasica. A medianoche tengo que ir a dormir. El jueves me despierto a las diez de la ma\u00f1ana. Desayuno con mi familia. Luego voy a clase a la una y media de la tarde para estudiar matem\u00e1ticas. Cuando termino con eso, voy a mi siguiente clase para estudiar contabilidad a las tres de la tarde. A las ocho de la tarde hago mi tarea de espa\u00f1ol. Luego juega videojuegos antes de acostarte. A medianoche tengo que ir a dormir. El viernes me despierto a las diez de la ma\u00f1ana. Entonces voy a practicar baloncesto. Despu\u00e9s de eso ve a mi clase de las tres de la tarde para estudiar espa\u00f1ol. A las seis de la tarde, salir con amigos y ver una pel\u00edcula. A las diez de la noche estoy haciendo la tarea. A medianoche tengo que ir a dormir. Mi d\u00eda favorito de la semana es el s\u00e1bado y me despierto a las ocho de la ma\u00f1ana y voy a pescar con mi pap\u00e1. Despu\u00e9s de desayunar con mi familia. A la una salgo a caminar. A las 3 de la tarde, salir con amigos a jugar a los bolos y jugar al p\u00f3quer despu\u00e9s. Antes de acostarme me conecto a internet para mirar criptograf\u00eda. A medianoche tengo que ir a dormir. El domingo me levanto a las diez de la ma\u00f1ana, corto el pasto. Desayunar con mi familia. Luego voy a dar un paseo en bicicleta. Luego voy de compras con mi mama. Por la noche salgo con amigos y voy a jugar bolos. Por \u00faltimo, antes de acostarme hago mi tarea de espa\u00f1ol. A medianoche tengo que ir a dormir.<\/p>\n\n\n\n<p>Invalid PDF structure<\/p>\n\n\n\n<p>In this assignment, I wrote about my school schedule in Spanish. It was a bit difficult because it was my first real assignment to write in Spanish. It became easier because it sort of got repetitive and it was a little difficult but only in the beginning. I just overcame it by just taking my time and making sure it was making sense. Next time I write a paper I will be more descriptive.<\/p>\n\n\n\n<p><strong>Interpretive Listening<\/strong><\/p>\n\n\n\n<p>I used this website called LingroLearning to have a better understanding in the Spanish speaking world. I really enjoyed this website and you should look into it.<\/p>\n\n\n\n<blockquote class=\"wp-block-quote\">\n<p><a href=\"https:\/\/lingrolearning.com\/\">Home<\/a><\/p>\n<\/blockquote>\n\n\n\n<p><a href=\"https:\/\/lingrolearning.com\/embed\/#?secret=vPR245KSJc\">https:\/\/lingrolearning.com\/embed\/#?secret=vPR245KSJc<\/a><\/p>\n\n\n\n<p>I have used this website throughout the whole semester. It has a variety of sources you can look into about Spanish. It can teach you how to pronounce words, the meaning behind them, and how to spell each word. At first it is challenging when you are just starting, but eventually you will get a better understanding of it. I overcame it by going on the website almost everyday and just go through each unit. What I found it interesting that there are different ways to pronounce words, same meanings but said differently. My takeaway is that do not just look at one unit, there are other units that you will find something new to learn. I have grown on each assignments because of this website have been showing me things I did not know about.<\/p>\n\n\n\n<p><strong>Interpretive Reading<\/strong><\/p>\n\n\n\n<p>I used this website called LingroLearning to have a better understanding in the Spanish speaking world. I really enjoyed this website and you should look into it.<\/p>\n\n\n\n<blockquote class=\"wp-block-quote\">\n<p><a href=\"https:\/\/lingrolearning.com\/\">Home<\/a><\/p>\n<\/blockquote>\n\n\n\n<p><a href=\"https:\/\/lingrolearning.com\/embed\/#?secret=vPR245KSJc\">https:\/\/lingrolearning.com\/embed\/#?secret=vPR245KSJc<\/a><\/p>\n\n\n\n<p>I have used this website throughout the whole semester. It has a variety of sources you can look into about Spanish. It can teach you how to pronounce words, the meaning behind them, and how to spell each word. At first it is challenging when you are just starting, but eventually you will get a better understanding of it. I overcame it by going on the website almost everyday and just go through each unit. What I found it interesting that there are different ways to pronounce words, same meanings but said differently. My takeaway is that do not just look at one unit, there are other units that you will find something new to learn. I have grown on each assignments because of this website have been showing me things I did not know about.<\/p>\n","protected":false},"excerpt":{"rendered":"<p>Instructions Exploring Culture I have not done much in the Spanish culture world, but I do hope that I can learn more about it in the near future when inproving my Spanish. I have not done much for the Spanish culture community. One of the questions that I would love to know is what do&#8230; <\/p>\n<div class=\"link-more\"><a href=\"https:\/\/sites.wp.odu.edu\/shayangoharportfolio\/101-2\/\">Read More<\/a><\/div>\n","protected":false},"author":25424,"featured_media":0,"parent":0,"menu_order":0,"comment_status":"closed","ping_status":"closed","template":"","meta":{"footnotes":""},"_links":{"self":[{"href":"https:\/\/sites.wp.odu.edu\/shayangoharportfolio\/wp-json\/wp\/v2\/pages\/423"}],"collection":[{"href":"https:\/\/sites.wp.odu.edu\/shayangoharportfolio\/wp-json\/wp\/v2\/pages"}],"about":[{"href":"https:\/\/sites.wp.odu.edu\/shayangoharportfolio\/wp-json\/wp\/v2\/types\/page"}],"author":[{"embeddable":true,"href":"https:\/\/sites.wp.odu.edu\/shayangoharportfolio\/wp-json\/wp\/v2\/users\/25424"}],"replies":[{"embeddable":true,"href":"https:\/\/sites.wp.odu.edu\/shayangoharportfolio\/wp-json\/wp\/v2\/comments?post=423"}],"version-history":[{"count":3,"href":"https:\/\/sites.wp.odu.edu\/shayangoharportfolio\/wp-json\/wp\/v2\/pages\/423\/revisions"}],"predecessor-version":[{"id":503,"href":"https:\/\/sites.wp.odu.edu\/shayangoharportfolio\/wp-json\/wp\/v2\/pages\/423\/revisions\/503"}],"wp:attachment":[{"href":"https:\/\/sites.wp.odu.edu\/shayangoharportfolio\/wp-json\/wp\/v2\/media?parent=423"}],"curies":[{"name":"wp","href":"https:\/\/api.w.org\/{rel}","templated":true}]}}