{"id":159,"date":"2022-04-27T02:38:57","date_gmt":"2022-04-27T02:38:57","guid":{"rendered":"https:\/\/sites.wp.odu.edu\/span366ariannanoorzai\/?page_id=159"},"modified":"2022-04-27T02:39:00","modified_gmt":"2022-04-27T02:39:00","slug":"cv-europeo","status":"publish","type":"page","link":"https:\/\/sites.wp.odu.edu\/span366ariannanoorzai\/cv-europeo\/","title":{"rendered":"CV Europeo"},"content":{"rendered":"\n<p>\u201cTodo es posible con esfuerzo y dedicaci\u00f3n\u201d<\/p>\n\n\n\n<p><strong>Mi informaci\u00f3n personal&nbsp;<\/strong><\/p>\n\n\n\n<hr class=\"wp-block-separator\" \/>\n\n\n\n<p>Fecha de nacimiento:<strong>08\/08\/1998<\/strong><\/p>\n\n\n\n<p>G\u00e9nero: <strong>Femenino<\/strong><\/p>\n\n\n\n<p>Nacionalidad: <strong>Salvadore\u00f1a<\/strong><\/p>\n\n\n\n<h5 class=\"wp-block-heading\">Datos de contacto:<\/h5>\n\n\n\n<hr class=\"wp-block-separator\" \/>\n\n\n\n<p>anoor003@odu.edu<\/p>\n\n\n\n<p>&nbsp;+1 7036224912<\/p>\n\n\n\n<h5 class=\"wp-block-heading\"><strong>Direcci\u00f3n<\/strong><\/h5>\n\n\n\n<h4 class=\"wp-block-heading\"><strong>Experiencia laboral\u00a0<\/strong><\/h4>\n\n\n\n<hr class=\"wp-block-separator\" \/>\n\n\n\n<h5 class=\"wp-block-heading\"><strong>Gerente De Negocios<\/strong><\/h5>\n\n\n\n<h5 class=\"wp-block-heading\">LATAM Aerol\u00ednea<\/h5>\n\n\n\n<p>09\/03\/2019 \u2013 Actual Santiago, Chile<\/p>\n\n\n\n<ul><li>Identificar clientes comerciales potenciales<\/li><li>Establecer y construyendo relaciones con clientes<\/li><li>Comunicarse con los clientes utilizando redes existentes, LinkedIn, correo electr\u00f3nico, eventos<\/li><\/ul>\n\n\n\n<p><strong>Gerente de Operaciones<\/strong><\/p>\n\n\n\n<p>Delta Aerol\u00ednea<\/p>\n\n\n\n<p>10\/01\/2017 \u2013 22\/08\/2019 Arlington, Estados Unidos<\/p>\n\n\n\n<ul><li>Supervisar varios proyectos<\/li><li>Colaborar en los presupuestos anuales de Operaciones de Vuelo<\/li><li>Coordina eventos especiales y reuniones para el equipo de liderazgo de vuelo<\/li><\/ul>\n\n\n\n<h5 class=\"wp-block-heading\"><strong>Agente de servicio de atenci\u00f3n al cliente<\/strong><\/h5>\n\n\n\n<h5 class=\"wp-block-heading\">Iberia Aerol\u00ednea<\/h5>\n\n\n\n<p>06\/07\/2015 \u2013 07\/06\/2017 Valencia, Espa\u00f1a<\/p>\n\n\n\n<ul><li>Ayudar a los clientes con las reservas, la emisi\u00f3n de boletos, el procesamiento de equipaje, el check-in en la terminal\/puerta de embarque, la operaci\u00f3n de la v\u00eda de acceso, saludar a los pasajeros que llegan, hablar con los clientes sobre sus quejas<\/li><li>Verificar la documentaci\u00f3n del pasajero<\/li><\/ul>\n\n\n\n<h4 class=\"wp-block-heading\"><strong>Educaci\u00f3n y formaci\u00f3n&nbsp;<\/strong><\/h4>\n\n\n\n<hr class=\"wp-block-separator\" \/>\n\n\n\n<h5 class=\"wp-block-heading\"><strong>Negocios Internacionales<\/strong><\/h5>\n\n\n\n<p>Universidad De Los Andes<\/p>\n\n\n\n<p>05\/09\/2012 \u2013 16\/05\/2015<\/p>\n\n\n\n<figure class=\"wp-block-embed\"><div class=\"wp-block-embed__wrapper\">\nhttps:\/\/www.uandes.cl\/\n<\/div><\/figure>\n\n\n\n<h4 class=\"wp-block-heading\">Competencias de idiomas<\/h4>\n\n\n\n<hr class=\"wp-block-separator\" \/>\n\n\n\n<p><strong>Lengua(s) materna(s)<\/strong><\/p>\n\n\n\n<p><strong>espa\u00f1ol<\/strong><\/p>\n\n\n\n<p>Lengua materna<\/p>\n\n\n\n<p><strong>Otro(s) idioma(s)<\/strong><\/p>\n\n\n\n<p><strong>ingl\u00e9s<\/strong><\/p>\n\n\n\n<p><strong>Comprensi\u00f3n auditiva<\/strong><\/p>\n\n\n\n<p><strong>C2 &#8211; Usuario competente<\/strong><\/p>\n\n\n\n<hr class=\"wp-block-separator\" \/>\n\n\n\n<p><strong>Comprensi\u00f3n lectora<\/strong><\/p>\n\n\n\n<p><strong>C2 &#8211; Usuario competente<\/strong><\/p>\n\n\n\n<hr class=\"wp-block-separator\" \/>\n\n\n\n<p><strong>Interacci\u00f3n oral<\/strong><\/p>\n\n\n\n<p><strong>C2 &#8211; Usuario competente<\/strong><\/p>\n\n\n\n<hr class=\"wp-block-separator\" \/>\n\n\n\n<p><strong>Producci\u00f3n oral<\/strong><\/p>\n\n\n\n<p><strong>C2 &#8211; Usuario competente<\/strong><\/p>\n\n\n\n<hr class=\"wp-block-separator\" \/>\n\n\n\n<p><strong>Expresi\u00f3n escrita<\/strong><\/p>\n\n\n\n<p><strong>C2 &#8211; Usuario competente<\/strong><\/p>\n\n\n\n<p><strong>portugu\u00e9s<\/strong><\/p>\n\n\n\n<p><strong>Comprensi\u00f3n auditiva<\/strong><\/p>\n\n\n\n<p><strong>B2 &#8211; Usuario independiente<\/strong><\/p>\n\n\n\n<hr class=\"wp-block-separator\" \/>\n\n\n\n<p><strong>Comprensi\u00f3n lectora<\/strong><\/p>\n\n\n\n<p><strong>B2 &#8211; Usuario independiente<\/strong><\/p>\n\n\n\n<hr class=\"wp-block-separator\" \/>\n\n\n\n<p><strong>Interacci\u00f3n oral<\/strong><\/p>\n\n\n\n<p><strong>B2 &#8211; Usuario independiente<\/strong><\/p>\n\n\n\n<hr class=\"wp-block-separator\" \/>\n\n\n\n<p><strong>Producci\u00f3n oral<\/strong><\/p>\n\n\n\n<p><strong>B2 &#8211; Usuario independiente<\/strong><\/p>\n\n\n\n<hr class=\"wp-block-separator\" \/>\n\n\n\n<p><strong>Expresi\u00f3n escrita<\/strong><\/p>\n\n\n\n<p><strong>B2 &#8211; Usuario independiente<\/strong><\/p>\n\n\n\n<h4 class=\"wp-block-heading\"><strong>Competencias digitales<\/strong><\/h4>\n\n\n\n<hr class=\"wp-block-separator\" \/>\n\n\n\n<ul><li>Trabajar en equipo<\/li><li>Organizaci\u00f3n y puntualidad<\/li><li>Resoluci\u00f3n de problemas<\/li><li>Redes Sociales<\/li><li>Microsoft Powerpoint<\/li><li>Responsabilidad en el trabajo<\/li><li>Gmail<\/li><li>Microsoft Word<\/li><li>Dominio de herramientas de google (Gmail, Google Drive, Google forms, etc.)<\/li><\/ul>\n","protected":false},"excerpt":{"rendered":"<p>\u201cTodo es posible con esfuerzo y dedicaci\u00f3n\u201d Mi informaci\u00f3n personal&nbsp; Fecha de nacimiento:08\/08\/1998 G\u00e9nero: Femenino Nacionalidad: Salvadore\u00f1a Datos de contacto: anoor003@odu.edu &nbsp;+1 7036224912 Direcci\u00f3n Experiencia laboral\u00a0 Gerente De Negocios LATAM Aerol\u00ednea 09\/03\/2019 \u2013 Actual Santiago, Chile Identificar clientes comerciales potenciales Establecer y construyendo relaciones con clientes Comunicarse con los clientes utilizando redes existentes, LinkedIn, correo&#8230; <\/p>\n<div class=\"link-more\"><a href=\"https:\/\/sites.wp.odu.edu\/span366ariannanoorzai\/cv-europeo\/\">Read More<\/a><\/div>\n","protected":false},"author":20461,"featured_media":0,"parent":0,"menu_order":0,"comment_status":"closed","ping_status":"closed","template":"","meta":{"footnotes":""},"_links":{"self":[{"href":"https:\/\/sites.wp.odu.edu\/span366ariannanoorzai\/wp-json\/wp\/v2\/pages\/159"}],"collection":[{"href":"https:\/\/sites.wp.odu.edu\/span366ariannanoorzai\/wp-json\/wp\/v2\/pages"}],"about":[{"href":"https:\/\/sites.wp.odu.edu\/span366ariannanoorzai\/wp-json\/wp\/v2\/types\/page"}],"author":[{"embeddable":true,"href":"https:\/\/sites.wp.odu.edu\/span366ariannanoorzai\/wp-json\/wp\/v2\/users\/20461"}],"replies":[{"embeddable":true,"href":"https:\/\/sites.wp.odu.edu\/span366ariannanoorzai\/wp-json\/wp\/v2\/comments?post=159"}],"version-history":[{"count":1,"href":"https:\/\/sites.wp.odu.edu\/span366ariannanoorzai\/wp-json\/wp\/v2\/pages\/159\/revisions"}],"predecessor-version":[{"id":160,"href":"https:\/\/sites.wp.odu.edu\/span366ariannanoorzai\/wp-json\/wp\/v2\/pages\/159\/revisions\/160"}],"wp:attachment":[{"href":"https:\/\/sites.wp.odu.edu\/span366ariannanoorzai\/wp-json\/wp\/v2\/media?parent=159"}],"curies":[{"name":"wp","href":"https:\/\/api.w.org\/{rel}","templated":true}]}}

<p>“Todo es posible con esfuerzo y dedicación”</p>



<p><strong>Mi información personal&nbsp;</strong></p>



<hr class="wp-block-separator" />



<p>Fecha de nacimiento:<strong>08/08/1998</strong></p>



<p>Género: <strong>Femenino</strong></p>



<p>Nacionalidad: <strong>Salvadoreña</strong></p>



<h5 class="wp-block-heading">Datos de contacto:</h5>



<hr class="wp-block-separator" />



<p>anoor003@odu.edu</p>



<p>&nbsp;+1 7036224912</p>



<h5 class="wp-block-heading"><strong>Dirección</strong></h5>



<h4 class="wp-block-heading"><strong>Experiencia laboral </strong></h4>



<hr class="wp-block-separator" />



<h5 class="wp-block-heading"><strong>Gerente De Negocios</strong></h5>



<h5 class="wp-block-heading">LATAM Aerolínea</h5>



<p>09/03/2019 – Actual Santiago, Chile</p>



<ul><li>Identificar clientes comerciales potenciales</li><li>Establecer y construyendo relaciones con clientes</li><li>Comunicarse con los clientes utilizando redes existentes, LinkedIn, correo electrónico, eventos</li></ul>



<p><strong>Gerente de Operaciones</strong></p>



<p>Delta Aerolínea</p>



<p>10/01/2017 – 22/08/2019 Arlington, Estados Unidos</p>



<ul><li>Supervisar varios proyectos</li><li>Colaborar en los presupuestos anuales de Operaciones de Vuelo</li><li>Coordina eventos especiales y reuniones para el equipo de liderazgo de vuelo</li></ul>



<h5 class="wp-block-heading"><strong>Agente de servicio de atención al cliente</strong></h5>



<h5 class="wp-block-heading">Iberia Aerolínea</h5>



<p>06/07/2015 – 07/06/2017 Valencia, España</p>



<ul><li>Ayudar a los clientes con las reservas, la emisión de boletos, el procesamiento de equipaje, el check-in en la terminal/puerta de embarque, la operación de la vía de acceso, saludar a los pasajeros que llegan, hablar con los clientes sobre sus quejas</li><li>Verificar la documentación del pasajero</li></ul>



<h4 class="wp-block-heading"><strong>Educación y formación&nbsp;</strong></h4>



<hr class="wp-block-separator" />



<h5 class="wp-block-heading"><strong>Negocios Internacionales</strong></h5>



<p>Universidad De Los Andes</p>



<p>05/09/2012 – 16/05/2015</p>



<figure class="wp-block-embed"><div class="wp-block-embed__wrapper">
https://www.uandes.cl/
</div></figure>



<h4 class="wp-block-heading">Competencias de idiomas</h4>



<hr class="wp-block-separator" />



<p><strong>Lengua(s) materna(s)</strong></p>



<p><strong>español</strong></p>



<p>Lengua materna</p>



<p><strong>Otro(s) idioma(s)</strong></p>



<p><strong>inglés</strong></p>



<p><strong>Comprensión auditiva</strong></p>



<p><strong>C2 &#8211; Usuario competente</strong></p>



<hr class="wp-block-separator" />



<p><strong>Comprensión lectora</strong></p>



<p><strong>C2 &#8211; Usuario competente</strong></p>



<hr class="wp-block-separator" />



<p><strong>Interacción oral</strong></p>



<p><strong>C2 &#8211; Usuario competente</strong></p>



<hr class="wp-block-separator" />



<p><strong>Producción oral</strong></p>



<p><strong>C2 &#8211; Usuario competente</strong></p>



<hr class="wp-block-separator" />



<p><strong>Expresión escrita</strong></p>



<p><strong>C2 &#8211; Usuario competente</strong></p>



<p><strong>portugués</strong></p>



<p><strong>Comprensión auditiva</strong></p>



<p><strong>B2 &#8211; Usuario independiente</strong></p>



<hr class="wp-block-separator" />



<p><strong>Comprensión lectora</strong></p>



<p><strong>B2 &#8211; Usuario independiente</strong></p>



<hr class="wp-block-separator" />



<p><strong>Interacción oral</strong></p>



<p><strong>B2 &#8211; Usuario independiente</strong></p>



<hr class="wp-block-separator" />



<p><strong>Producción oral</strong></p>



<p><strong>B2 &#8211; Usuario independiente</strong></p>



<hr class="wp-block-separator" />



<p><strong>Expresión escrita</strong></p>



<p><strong>B2 &#8211; Usuario independiente</strong></p>



<h4 class="wp-block-heading"><strong>Competencias digitales</strong></h4>



<hr class="wp-block-separator" />



<ul><li>Trabajar en equipo</li><li>Organización y puntualidad</li><li>Resolución de problemas</li><li>Redes Sociales</li><li>Microsoft Powerpoint</li><li>Responsabilidad en el trabajo</li><li>Gmail</li><li>Microsoft Word</li><li>Dominio de herramientas de google (Gmail, Google Drive, Google forms, etc.)</li></ul>

<p>“Todo es posible con esfuerzo y dedicación” Mi información personal&nbsp; Fecha de nacimiento:08/08/1998 Género: Femenino Nacionalidad: Salvadoreña Datos de contacto: anoor003@odu.edu &nbsp;+1 7036224912 Dirección Experiencia laboral  Gerente De Negocios LATAM Aerolínea 09/03/2019 – Actual Santiago, Chile Identificar clientes comerciales potenciales Establecer y construyendo relaciones con clientes Comunicarse con los clientes utilizando redes existentes, LinkedIn, correo&#8230; </p>
<div class="link-more"><a href="https://sites.wp.odu.edu/span366ariannanoorzai/cv-europeo/">Read More</a></div>
