{"id":31,"date":"2023-01-29T19:04:40","date_gmt":"2023-01-29T19:04:40","guid":{"rendered":"http:\/\/totesa.website\/student\/?page_id=31"},"modified":"2023-01-29T20:13:19","modified_gmt":"2023-01-29T20:13:19","slug":"about-me","status":"publish","type":"page","link":"https:\/\/sites.wp.odu.edu\/spanish202portfolio-brodine\/about-me\/","title":{"rendered":"Personal Information"},"content":{"rendered":"<p><a href=\"http:\/\/sites.wp.odu.edu\/spanish202portfolio-brodine\/wp-content\/uploads\/sites\/32381\/2023\/01\/82FF8E35-6394-4E61-B995-D72B749631AF.jpeg\"><img loading=\"lazy\" decoding=\"async\" class=\"alignleft wp-image-581\" src=\"http:\/\/sites.wp.odu.edu\/spanish202portfolio-brodine\/wp-content\/uploads\/sites\/32381\/2023\/01\/82FF8E35-6394-4E61-B995-D72B749631AF.jpeg\" alt=\"\" width=\"200\" height=\"300\" \/><\/a><\/p>\n<p><span style=\"font-weight: 400\">\u00a1Hola! Mi nombre es Eleanor Brodine, pero la mayor\u00eda de la gente me llama Elie. Estoy en mi primer a\u00f1o en ODU, mi especialidad es patolog\u00eda del habla y audiolog\u00eda y tengo una\u00a0concentraci\u00f3n menor en espa\u00f1ol. Soy de los Estados Unidos, especificamente en Virginia Beach, Virginia y tengo 19\u00a0a\u00f1os. Durante la mayor parte de mi vida viv\u00ed con mis cuatro hermanos, mis padres, y mi perro que se llama Truly. En mi tiempo libre, me encanta leer libros de romance, tocar musica, y mirar las dramas medicas. En este clase, yo quiero mejorar mi fluidez y grammatica.\u00a0<\/span><\/p>\n<p>\u00a0<\/p>\n\n<div class=\"wp-block-image\">\n<figure class=\"alignright size-full is-resized\"><a href=\"https:\/\/sites.wp.odu.edu\/spanish202portfolio-brodine\/wp-content\/uploads\/sites\/32381\/2023\/01\/FBD170C3-32E8-44DE-BE4D-29BB64F92845.jpeg\"><img loading=\"lazy\" decoding=\"async\" src=\"https:\/\/sites.wp.odu.edu\/spanish202portfolio-brodine\/wp-content\/uploads\/sites\/32381\/2023\/01\/FBD170C3-32E8-44DE-BE4D-29BB64F92845.jpeg\" alt=\"\" class=\"wp-image-589\" width=\"238\" height=\"297\" \/><\/a><\/figure><\/div>\n\n\n<p>Durante la escuela secundaria, asist\u00ed First Colonial para la academia de estudios legales. Al mismo tiempo, asist\u00ed a la Escuela del Gobernador para las Artes, estudi\u00e9 la musica vocal cl\u00e1sica. Estudi\u00e9 espa\u00f1ol durante cinco a\u00f1os, entre sexto y d\u00e9cimo grado. Eventualmente, yo espero obtener mi certificaci\u00f3n de ESL y trabajar como pat\u00f3logo del habla con la poblaci\u00f3n de habla hispana en los Estados Unidos.<\/p>\n","protected":false},"excerpt":{"rendered":"<p>\u00a1Hola! Mi nombre es Eleanor Brodine, pero la mayor\u00eda de la gente me llama Elie. Estoy en mi primer a\u00f1o en ODU, mi especialidad es patolog\u00eda del habla y audiolog\u00eda y tengo una\u00a0concentraci\u00f3n menor en espa\u00f1ol. Soy de los Estados Unidos, especificamente en Virginia Beach, Virginia y tengo 19\u00a0a\u00f1os. Durante la mayor parte de mi &hellip; <a href=\"https:\/\/sites.wp.odu.edu\/spanish202portfolio-brodine\/about-me\/\" class=\"more-link\">Continue reading <span class=\"screen-reader-text\">Personal Information<\/span><\/a><\/p>\n","protected":false},"author":26091,"featured_media":0,"parent":0,"menu_order":0,"comment_status":"closed","ping_status":"closed","template":"full-width.php","meta":{"footnotes":""},"_links":{"self":[{"href":"https:\/\/sites.wp.odu.edu\/spanish202portfolio-brodine\/wp-json\/wp\/v2\/pages\/31"}],"collection":[{"href":"https:\/\/sites.wp.odu.edu\/spanish202portfolio-brodine\/wp-json\/wp\/v2\/pages"}],"about":[{"href":"https:\/\/sites.wp.odu.edu\/spanish202portfolio-brodine\/wp-json\/wp\/v2\/types\/page"}],"author":[{"embeddable":true,"href":"https:\/\/sites.wp.odu.edu\/spanish202portfolio-brodine\/wp-json\/wp\/v2\/users\/26091"}],"replies":[{"embeddable":true,"href":"https:\/\/sites.wp.odu.edu\/spanish202portfolio-brodine\/wp-json\/wp\/v2\/comments?post=31"}],"version-history":[{"count":5,"href":"https:\/\/sites.wp.odu.edu\/spanish202portfolio-brodine\/wp-json\/wp\/v2\/pages\/31\/revisions"}],"predecessor-version":[{"id":592,"href":"https:\/\/sites.wp.odu.edu\/spanish202portfolio-brodine\/wp-json\/wp\/v2\/pages\/31\/revisions\/592"}],"wp:attachment":[{"href":"https:\/\/sites.wp.odu.edu\/spanish202portfolio-brodine\/wp-json\/wp\/v2\/media?parent=31"}],"curies":[{"name":"wp","href":"https:\/\/api.w.org\/{rel}","templated":true}]}}