{"id":80,"date":"2023-04-19T20:36:45","date_gmt":"2023-04-19T20:36:45","guid":{"rendered":"https:\/\/sites.wp.odu.edu\/span330draft\/?page_id=80"},"modified":"2024-04-18T06:15:13","modified_gmt":"2024-04-18T06:15:13","slug":"un-poco-sobre-mi","status":"publish","type":"page","link":"https:\/\/sites.wp.odu.edu\/spanjourney300\/","title":{"rendered":"Un Poco Sobre M\u00ed"},"content":{"rendered":"\n<p>Hola! Me llamo Gwen. Soy una estudiante en la universidad de ODU. Estoy especializando en negocios internacionales y Espa\u00f1ol. Desarroll\u00e9 mi pasi\u00f3n por aprender el idioma en octavo grado, y tomar clases de idiomas me abri\u00f3 los ojos a la importancia de ampliar nuestro conocimiento sobre diferentes culturas para desarrollar una mentalidad global que es muy necesaria en nuestro mundo de hoy. <\/p>\n","protected":false},"excerpt":{"rendered":"<p>Hola! Me llamo Gwen. Soy una estudiante en la universidad de ODU. Estoy especializando en negocios internacionales y Espa\u00f1ol. Desarroll\u00e9 mi pasi\u00f3n por aprender el idioma en octavo grado, y tomar clases de idiomas me abri\u00f3 los ojos a la importancia de ampliar nuestro conocimiento sobre diferentes culturas para desarrollar una mentalidad global que es&#8230; <\/p>\n<div class=\"link-more\"><a href=\"https:\/\/sites.wp.odu.edu\/spanjourney300\/\">Read More<\/a><\/div>\n","protected":false},"author":26588,"featured_media":0,"parent":0,"menu_order":0,"comment_status":"closed","ping_status":"closed","template":"","meta":{"footnotes":""},"_links":{"self":[{"href":"https:\/\/sites.wp.odu.edu\/spanjourney300\/wp-json\/wp\/v2\/pages\/80"}],"collection":[{"href":"https:\/\/sites.wp.odu.edu\/spanjourney300\/wp-json\/wp\/v2\/pages"}],"about":[{"href":"https:\/\/sites.wp.odu.edu\/spanjourney300\/wp-json\/wp\/v2\/types\/page"}],"author":[{"embeddable":true,"href":"https:\/\/sites.wp.odu.edu\/spanjourney300\/wp-json\/wp\/v2\/users\/26588"}],"replies":[{"embeddable":true,"href":"https:\/\/sites.wp.odu.edu\/spanjourney300\/wp-json\/wp\/v2\/comments?post=80"}],"version-history":[{"count":4,"href":"https:\/\/sites.wp.odu.edu\/spanjourney300\/wp-json\/wp\/v2\/pages\/80\/revisions"}],"predecessor-version":[{"id":286,"href":"https:\/\/sites.wp.odu.edu\/spanjourney300\/wp-json\/wp\/v2\/pages\/80\/revisions\/286"}],"wp:attachment":[{"href":"https:\/\/sites.wp.odu.edu\/spanjourney300\/wp-json\/wp\/v2\/media?parent=80"}],"curies":[{"name":"wp","href":"https:\/\/api.w.org\/{rel}","templated":true}]}}