{"id":363,"date":"2021-12-03T20:27:21","date_gmt":"2021-12-03T20:27:21","guid":{"rendered":"https:\/\/sites.wp.odu.edu\/span201draft\/?page_id=363"},"modified":"2021-12-03T21:21:55","modified_gmt":"2021-12-03T21:21:55","slug":"composition-2","status":"publish","type":"page","link":"https:\/\/sites.wp.odu.edu\/stephenson-\/composition-2\/","title":{"rendered":"Composition 2"},"content":{"rendered":"\n<p>Desayuno a las 10 la ma\u00f1ana a despu\u00e9s de clase.Mis clases son Engl 211, Earth 110, Stats 130, y span 101. estudio en el dormitorio todas los d\u00edas.Ve a mi clase de uno en punto despu\u00e9s de es, almuerzo. Voy a trabajo hasta las echo en cricket.<\/p>\n","protected":false},"excerpt":{"rendered":"<p>Desayuno a las 10 la ma\u00f1ana a despu\u00e9s de clase.Mis clases son Engl 211, Earth 110, Stats 130, y span 101. estudio en el dormitorio todas los d\u00edas.Ve a mi clase de uno en punto despu\u00e9s de es, almuerzo. Voy a trabajo hasta las echo en cricket.<\/p>\n","protected":false},"author":17281,"featured_media":0,"parent":0,"menu_order":0,"comment_status":"closed","ping_status":"closed","template":"full-width.php","meta":{"footnotes":""},"_links":{"self":[{"href":"https:\/\/sites.wp.odu.edu\/stephenson-\/wp-json\/wp\/v2\/pages\/363"}],"collection":[{"href":"https:\/\/sites.wp.odu.edu\/stephenson-\/wp-json\/wp\/v2\/pages"}],"about":[{"href":"https:\/\/sites.wp.odu.edu\/stephenson-\/wp-json\/wp\/v2\/types\/page"}],"author":[{"embeddable":true,"href":"https:\/\/sites.wp.odu.edu\/stephenson-\/wp-json\/wp\/v2\/users\/17281"}],"replies":[{"embeddable":true,"href":"https:\/\/sites.wp.odu.edu\/stephenson-\/wp-json\/wp\/v2\/comments?post=363"}],"version-history":[{"count":1,"href":"https:\/\/sites.wp.odu.edu\/stephenson-\/wp-json\/wp\/v2\/pages\/363\/revisions"}],"predecessor-version":[{"id":526,"href":"https:\/\/sites.wp.odu.edu\/stephenson-\/wp-json\/wp\/v2\/pages\/363\/revisions\/526"}],"wp:attachment":[{"href":"https:\/\/sites.wp.odu.edu\/stephenson-\/wp-json\/wp\/v2\/media?parent=363"}],"curies":[{"name":"wp","href":"https:\/\/api.w.org\/{rel}","templated":true}]}}