{"id":505,"date":"2022-04-25T16:59:24","date_gmt":"2022-04-25T16:59:24","guid":{"rendered":"https:\/\/wp.odu.edu\/spring2017-fr102-template\/?page_id=505"},"modified":"2022-04-28T00:06:16","modified_gmt":"2022-04-28T00:06:16","slug":"forum-de-discussion","status":"publish","type":"page","link":"https:\/\/sites.wp.odu.edu\/t-wray\/forum-de-discussion\/","title":{"rendered":"Forum de Discussion"},"content":{"rendered":"\n<figure class=\"wp-block-table\"><table><tbody><tr><td><\/td><td><\/td><\/tr><\/tbody><\/table><\/figure>\n\n\n\n<figure class=\"wp-block-table\"><table><tbody><tr><td>01\/29\/2022 12:29 AM EST<\/td><td>Je suis \u00e9tudiant. Je suis un aspirant enseignant. Je suis super passionn\u00e9 par les enfants.<\/td><\/tr><\/tbody><\/table><\/figure>\n\n\n\n<figure class=\"wp-block-table\"><table><tbody><tr><td>02\/07\/2022 12:50 PM EST<\/td><td>Je suis un mang\u00e9 a tabl\u00e9 le d\u00e9jeuner. Le d\u00e9jeuner a tabl\u00e9 et une heure. Je ne mange pas de ciner \u00e0 table.<\/td><\/tr><\/tbody><\/table><\/figure>\n\n\n\n<figure class=\"wp-block-table\"><table><tbody><tr><td>02\/17\/2022 5:30 PM EST<\/td><td>Oui! un bon restaurant est la Premi\u00e8re Montre. J\u2019aime la cuisine mexicaine et italienne. Je vais parfois dans des restaurants, g\u00e9n\u00e9ralement \u00e0 l\u2019occasion.<\/td><\/tr><\/tbody><\/table><\/figure>\n\n\n\n<figure class=\"wp-block-table\"><table><tbody><tr><td>02\/23\/2022 12:47 PM EST<\/td><td>J\u00e1vais alliez travais \u00e1 Florida. J\u2019avais 16 ans. J\u2019y suis all\u00e9 \u00e0 la fin du printemps. J\u2019avais l\u2019habitude d\u2019y aller avec ma famille. Nous sommes toujours alliez \u00e0 disney world. J&#8217;avais pr\u00e9fer\u00e9 \u00e1 mange.<\/td><\/tr><\/tbody><\/table><\/figure>\n\n\n\n<figure class=\"wp-block-table\"><table><tbody><tr><td>03\/24\/2022 3:12 PM EDT<\/td><td>Je me sens bien. Mon rythme de sommeil va bien. Je m\u2019entra\u00eene 3-4 jours par semaine et je mange une alimentation un peu \u00e9quilibr\u00e9e. J\u2019ai souvent des maux de t\u00eate. Mangez mieux et dormez r\u00e9guli\u00e8rement. Prenez de l\u2019ibuprof\u00e8ne pour les maux de t\u00eate.<\/td><\/tr><\/tbody><\/table><\/figure>\n\n\n\n<figure class=\"wp-block-table\"><table><tbody><tr><td>04\/25\/2022 12:46 PM EDT<\/td><td>Je vais arrivez \u00e1 l&#8217;universit\u00e9 en voiture. Je pr\u00e9f\u00e9rez moi propre voiture. J&#8217;aime en comfortable et propre. Je pr\u00e9f\u00e9rez commun en voiture. Je pense \u00e1 Norfolk est \u00e9quip\u00e9e bien en transports.<\/td><\/tr><\/tbody><\/table><\/figure>\n","protected":false},"excerpt":{"rendered":"<p>01\/29\/2022 12:29 AM EST Je suis \u00e9tudiant. Je suis un aspirant enseignant. Je suis super passionn\u00e9 par les enfants. 02\/07\/2022 12:50 PM EST Je suis un mang\u00e9 a tabl\u00e9 le d\u00e9jeuner. Le d\u00e9jeuner a tabl\u00e9 et une heure. Je ne&#8230; <a class=\"more-link\" href=\"https:\/\/sites.wp.odu.edu\/t-wray\/forum-de-discussion\/\">Continue Reading &rarr;<\/a><\/p>\n","protected":false},"author":23945,"featured_media":0,"parent":0,"menu_order":0,"comment_status":"closed","ping_status":"closed","template":"","meta":{"footnotes":""},"_links":{"self":[{"href":"https:\/\/sites.wp.odu.edu\/t-wray\/wp-json\/wp\/v2\/pages\/505"}],"collection":[{"href":"https:\/\/sites.wp.odu.edu\/t-wray\/wp-json\/wp\/v2\/pages"}],"about":[{"href":"https:\/\/sites.wp.odu.edu\/t-wray\/wp-json\/wp\/v2\/types\/page"}],"author":[{"embeddable":true,"href":"https:\/\/sites.wp.odu.edu\/t-wray\/wp-json\/wp\/v2\/users\/23945"}],"replies":[{"embeddable":true,"href":"https:\/\/sites.wp.odu.edu\/t-wray\/wp-json\/wp\/v2\/comments?post=505"}],"version-history":[{"count":3,"href":"https:\/\/sites.wp.odu.edu\/t-wray\/wp-json\/wp\/v2\/pages\/505\/revisions"}],"predecessor-version":[{"id":635,"href":"https:\/\/sites.wp.odu.edu\/t-wray\/wp-json\/wp\/v2\/pages\/505\/revisions\/635"}],"wp:attachment":[{"href":"https:\/\/sites.wp.odu.edu\/t-wray\/wp-json\/wp\/v2\/media?parent=505"}],"curies":[{"name":"wp","href":"https:\/\/api.w.org\/{rel}","templated":true}]}}